{"id":9777,"date":"2025-07-16T10:21:05","date_gmt":"2025-07-16T08:21:05","guid":{"rendered":"https:\/\/proyector.info\/profile\/salome-lamas\/"},"modified":"2025-07-16T10:22:44","modified_gmt":"2025-07-16T08:22:44","slug":"salome-lamas","status":"publish","type":"person","link":"https:\/\/proyector.info\/en\/profile\/salome-lamas\/","title":{"rendered":"Salom\u00e9 Lamas"},"content":{"rendered":"\n<p class=\"wp-block-paragraph\">Salom\u00e9 Lamas (Lisbon) studied cinema in Lisbon and Prague, visual arts in Amsterdam and is a Ph.D candidate in contemporary art studies in Coimbra.<\/p>\n\n\n\n<p class=\"wp-block-paragraph\">Her work has been screened both in art venues and film festivals such as Berlinale, BAFICI, Museo Arte Reina Sofia, FIAC, MNAC \u2013 Museu do Chiado, DocLisboa, Cinema du R\u00e9el, Visions du R\u00e9el, MoMA \u2013 Museum of Modern Art, Museo Guggenheim Bilbao, Harvard Film Archive, Museum of Moving Images NY, Jewish Museum NY, Fid Marseille, Arsenal Institut fur film und videokunst, Viennale, Culturgest, CCB \u2013 Centro Cultural de Bel\u00e9m, Hong Kong FF, Museu Serralves, Tate Modern, CPH: DOX, Centre d\u2019Art Contemporain de Gen\u00e8ve, Bozar , Tabakalera, ICA London, TBA 21 Foundation, Louvre, Mostra de S\u00e3o Paulo, CAC Vilnius, MALBA, FAEMA, SESC S\u00e3o Paulo, MAAT, La Biennale di Venezia Architettura, among others.<\/p>\n\n\n\n<p class=\"wp-block-paragraph\">Lamas was granted several fellowships such as the Gardner Film Study Center Fellowship \u2013 Harvard University, The Rockefeller Foundation \u2013 Bellagio Center, Brown Foundation \u2013 Dora Maar House, Fundaci\u00f3n Bot\u00edn, Funda\u00e7\u00e3o Calouste Gulbenkian, Sundance, Bogliasco Foundation, The MacDowell Colony, Yaddo, Berliner K\u00fcnstlerprogramm des DAAD.<\/p>\n\n\n\n<p class=\"wp-block-paragraph\">She collaborates with Universidade Cat\u00f3lica Portuguesa and Elias Querejeta Zine Eskola.<br>She collaborates with the production company O Som e a F\u00faria and is represented by Galeria Miguel Nabinho and Kubikgallery.<\/p>\n","protected":false},"excerpt":{"rendered":"<p>Salom\u00e9 Lamas (Lisbon) studied cinema in Lisbon and Prague, visual arts in Amsterdam and is a Ph.D candidate in contemporary<\/p>\n","protected":false},"author":2,"featured_media":9776,"template":"","meta":[],"person_cat":[98,241,217],"person_tag":[1049,619,622,565,566,336,338,1058,618,623,564,567,551,550],"class_list":["post-9777","person","type-person","status-publish","has-post-thumbnail","hentry","person_cat-artist","person_cat-cinema","person_cat-visual-arts","person_tag-2013-es","person_tag-2017-es","person_tag-2017-en","person_tag-2020-es","person_tag-2020-en","person_tag-336","person_tag-2023-es","person_tag-festival-2013-es","person_tag-festival-2017-es","person_tag-festival-2017-en","person_tag-festival-2020-es","person_tag-festival-2020-en","person_tag-festival-2023-en","person_tag-festival-2023-es"],"yoast_head":"<!-- This site is optimized with the Yoast SEO plugin v27.4 - https:\/\/yoast.com\/product\/yoast-seo-wordpress\/ -->\n<title>Salom\u00e9 Lamas - PROYECTOR<\/title>\n<meta name=\"robots\" content=\"index, follow, max-snippet:-1, max-image-preview:large, max-video-preview:-1\" \/>\n<link rel=\"canonical\" href=\"https:\/\/proyector.info\/en\/profile\/salome-lamas\/\" \/>\n<meta property=\"og:locale\" content=\"en_US\" \/>\n<meta property=\"og:type\" content=\"article\" \/>\n<meta property=\"og:title\" content=\"Salom\u00e9 Lamas - PROYECTOR\" \/>\n<meta property=\"og:description\" content=\"Salom\u00e9 Lamas (Lisbon) studied cinema in Lisbon and Prague, visual arts in Amsterdam and is a Ph.D candidate in contemporary\" \/>\n<meta property=\"og:url\" content=\"https:\/\/proyector.info\/en\/profile\/salome-lamas\/\" \/>\n<meta property=\"og:site_name\" content=\"PROYECTOR\" \/>\n<meta property=\"article:publisher\" content=\"https:\/\/www.facebook.com\/proyectorvideoartfestival\/\" \/>\n<meta property=\"article:modified_time\" content=\"2025-07-16T08:22:44+00:00\" \/>\n<meta property=\"og:image\" content=\"https:\/\/proyector.info\/wp-content\/uploads\/2025\/07\/salomelamas-1366x2048-1.jpg\" \/>\n\t<meta property=\"og:image:width\" content=\"1366\" \/>\n\t<meta property=\"og:image:height\" content=\"2048\" \/>\n\t<meta property=\"og:image:type\" content=\"image\/jpeg\" \/>\n<meta name=\"twitter:card\" content=\"summary_large_image\" \/>\n<meta name=\"twitter:site\" content=\"@PROYECTOR_fest\" \/>\n<meta name=\"twitter:label1\" content=\"Est. reading time\" \/>\n\t<meta name=\"twitter:data1\" content=\"1 minute\" \/>\n<script type=\"application\/ld+json\" class=\"yoast-schema-graph\">{\"@context\":\"https:\\\/\\\/schema.org\",\"@graph\":[{\"@type\":\"WebPage\",\"@id\":\"https:\\\/\\\/proyector.info\\\/en\\\/profile\\\/salome-lamas\\\/\",\"url\":\"https:\\\/\\\/proyector.info\\\/en\\\/profile\\\/salome-lamas\\\/\",\"name\":\"Salom\u00e9 Lamas - PROYECTOR\",\"isPartOf\":{\"@id\":\"https:\\\/\\\/proyector.info\\\/en\\\/#website\"},\"primaryImageOfPage\":{\"@id\":\"https:\\\/\\\/proyector.info\\\/en\\\/profile\\\/salome-lamas\\\/#primaryimage\"},\"image\":{\"@id\":\"https:\\\/\\\/proyector.info\\\/en\\\/profile\\\/salome-lamas\\\/#primaryimage\"},\"thumbnailUrl\":\"https:\\\/\\\/proyector.info\\\/wp-content\\\/uploads\\\/2025\\\/07\\\/salomelamas-1366x2048-1.jpg\",\"datePublished\":\"2025-07-16T08:21:05+00:00\",\"dateModified\":\"2025-07-16T08:22:44+00:00\",\"breadcrumb\":{\"@id\":\"https:\\\/\\\/proyector.info\\\/en\\\/profile\\\/salome-lamas\\\/#breadcrumb\"},\"inLanguage\":\"en-US\",\"potentialAction\":[{\"@type\":\"ReadAction\",\"target\":[\"https:\\\/\\\/proyector.info\\\/en\\\/profile\\\/salome-lamas\\\/\"]}]},{\"@type\":\"ImageObject\",\"inLanguage\":\"en-US\",\"@id\":\"https:\\\/\\\/proyector.info\\\/en\\\/profile\\\/salome-lamas\\\/#primaryimage\",\"url\":\"https:\\\/\\\/proyector.info\\\/wp-content\\\/uploads\\\/2025\\\/07\\\/salomelamas-1366x2048-1.jpg\",\"contentUrl\":\"https:\\\/\\\/proyector.info\\\/wp-content\\\/uploads\\\/2025\\\/07\\\/salomelamas-1366x2048-1.jpg\",\"width\":1366,\"height\":2048},{\"@type\":\"BreadcrumbList\",\"@id\":\"https:\\\/\\\/proyector.info\\\/en\\\/profile\\\/salome-lamas\\\/#breadcrumb\",\"itemListElement\":[{\"@type\":\"ListItem\",\"position\":1,\"name\":\"Portada\",\"item\":\"https:\\\/\\\/proyector.info\\\/en\\\/\"},{\"@type\":\"ListItem\",\"position\":2,\"name\":\"Profiles\",\"item\":\"https:\\\/\\\/proyector.info\\\/en\\\/profiles\\\/\"},{\"@type\":\"ListItem\",\"position\":3,\"name\":\"Salom\u00e9 Lamas\"}]},{\"@type\":\"WebSite\",\"@id\":\"https:\\\/\\\/proyector.info\\\/en\\\/#website\",\"url\":\"https:\\\/\\\/proyector.info\\\/en\\\/\",\"name\":\"PROYECTOR\",\"description\":\"Plataforma de Imagen en Movimiento\",\"publisher\":{\"@id\":\"https:\\\/\\\/proyector.info\\\/en\\\/#organization\"},\"potentialAction\":[{\"@type\":\"SearchAction\",\"target\":{\"@type\":\"EntryPoint\",\"urlTemplate\":\"https:\\\/\\\/proyector.info\\\/en\\\/?s={search_term_string}\"},\"query-input\":{\"@type\":\"PropertyValueSpecification\",\"valueRequired\":true,\"valueName\":\"search_term_string\"}}],\"inLanguage\":\"en-US\"},{\"@type\":\"Organization\",\"@id\":\"https:\\\/\\\/proyector.info\\\/en\\\/#organization\",\"name\":\"PROYECTOR\",\"url\":\"https:\\\/\\\/proyector.info\\\/en\\\/\",\"logo\":{\"@type\":\"ImageObject\",\"inLanguage\":\"en-US\",\"@id\":\"https:\\\/\\\/proyector.info\\\/en\\\/#\\\/schema\\\/logo\\\/image\\\/\",\"url\":\"https:\\\/\\\/proyector.info\\\/wp-content\\\/uploads\\\/2025\\\/07\\\/cropped-proyector_icono.png\",\"contentUrl\":\"https:\\\/\\\/proyector.info\\\/wp-content\\\/uploads\\\/2025\\\/07\\\/cropped-proyector_icono.png\",\"width\":512,\"height\":512,\"caption\":\"PROYECTOR\"},\"image\":{\"@id\":\"https:\\\/\\\/proyector.info\\\/en\\\/#\\\/schema\\\/logo\\\/image\\\/\"},\"sameAs\":[\"https:\\\/\\\/www.facebook.com\\\/proyectorvideoartfestival\\\/\",\"https:\\\/\\\/x.com\\\/PROYECTOR_fest\",\"https:\\\/\\\/www.instagram.com\\\/proyector_videoartplatform\\\/\",\"https:\\\/\\\/www.tiktok.com\\\/@proyector_fest\",\"https:\\\/\\\/www.youtube.com\\\/user\\\/proyectorvideoart\",\"https:\\\/\\\/vimeo.com\\\/proyectorvideoart\",\"https:\\\/\\\/www.linkedin.com\\\/company\\\/proyector\\\/\"]}]}<\/script>\n<!-- \/ Yoast SEO plugin. -->","yoast_head_json":{"title":"Salom\u00e9 Lamas - PROYECTOR","robots":{"index":"index","follow":"follow","max-snippet":"max-snippet:-1","max-image-preview":"max-image-preview:large","max-video-preview":"max-video-preview:-1"},"canonical":"https:\/\/proyector.info\/en\/profile\/salome-lamas\/","og_locale":"en_US","og_type":"article","og_title":"Salom\u00e9 Lamas - PROYECTOR","og_description":"Salom\u00e9 Lamas (Lisbon) studied cinema in Lisbon and Prague, visual arts in Amsterdam and is a Ph.D candidate in contemporary","og_url":"https:\/\/proyector.info\/en\/profile\/salome-lamas\/","og_site_name":"PROYECTOR","article_publisher":"https:\/\/www.facebook.com\/proyectorvideoartfestival\/","article_modified_time":"2025-07-16T08:22:44+00:00","og_image":[{"width":1366,"height":2048,"url":"https:\/\/proyector.info\/wp-content\/uploads\/2025\/07\/salomelamas-1366x2048-1.jpg","type":"image\/jpeg"}],"twitter_card":"summary_large_image","twitter_site":"@PROYECTOR_fest","twitter_misc":{"Est. reading time":"1 minute"},"schema":{"@context":"https:\/\/schema.org","@graph":[{"@type":"WebPage","@id":"https:\/\/proyector.info\/en\/profile\/salome-lamas\/","url":"https:\/\/proyector.info\/en\/profile\/salome-lamas\/","name":"Salom\u00e9 Lamas - PROYECTOR","isPartOf":{"@id":"https:\/\/proyector.info\/en\/#website"},"primaryImageOfPage":{"@id":"https:\/\/proyector.info\/en\/profile\/salome-lamas\/#primaryimage"},"image":{"@id":"https:\/\/proyector.info\/en\/profile\/salome-lamas\/#primaryimage"},"thumbnailUrl":"https:\/\/proyector.info\/wp-content\/uploads\/2025\/07\/salomelamas-1366x2048-1.jpg","datePublished":"2025-07-16T08:21:05+00:00","dateModified":"2025-07-16T08:22:44+00:00","breadcrumb":{"@id":"https:\/\/proyector.info\/en\/profile\/salome-lamas\/#breadcrumb"},"inLanguage":"en-US","potentialAction":[{"@type":"ReadAction","target":["https:\/\/proyector.info\/en\/profile\/salome-lamas\/"]}]},{"@type":"ImageObject","inLanguage":"en-US","@id":"https:\/\/proyector.info\/en\/profile\/salome-lamas\/#primaryimage","url":"https:\/\/proyector.info\/wp-content\/uploads\/2025\/07\/salomelamas-1366x2048-1.jpg","contentUrl":"https:\/\/proyector.info\/wp-content\/uploads\/2025\/07\/salomelamas-1366x2048-1.jpg","width":1366,"height":2048},{"@type":"BreadcrumbList","@id":"https:\/\/proyector.info\/en\/profile\/salome-lamas\/#breadcrumb","itemListElement":[{"@type":"ListItem","position":1,"name":"Portada","item":"https:\/\/proyector.info\/en\/"},{"@type":"ListItem","position":2,"name":"Profiles","item":"https:\/\/proyector.info\/en\/profiles\/"},{"@type":"ListItem","position":3,"name":"Salom\u00e9 Lamas"}]},{"@type":"WebSite","@id":"https:\/\/proyector.info\/en\/#website","url":"https:\/\/proyector.info\/en\/","name":"PROYECTOR","description":"Plataforma de Imagen en Movimiento","publisher":{"@id":"https:\/\/proyector.info\/en\/#organization"},"potentialAction":[{"@type":"SearchAction","target":{"@type":"EntryPoint","urlTemplate":"https:\/\/proyector.info\/en\/?s={search_term_string}"},"query-input":{"@type":"PropertyValueSpecification","valueRequired":true,"valueName":"search_term_string"}}],"inLanguage":"en-US"},{"@type":"Organization","@id":"https:\/\/proyector.info\/en\/#organization","name":"PROYECTOR","url":"https:\/\/proyector.info\/en\/","logo":{"@type":"ImageObject","inLanguage":"en-US","@id":"https:\/\/proyector.info\/en\/#\/schema\/logo\/image\/","url":"https:\/\/proyector.info\/wp-content\/uploads\/2025\/07\/cropped-proyector_icono.png","contentUrl":"https:\/\/proyector.info\/wp-content\/uploads\/2025\/07\/cropped-proyector_icono.png","width":512,"height":512,"caption":"PROYECTOR"},"image":{"@id":"https:\/\/proyector.info\/en\/#\/schema\/logo\/image\/"},"sameAs":["https:\/\/www.facebook.com\/proyectorvideoartfestival\/","https:\/\/x.com\/PROYECTOR_fest","https:\/\/www.instagram.com\/proyector_videoartplatform\/","https:\/\/www.tiktok.com\/@proyector_fest","https:\/\/www.youtube.com\/user\/proyectorvideoart","https:\/\/vimeo.com\/proyectorvideoart","https:\/\/www.linkedin.com\/company\/proyector\/"]}]}},"_links":{"self":[{"href":"https:\/\/proyector.info\/en\/wp-json\/wp\/v2\/person\/9777","targetHints":{"allow":["GET"]}}],"collection":[{"href":"https:\/\/proyector.info\/en\/wp-json\/wp\/v2\/person"}],"about":[{"href":"https:\/\/proyector.info\/en\/wp-json\/wp\/v2\/types\/person"}],"author":[{"embeddable":true,"href":"https:\/\/proyector.info\/en\/wp-json\/wp\/v2\/users\/2"}],"wp:featuredmedia":[{"embeddable":true,"href":"https:\/\/proyector.info\/en\/wp-json\/wp\/v2\/media\/9776"}],"wp:attachment":[{"href":"https:\/\/proyector.info\/en\/wp-json\/wp\/v2\/media?parent=9777"}],"wp:term":[{"taxonomy":"person_cat","embeddable":true,"href":"https:\/\/proyector.info\/en\/wp-json\/wp\/v2\/person_cat?post=9777"},{"taxonomy":"person_tag","embeddable":true,"href":"https:\/\/proyector.info\/en\/wp-json\/wp\/v2\/person_tag?post=9777"}],"curies":[{"name":"wp","href":"https:\/\/api.w.org\/{rel}","templated":true}]}}

Salomé Lamas

<p class="wp-block-paragraph">Salomé Lamas (Lisbon) studied cinema in Lisbon and Prague, visual arts in Amsterdam and is a Ph.D candidate in contemporary art studies in Coimbra.</p>



<p class="wp-block-paragraph">Her work has been screened both in art venues and film festivals such as Berlinale, BAFICI, Museo Arte Reina Sofia, FIAC, MNAC – Museu do Chiado, DocLisboa, Cinema du Réel, Visions du Réel, MoMA – Museum of Modern Art, Museo Guggenheim Bilbao, Harvard Film Archive, Museum of Moving Images NY, Jewish Museum NY, Fid Marseille, Arsenal Institut fur film und videokunst, Viennale, Culturgest, CCB – Centro Cultural de Belém, Hong Kong FF, Museu Serralves, Tate Modern, CPH: DOX, Centre d’Art Contemporain de Genève, Bozar , Tabakalera, ICA London, TBA 21 Foundation, Louvre, Mostra de São Paulo, CAC Vilnius, MALBA, FAEMA, SESC São Paulo, MAAT, La Biennale di Venezia Architettura, among others.</p>



<p class="wp-block-paragraph">Lamas was granted several fellowships such as the Gardner Film Study Center Fellowship – Harvard University, The Rockefeller Foundation – Bellagio Center, Brown Foundation – Dora Maar House, Fundación Botín, Fundação Calouste Gulbenkian, Sundance, Bogliasco Foundation, The MacDowell Colony, Yaddo, Berliner Künstlerprogramm des DAAD.</p>



<p class="wp-block-paragraph">She collaborates with Universidade Católica Portuguesa and Elias Querejeta Zine Eskola.<br>She collaborates with the production company O Som e a Fúria and is represented by Galeria Miguel Nabinho and Kubikgallery.</p>

<p>Salomé Lamas (Lisbon) studied cinema in Lisbon and Prague, visual arts in Amsterdam and is a Ph.D candidate in contemporary</p>

<!-- This site is optimized with the Yoast SEO plugin v27.4 - https://yoast.com/product/yoast-seo-wordpress/ -->
<title>Salomé Lamas - PROYECTOR</title>
<meta name="robots" content="index, follow, max-snippet:-1, max-image-preview:large, max-video-preview:-1" />
<link rel="canonical" href="https://proyector.info/en/profile/salome-lamas/" />
<meta property="og:locale" content="en_US" />
<meta property="og:type" content="article" />
<meta property="og:title" content="Salomé Lamas - PROYECTOR" />
<meta property="og:description" content="Salomé Lamas (Lisbon) studied cinema in Lisbon and Prague, visual arts in Amsterdam and is a Ph.D candidate in contemporary" />
<meta property="og:url" content="https://proyector.info/en/profile/salome-lamas/" />
<meta property="og:site_name" content="PROYECTOR" />
<meta property="article:publisher" content="https://www.facebook.com/proyectorvideoartfestival/" />
<meta property="article:modified_time" content="2025-07-16T08:22:44+00:00" />
<meta property="og:image" content="https://proyector.info/wp-content/uploads/2025/07/salomelamas-1366x2048-1.jpg" />
	<meta property="og:image:width" content="1366" />
	<meta property="og:image:height" content="2048" />
	<meta property="og:image:type" content="image/jpeg" />
<meta name="twitter:card" content="summary_large_image" />
<meta name="twitter:site" content="@PROYECTOR_fest" />
<meta name="twitter:label1" content="Est. reading time" />
	<meta name="twitter:data1" content="1 minute" />
<script type="application/ld+json" class="yoast-schema-graph">{"@context":"https:\/\/schema.org","@graph":[{"@type":"WebPage","@id":"https:\/\/proyector.info\/en\/profile\/salome-lamas\/","url":"https:\/\/proyector.info\/en\/profile\/salome-lamas\/","name":"Salomé Lamas - PROYECTOR","isPartOf":{"@id":"https:\/\/proyector.info\/en\/#website"},"primaryImageOfPage":{"@id":"https:\/\/proyector.info\/en\/profile\/salome-lamas\/#primaryimage"},"image":{"@id":"https:\/\/proyector.info\/en\/profile\/salome-lamas\/#primaryimage"},"thumbnailUrl":"https:\/\/proyector.info\/wp-content\/uploads\/2025\/07\/salomelamas-1366x2048-1.jpg","datePublished":"2025-07-16T08:21:05+00:00","dateModified":"2025-07-16T08:22:44+00:00","breadcrumb":{"@id":"https:\/\/proyector.info\/en\/profile\/salome-lamas\/#breadcrumb"},"inLanguage":"en-US","potentialAction":[{"@type":"ReadAction","target":["https:\/\/proyector.info\/en\/profile\/salome-lamas\/"]}]},{"@type":"ImageObject","inLanguage":"en-US","@id":"https:\/\/proyector.info\/en\/profile\/salome-lamas\/#primaryimage","url":"https:\/\/proyector.info\/wp-content\/uploads\/2025\/07\/salomelamas-1366x2048-1.jpg","contentUrl":"https:\/\/proyector.info\/wp-content\/uploads\/2025\/07\/salomelamas-1366x2048-1.jpg","width":1366,"height":2048},{"@type":"BreadcrumbList","@id":"https:\/\/proyector.info\/en\/profile\/salome-lamas\/#breadcrumb","itemListElement":[{"@type":"ListItem","position":1,"name":"Portada","item":"https:\/\/proyector.info\/en\/"},{"@type":"ListItem","position":2,"name":"Profiles","item":"https:\/\/proyector.info\/en\/profiles\/"},{"@type":"ListItem","position":3,"name":"Salomé Lamas"}]},{"@type":"WebSite","@id":"https:\/\/proyector.info\/en\/#website","url":"https:\/\/proyector.info\/en\/","name":"PROYECTOR","description":"Plataforma de Imagen en Movimiento","publisher":{"@id":"https:\/\/proyector.info\/en\/#organization"},"potentialAction":[{"@type":"SearchAction","target":{"@type":"EntryPoint","urlTemplate":"https:\/\/proyector.info\/en\/?s={search_term_string}"},"query-input":{"@type":"PropertyValueSpecification","valueRequired":true,"valueName":"search_term_string"}}],"inLanguage":"en-US"},{"@type":"Organization","@id":"https:\/\/proyector.info\/en\/#organization","name":"PROYECTOR","url":"https:\/\/proyector.info\/en\/","logo":{"@type":"ImageObject","inLanguage":"en-US","@id":"https:\/\/proyector.info\/en\/#\/schema\/logo\/image\/","url":"https:\/\/proyector.info\/wp-content\/uploads\/2025\/07\/cropped-proyector_icono.png","contentUrl":"https:\/\/proyector.info\/wp-content\/uploads\/2025\/07\/cropped-proyector_icono.png","width":512,"height":512,"caption":"PROYECTOR"},"image":{"@id":"https:\/\/proyector.info\/en\/#\/schema\/logo\/image\/"},"sameAs":["https:\/\/www.facebook.com\/proyectorvideoartfestival\/","https:\/\/x.com\/PROYECTOR_fest","https:\/\/www.instagram.com\/proyector_videoartplatform\/","https:\/\/www.tiktok.com\/@proyector_fest","https:\/\/www.youtube.com\/user\/proyectorvideoart","https:\/\/vimeo.com\/proyectorvideoart","https:\/\/www.linkedin.com\/company\/proyector\/"]}]}</script>
<!-- / Yoast SEO plugin. -->

Salomé Lamas - PROYECTOR

Salomé Lamas (Lisbon) studied cinema in Lisbon and Prague, visual arts in Amsterdam and is a Ph.D candidate in contemporary
