{"id":24739,"date":"2026-09-04T00:28:10","date_gmt":"2026-09-03T22:28:10","guid":{"rendered":"https:\/\/proyector.info\/?post_type=person&#038;p=24739"},"modified":"2026-09-04T00:31:46","modified_gmt":"2026-09-03T22:31:46","slug":"javier-abreu","status":"publish","type":"person","link":"https:\/\/proyector.info\/en\/profile\/javier-abreu\/","title":{"rendered":"Javier Abreu"},"content":{"rendered":"\n<p class=\"wp-block-paragraph\">Licenciado en Artes Pl\u00e1sticas y Visuales, Universidad de la Rep\u00fablica de Montevideo.<\/p>\n\n\n\n<p class=\"wp-block-paragraph\">Ha realizado residencias art\u00edsticas en Barcelona (Hangar) y Par\u00eds (Le Centquatre-Paris).<\/p>\n\n\n\n<p class=\"wp-block-paragraph\">Invitado a la D\u00e9cima Bienal de La Habana. Cuba (2009), 29\u00aa Bienal de Sao Paulo. Brasil (2010),<\/p>\n\n\n\n<p class=\"wp-block-paragraph\">1\u00aa Bienal de Montevideo (2012), 1\u00aa Bienal de Panam\u00e1. Panam\u00e1 (2013) y a la XX Bienal de Santa Cruz de la Sierra. Bolivia (2016).<\/p>\n\n\n\n<p class=\"wp-block-paragraph\">Obtuvo el Primer Premio. Prix Paul C\u00e9zanne 2008, Embajada de Francia en Uruguay. MNAV<\/p>\n\n\n\n<p class=\"wp-block-paragraph\">2019 3\u00ba Premio. Premio Montevideo de Artes Visuales.<\/p>\n\n\n\n<p class=\"wp-block-paragraph\">2021 Beca a la creaci\u00f3n &amp;quot;Justino Zavala Muniz&amp;quot;. Categor\u00eda Artes Visuales. Ministerio de Educaci\u00f3n y Cultura. Uruguay.<\/p>\n\n\n\n<p class=\"wp-block-paragraph\">2021 Noche del Video Uruguayo. MALBA, Buenos Aires.<\/p>\n\n\n\n<p class=\"wp-block-paragraph\">2026 Seleccionado. Premio Montevideo de Artes Visuales.<\/p>\n","protected":false},"excerpt":{"rendered":"<p>Licenciado en Artes Pl\u00e1sticas y Visuales, Universidad de la Rep\u00fablica de Montevideo. Ha realizado residencias art\u00edsticas en Barcelona (Hangar) y<\/p>\n","protected":false},"author":3,"featured_media":24742,"template":"","meta":[],"person_cat":[305],"person_tag":[1196,1229],"class_list":["post-24739","person","type-person","status-publish","has-post-thumbnail","hentry","person_cat-artista","person_tag-1196","person_tag-proyector2026"],"yoast_head":"<!-- This site is optimized with the Yoast SEO plugin v27.4 - https:\/\/yoast.com\/product\/yoast-seo-wordpress\/ -->\n<title>Javier Abreu - PROYECTOR<\/title>\n<meta name=\"robots\" content=\"index, follow, max-snippet:-1, max-image-preview:large, max-video-preview:-1\" \/>\n<link rel=\"canonical\" href=\"https:\/\/proyector.info\/perfil\/javier-abreu\/\" \/>\n<meta property=\"og:locale\" content=\"en_US\" \/>\n<meta property=\"og:type\" content=\"article\" \/>\n<meta property=\"og:title\" content=\"Javier Abreu - PROYECTOR\" \/>\n<meta property=\"og:description\" content=\"Licenciado en Artes Pl\u00e1sticas y Visuales, Universidad de la Rep\u00fablica de Montevideo. Ha realizado residencias art\u00edsticas en Barcelona (Hangar) y\" \/>\n<meta property=\"og:url\" content=\"https:\/\/proyector.info\/perfil\/javier-abreu\/\" \/>\n<meta property=\"og:site_name\" content=\"PROYECTOR\" \/>\n<meta property=\"article:publisher\" content=\"https:\/\/www.facebook.com\/proyectorvideoartfestival\/\" \/>\n<meta property=\"article:modified_time\" content=\"2026-09-03T22:31:46+00:00\" \/>\n<meta property=\"og:image\" content=\"https:\/\/proyector.info\/wp-content\/uploads\/2026\/09\/Javier-Abreu-1.jpg\" \/>\n\t<meta property=\"og:image:width\" content=\"2560\" \/>\n\t<meta property=\"og:image:height\" content=\"2560\" \/>\n\t<meta property=\"og:image:type\" content=\"image\/jpeg\" \/>\n<meta name=\"twitter:card\" content=\"summary_large_image\" \/>\n<meta name=\"twitter:site\" content=\"@PROYECTOR_fest\" \/>\n<meta name=\"twitter:label1\" content=\"Est. reading time\" \/>\n\t<meta name=\"twitter:data1\" content=\"1 minute\" \/>\n<script type=\"application\/ld+json\" class=\"yoast-schema-graph\">{\"@context\":\"https:\\\/\\\/schema.org\",\"@graph\":[{\"@type\":\"WebPage\",\"@id\":\"https:\\\/\\\/proyector.info\\\/perfil\\\/javier-abreu\\\/\",\"url\":\"https:\\\/\\\/proyector.info\\\/perfil\\\/javier-abreu\\\/\",\"name\":\"Javier Abreu - PROYECTOR\",\"isPartOf\":{\"@id\":\"https:\\\/\\\/proyector.info\\\/en\\\/#website\"},\"primaryImageOfPage\":{\"@id\":\"https:\\\/\\\/proyector.info\\\/perfil\\\/javier-abreu\\\/#primaryimage\"},\"image\":{\"@id\":\"https:\\\/\\\/proyector.info\\\/perfil\\\/javier-abreu\\\/#primaryimage\"},\"thumbnailUrl\":\"https:\\\/\\\/proyector.info\\\/wp-content\\\/uploads\\\/2026\\\/09\\\/Javier-Abreu-1.jpg\",\"datePublished\":\"2026-09-03T22:28:10+00:00\",\"dateModified\":\"2026-09-03T22:31:46+00:00\",\"breadcrumb\":{\"@id\":\"https:\\\/\\\/proyector.info\\\/perfil\\\/javier-abreu\\\/#breadcrumb\"},\"inLanguage\":\"en-US\",\"potentialAction\":[{\"@type\":\"ReadAction\",\"target\":[\"https:\\\/\\\/proyector.info\\\/perfil\\\/javier-abreu\\\/\"]}]},{\"@type\":\"ImageObject\",\"inLanguage\":\"en-US\",\"@id\":\"https:\\\/\\\/proyector.info\\\/perfil\\\/javier-abreu\\\/#primaryimage\",\"url\":\"https:\\\/\\\/proyector.info\\\/wp-content\\\/uploads\\\/2026\\\/09\\\/Javier-Abreu-1.jpg\",\"contentUrl\":\"https:\\\/\\\/proyector.info\\\/wp-content\\\/uploads\\\/2026\\\/09\\\/Javier-Abreu-1.jpg\",\"width\":2560,\"height\":2560},{\"@type\":\"BreadcrumbList\",\"@id\":\"https:\\\/\\\/proyector.info\\\/perfil\\\/javier-abreu\\\/#breadcrumb\",\"itemListElement\":[{\"@type\":\"ListItem\",\"position\":1,\"name\":\"Portada\",\"item\":\"https:\\\/\\\/proyector.info\\\/en\\\/\"},{\"@type\":\"ListItem\",\"position\":2,\"name\":\"Profiles\",\"item\":\"https:\\\/\\\/proyector.info\\\/en\\\/profiles\\\/\"},{\"@type\":\"ListItem\",\"position\":3,\"name\":\"Javier Abreu\"}]},{\"@type\":\"WebSite\",\"@id\":\"https:\\\/\\\/proyector.info\\\/en\\\/#website\",\"url\":\"https:\\\/\\\/proyector.info\\\/en\\\/\",\"name\":\"PROYECTOR\",\"description\":\"Plataforma de Imagen en Movimiento\",\"publisher\":{\"@id\":\"https:\\\/\\\/proyector.info\\\/en\\\/#organization\"},\"potentialAction\":[{\"@type\":\"SearchAction\",\"target\":{\"@type\":\"EntryPoint\",\"urlTemplate\":\"https:\\\/\\\/proyector.info\\\/en\\\/?s={search_term_string}\"},\"query-input\":{\"@type\":\"PropertyValueSpecification\",\"valueRequired\":true,\"valueName\":\"search_term_string\"}}],\"inLanguage\":\"en-US\"},{\"@type\":\"Organization\",\"@id\":\"https:\\\/\\\/proyector.info\\\/en\\\/#organization\",\"name\":\"PROYECTOR\",\"url\":\"https:\\\/\\\/proyector.info\\\/en\\\/\",\"logo\":{\"@type\":\"ImageObject\",\"inLanguage\":\"en-US\",\"@id\":\"https:\\\/\\\/proyector.info\\\/en\\\/#\\\/schema\\\/logo\\\/image\\\/\",\"url\":\"https:\\\/\\\/proyector.info\\\/wp-content\\\/uploads\\\/2025\\\/07\\\/cropped-proyector_icono.png\",\"contentUrl\":\"https:\\\/\\\/proyector.info\\\/wp-content\\\/uploads\\\/2025\\\/07\\\/cropped-proyector_icono.png\",\"width\":512,\"height\":512,\"caption\":\"PROYECTOR\"},\"image\":{\"@id\":\"https:\\\/\\\/proyector.info\\\/en\\\/#\\\/schema\\\/logo\\\/image\\\/\"},\"sameAs\":[\"https:\\\/\\\/www.facebook.com\\\/proyectorvideoartfestival\\\/\",\"https:\\\/\\\/x.com\\\/PROYECTOR_fest\",\"https:\\\/\\\/www.instagram.com\\\/proyector_videoartplatform\\\/\",\"https:\\\/\\\/www.tiktok.com\\\/@proyector_fest\",\"https:\\\/\\\/www.youtube.com\\\/user\\\/proyectorvideoart\",\"https:\\\/\\\/vimeo.com\\\/proyectorvideoart\",\"https:\\\/\\\/www.linkedin.com\\\/company\\\/proyector\\\/\"]}]}<\/script>\n<!-- \/ Yoast SEO plugin. -->","yoast_head_json":{"title":"Javier Abreu - PROYECTOR","robots":{"index":"index","follow":"follow","max-snippet":"max-snippet:-1","max-image-preview":"max-image-preview:large","max-video-preview":"max-video-preview:-1"},"canonical":"https:\/\/proyector.info\/perfil\/javier-abreu\/","og_locale":"en_US","og_type":"article","og_title":"Javier Abreu - PROYECTOR","og_description":"Licenciado en Artes Pl\u00e1sticas y Visuales, Universidad de la Rep\u00fablica de Montevideo. Ha realizado residencias art\u00edsticas en Barcelona (Hangar) y","og_url":"https:\/\/proyector.info\/perfil\/javier-abreu\/","og_site_name":"PROYECTOR","article_publisher":"https:\/\/www.facebook.com\/proyectorvideoartfestival\/","article_modified_time":"2026-09-03T22:31:46+00:00","og_image":[{"width":2560,"height":2560,"url":"https:\/\/proyector.info\/wp-content\/uploads\/2026\/09\/Javier-Abreu-1.jpg","type":"image\/jpeg"}],"twitter_card":"summary_large_image","twitter_site":"@PROYECTOR_fest","twitter_misc":{"Est. reading time":"1 minute"},"schema":{"@context":"https:\/\/schema.org","@graph":[{"@type":"WebPage","@id":"https:\/\/proyector.info\/perfil\/javier-abreu\/","url":"https:\/\/proyector.info\/perfil\/javier-abreu\/","name":"Javier Abreu - PROYECTOR","isPartOf":{"@id":"https:\/\/proyector.info\/en\/#website"},"primaryImageOfPage":{"@id":"https:\/\/proyector.info\/perfil\/javier-abreu\/#primaryimage"},"image":{"@id":"https:\/\/proyector.info\/perfil\/javier-abreu\/#primaryimage"},"thumbnailUrl":"https:\/\/proyector.info\/wp-content\/uploads\/2026\/09\/Javier-Abreu-1.jpg","datePublished":"2026-09-03T22:28:10+00:00","dateModified":"2026-09-03T22:31:46+00:00","breadcrumb":{"@id":"https:\/\/proyector.info\/perfil\/javier-abreu\/#breadcrumb"},"inLanguage":"en-US","potentialAction":[{"@type":"ReadAction","target":["https:\/\/proyector.info\/perfil\/javier-abreu\/"]}]},{"@type":"ImageObject","inLanguage":"en-US","@id":"https:\/\/proyector.info\/perfil\/javier-abreu\/#primaryimage","url":"https:\/\/proyector.info\/wp-content\/uploads\/2026\/09\/Javier-Abreu-1.jpg","contentUrl":"https:\/\/proyector.info\/wp-content\/uploads\/2026\/09\/Javier-Abreu-1.jpg","width":2560,"height":2560},{"@type":"BreadcrumbList","@id":"https:\/\/proyector.info\/perfil\/javier-abreu\/#breadcrumb","itemListElement":[{"@type":"ListItem","position":1,"name":"Portada","item":"https:\/\/proyector.info\/en\/"},{"@type":"ListItem","position":2,"name":"Profiles","item":"https:\/\/proyector.info\/en\/profiles\/"},{"@type":"ListItem","position":3,"name":"Javier Abreu"}]},{"@type":"WebSite","@id":"https:\/\/proyector.info\/en\/#website","url":"https:\/\/proyector.info\/en\/","name":"PROYECTOR","description":"Plataforma de Imagen en Movimiento","publisher":{"@id":"https:\/\/proyector.info\/en\/#organization"},"potentialAction":[{"@type":"SearchAction","target":{"@type":"EntryPoint","urlTemplate":"https:\/\/proyector.info\/en\/?s={search_term_string}"},"query-input":{"@type":"PropertyValueSpecification","valueRequired":true,"valueName":"search_term_string"}}],"inLanguage":"en-US"},{"@type":"Organization","@id":"https:\/\/proyector.info\/en\/#organization","name":"PROYECTOR","url":"https:\/\/proyector.info\/en\/","logo":{"@type":"ImageObject","inLanguage":"en-US","@id":"https:\/\/proyector.info\/en\/#\/schema\/logo\/image\/","url":"https:\/\/proyector.info\/wp-content\/uploads\/2025\/07\/cropped-proyector_icono.png","contentUrl":"https:\/\/proyector.info\/wp-content\/uploads\/2025\/07\/cropped-proyector_icono.png","width":512,"height":512,"caption":"PROYECTOR"},"image":{"@id":"https:\/\/proyector.info\/en\/#\/schema\/logo\/image\/"},"sameAs":["https:\/\/www.facebook.com\/proyectorvideoartfestival\/","https:\/\/x.com\/PROYECTOR_fest","https:\/\/www.instagram.com\/proyector_videoartplatform\/","https:\/\/www.tiktok.com\/@proyector_fest","https:\/\/www.youtube.com\/user\/proyectorvideoart","https:\/\/vimeo.com\/proyectorvideoart","https:\/\/www.linkedin.com\/company\/proyector\/"]}]}},"_links":{"self":[{"href":"https:\/\/proyector.info\/en\/wp-json\/wp\/v2\/person\/24739","targetHints":{"allow":["GET"]}}],"collection":[{"href":"https:\/\/proyector.info\/en\/wp-json\/wp\/v2\/person"}],"about":[{"href":"https:\/\/proyector.info\/en\/wp-json\/wp\/v2\/types\/person"}],"author":[{"embeddable":true,"href":"https:\/\/proyector.info\/en\/wp-json\/wp\/v2\/users\/3"}],"wp:featuredmedia":[{"embeddable":true,"href":"https:\/\/proyector.info\/en\/wp-json\/wp\/v2\/media\/24742"}],"wp:attachment":[{"href":"https:\/\/proyector.info\/en\/wp-json\/wp\/v2\/media?parent=24739"}],"wp:term":[{"taxonomy":"person_cat","embeddable":true,"href":"https:\/\/proyector.info\/en\/wp-json\/wp\/v2\/person_cat?post=24739"},{"taxonomy":"person_tag","embeddable":true,"href":"https:\/\/proyector.info\/en\/wp-json\/wp\/v2\/person_tag?post=24739"}],"curies":[{"name":"wp","href":"https:\/\/api.w.org\/{rel}","templated":true}]}}

<p class="wp-block-paragraph">Licenciado en Artes Plásticas y Visuales, Universidad de la República de Montevideo.</p>



<p class="wp-block-paragraph">Ha realizado residencias artísticas en Barcelona (Hangar) y París (Le Centquatre-Paris).</p>



<p class="wp-block-paragraph">Invitado a la Décima Bienal de La Habana. Cuba (2009), 29ª Bienal de Sao Paulo. Brasil (2010),</p>



<p class="wp-block-paragraph">1ª Bienal de Montevideo (2012), 1ª Bienal de Panamá. Panamá (2013) y a la XX Bienal de Santa Cruz de la Sierra. Bolivia (2016).</p>



<p class="wp-block-paragraph">Obtuvo el Primer Premio. Prix Paul Cézanne 2008, Embajada de Francia en Uruguay. MNAV</p>



<p class="wp-block-paragraph">2019 3º Premio. Premio Montevideo de Artes Visuales.</p>



<p class="wp-block-paragraph">2021 Beca a la creación &amp;quot;Justino Zavala Muniz&amp;quot;. Categoría Artes Visuales. Ministerio de Educación y Cultura. Uruguay.</p>



<p class="wp-block-paragraph">2021 Noche del Video Uruguayo. MALBA, Buenos Aires.</p>



<p class="wp-block-paragraph">2026 Seleccionado. Premio Montevideo de Artes Visuales.</p>

<p>Licenciado en Artes Plásticas y Visuales, Universidad de la República de Montevideo. Ha realizado residencias artísticas en Barcelona (Hangar) y</p>

<!-- This site is optimized with the Yoast SEO plugin v27.4 - https://yoast.com/product/yoast-seo-wordpress/ -->
<title>Javier Abreu - PROYECTOR</title>
<meta name="robots" content="index, follow, max-snippet:-1, max-image-preview:large, max-video-preview:-1" />
<link rel="canonical" href="https://proyector.info/perfil/javier-abreu/" />
<meta property="og:locale" content="en_US" />
<meta property="og:type" content="article" />
<meta property="og:title" content="Javier Abreu - PROYECTOR" />
<meta property="og:description" content="Licenciado en Artes Plásticas y Visuales, Universidad de la República de Montevideo. Ha realizado residencias artísticas en Barcelona (Hangar) y" />
<meta property="og:url" content="https://proyector.info/perfil/javier-abreu/" />
<meta property="og:site_name" content="PROYECTOR" />
<meta property="article:publisher" content="https://www.facebook.com/proyectorvideoartfestival/" />
<meta property="article:modified_time" content="2026-09-03T22:31:46+00:00" />
<meta property="og:image" content="https://proyector.info/wp-content/uploads/2026/09/Javier-Abreu-1.jpg" />
	<meta property="og:image:width" content="2560" />
	<meta property="og:image:height" content="2560" />
	<meta property="og:image:type" content="image/jpeg" />
<meta name="twitter:card" content="summary_large_image" />
<meta name="twitter:site" content="@PROYECTOR_fest" />
<meta name="twitter:label1" content="Est. reading time" />
	<meta name="twitter:data1" content="1 minute" />
<script type="application/ld+json" class="yoast-schema-graph">{"@context":"https:\/\/schema.org","@graph":[{"@type":"WebPage","@id":"https:\/\/proyector.info\/perfil\/javier-abreu\/","url":"https:\/\/proyector.info\/perfil\/javier-abreu\/","name":"Javier Abreu - PROYECTOR","isPartOf":{"@id":"https:\/\/proyector.info\/en\/#website"},"primaryImageOfPage":{"@id":"https:\/\/proyector.info\/perfil\/javier-abreu\/#primaryimage"},"image":{"@id":"https:\/\/proyector.info\/perfil\/javier-abreu\/#primaryimage"},"thumbnailUrl":"https:\/\/proyector.info\/wp-content\/uploads\/2026\/09\/Javier-Abreu-1.jpg","datePublished":"2026-09-03T22:28:10+00:00","dateModified":"2026-09-03T22:31:46+00:00","breadcrumb":{"@id":"https:\/\/proyector.info\/perfil\/javier-abreu\/#breadcrumb"},"inLanguage":"en-US","potentialAction":[{"@type":"ReadAction","target":["https:\/\/proyector.info\/perfil\/javier-abreu\/"]}]},{"@type":"ImageObject","inLanguage":"en-US","@id":"https:\/\/proyector.info\/perfil\/javier-abreu\/#primaryimage","url":"https:\/\/proyector.info\/wp-content\/uploads\/2026\/09\/Javier-Abreu-1.jpg","contentUrl":"https:\/\/proyector.info\/wp-content\/uploads\/2026\/09\/Javier-Abreu-1.jpg","width":2560,"height":2560},{"@type":"BreadcrumbList","@id":"https:\/\/proyector.info\/perfil\/javier-abreu\/#breadcrumb","itemListElement":[{"@type":"ListItem","position":1,"name":"Portada","item":"https:\/\/proyector.info\/en\/"},{"@type":"ListItem","position":2,"name":"Profiles","item":"https:\/\/proyector.info\/en\/profiles\/"},{"@type":"ListItem","position":3,"name":"Javier Abreu"}]},{"@type":"WebSite","@id":"https:\/\/proyector.info\/en\/#website","url":"https:\/\/proyector.info\/en\/","name":"PROYECTOR","description":"Plataforma de Imagen en Movimiento","publisher":{"@id":"https:\/\/proyector.info\/en\/#organization"},"potentialAction":[{"@type":"SearchAction","target":{"@type":"EntryPoint","urlTemplate":"https:\/\/proyector.info\/en\/?s={search_term_string}"},"query-input":{"@type":"PropertyValueSpecification","valueRequired":true,"valueName":"search_term_string"}}],"inLanguage":"en-US"},{"@type":"Organization","@id":"https:\/\/proyector.info\/en\/#organization","name":"PROYECTOR","url":"https:\/\/proyector.info\/en\/","logo":{"@type":"ImageObject","inLanguage":"en-US","@id":"https:\/\/proyector.info\/en\/#\/schema\/logo\/image\/","url":"https:\/\/proyector.info\/wp-content\/uploads\/2025\/07\/cropped-proyector_icono.png","contentUrl":"https:\/\/proyector.info\/wp-content\/uploads\/2025\/07\/cropped-proyector_icono.png","width":512,"height":512,"caption":"PROYECTOR"},"image":{"@id":"https:\/\/proyector.info\/en\/#\/schema\/logo\/image\/"},"sameAs":["https:\/\/www.facebook.com\/proyectorvideoartfestival\/","https:\/\/x.com\/PROYECTOR_fest","https:\/\/www.instagram.com\/proyector_videoartplatform\/","https:\/\/www.tiktok.com\/@proyector_fest","https:\/\/www.youtube.com\/user\/proyectorvideoart","https:\/\/vimeo.com\/proyectorvideoart","https:\/\/www.linkedin.com\/company\/proyector\/"]}]}</script>
<!-- / Yoast SEO plugin. -->

Licenciado en Artes Plásticas y Visuales, Universidad de la República de Montevideo. Ha realizado residencias artísticas en Barcelona (Hangar) y
