{"id":24663,"date":"2026-09-03T00:47:47","date_gmt":"2026-09-02T22:47:47","guid":{"rendered":"https:\/\/proyector.info\/?post_type=person&#038;p=24663"},"modified":"2026-09-03T00:49:29","modified_gmt":"2026-09-02T22:49:29","slug":"federico-arnaud","status":"publish","type":"person","link":"https:\/\/proyector.info\/en\/profile\/federico-arnaud\/","title":{"rendered":"Federico Arnaud"},"content":{"rendered":"\n<p class=\"wp-block-paragraph\">1970<\/p>\n\n\n\n<p class=\"wp-block-paragraph\">Artista visual, curador y docente de arte en la Licenciatura en Artes Visuales de la Universidad Cat\u00f3lica del Uruguay.<\/p>\n\n\n\n<p class=\"wp-block-paragraph\">Investiga esencialmente en el volumen y el espacio aunque sus medios van de la escultura a la instalaci\u00f3n ,la performance y el videoarte. Sus trabajos abordan problem\u00e1ticas como la identidad, la memoria personal y colectiva, la herencia colonial y el espacio sagrado en el arte contempor\u00e1neo.<\/p>\n\n\n\n<p class=\"wp-block-paragraph\">Ha obtenido premios a nivel nacional y realizado numerosas exposiciones, en bienales, galer\u00edas y museos en Uruguay, Brasil, M\u00e9xico, Per\u00fa, Chile, Francia, Alemania y China.<\/p>\n\n\n\n<p class=\"wp-block-paragraph\">En 2020 realiza su primera exhibici\u00f3n antol\u00f3gica ECCE HOMO, en el Centro de Exposiciones SUBTE de Montevideo.<\/p>\n\n\n\n<p class=\"wp-block-paragraph\"><\/p>\n","protected":false},"excerpt":{"rendered":"<p>1970 Artista visual, curador y docente de arte en la Licenciatura en Artes Visuales de la Universidad Cat\u00f3lica del Uruguay.<\/p>\n","protected":false},"author":3,"featured_media":24655,"template":"","meta":[],"person_cat":[305],"person_tag":[770],"class_list":["post-24663","person","type-person","status-publish","has-post-thumbnail","hentry","person_cat-artista","person_tag-festival-2026-es"],"yoast_head":"<!-- This site is optimized with the Yoast SEO plugin v27.4 - https:\/\/yoast.com\/product\/yoast-seo-wordpress\/ -->\n<title>Federico Arnaud - PROYECTOR<\/title>\n<meta name=\"robots\" content=\"index, follow, max-snippet:-1, max-image-preview:large, max-video-preview:-1\" \/>\n<link rel=\"canonical\" href=\"https:\/\/proyector.info\/perfil\/federico-arnaud\/\" \/>\n<meta property=\"og:locale\" content=\"en_US\" \/>\n<meta property=\"og:type\" content=\"article\" \/>\n<meta property=\"og:title\" content=\"Federico Arnaud - PROYECTOR\" \/>\n<meta property=\"og:description\" content=\"1970 Artista visual, curador y docente de arte en la Licenciatura en Artes Visuales de la Universidad Cat\u00f3lica del Uruguay.\" \/>\n<meta property=\"og:url\" content=\"https:\/\/proyector.info\/perfil\/federico-arnaud\/\" \/>\n<meta property=\"og:site_name\" content=\"PROYECTOR\" \/>\n<meta property=\"article:publisher\" content=\"https:\/\/www.facebook.com\/proyectorvideoartfestival\/\" \/>\n<meta property=\"article:modified_time\" content=\"2026-09-02T22:49:29+00:00\" \/>\n<meta property=\"og:image\" content=\"https:\/\/proyector.info\/wp-content\/uploads\/2026\/09\/Federico-Arnaud-082-foto-Eugenia-Kais.jpg\" \/>\n\t<meta property=\"og:image:width\" content=\"1335\" \/>\n\t<meta property=\"og:image:height\" content=\"2000\" \/>\n\t<meta property=\"og:image:type\" content=\"image\/jpeg\" \/>\n<meta name=\"twitter:card\" content=\"summary_large_image\" \/>\n<meta name=\"twitter:site\" content=\"@PROYECTOR_fest\" \/>\n<meta name=\"twitter:label1\" content=\"Est. reading time\" \/>\n\t<meta name=\"twitter:data1\" content=\"1 minute\" \/>\n<script type=\"application\/ld+json\" class=\"yoast-schema-graph\">{\"@context\":\"https:\\\/\\\/schema.org\",\"@graph\":[{\"@type\":\"WebPage\",\"@id\":\"https:\\\/\\\/proyector.info\\\/perfil\\\/federico-arnaud\\\/\",\"url\":\"https:\\\/\\\/proyector.info\\\/perfil\\\/federico-arnaud\\\/\",\"name\":\"Federico Arnaud - PROYECTOR\",\"isPartOf\":{\"@id\":\"https:\\\/\\\/proyector.info\\\/en\\\/#website\"},\"primaryImageOfPage\":{\"@id\":\"https:\\\/\\\/proyector.info\\\/perfil\\\/federico-arnaud\\\/#primaryimage\"},\"image\":{\"@id\":\"https:\\\/\\\/proyector.info\\\/perfil\\\/federico-arnaud\\\/#primaryimage\"},\"thumbnailUrl\":\"https:\\\/\\\/proyector.info\\\/wp-content\\\/uploads\\\/2026\\\/09\\\/Federico-Arnaud-082-foto-Eugenia-Kais.jpg\",\"datePublished\":\"2026-09-02T22:47:47+00:00\",\"dateModified\":\"2026-09-02T22:49:29+00:00\",\"breadcrumb\":{\"@id\":\"https:\\\/\\\/proyector.info\\\/perfil\\\/federico-arnaud\\\/#breadcrumb\"},\"inLanguage\":\"en-US\",\"potentialAction\":[{\"@type\":\"ReadAction\",\"target\":[\"https:\\\/\\\/proyector.info\\\/perfil\\\/federico-arnaud\\\/\"]}]},{\"@type\":\"ImageObject\",\"inLanguage\":\"en-US\",\"@id\":\"https:\\\/\\\/proyector.info\\\/perfil\\\/federico-arnaud\\\/#primaryimage\",\"url\":\"https:\\\/\\\/proyector.info\\\/wp-content\\\/uploads\\\/2026\\\/09\\\/Federico-Arnaud-082-foto-Eugenia-Kais.jpg\",\"contentUrl\":\"https:\\\/\\\/proyector.info\\\/wp-content\\\/uploads\\\/2026\\\/09\\\/Federico-Arnaud-082-foto-Eugenia-Kais.jpg\",\"width\":1335,\"height\":2000,\"caption\":\"Federico Arnaud foto:Eugenia Kais\"},{\"@type\":\"BreadcrumbList\",\"@id\":\"https:\\\/\\\/proyector.info\\\/perfil\\\/federico-arnaud\\\/#breadcrumb\",\"itemListElement\":[{\"@type\":\"ListItem\",\"position\":1,\"name\":\"Portada\",\"item\":\"https:\\\/\\\/proyector.info\\\/en\\\/\"},{\"@type\":\"ListItem\",\"position\":2,\"name\":\"Profiles\",\"item\":\"https:\\\/\\\/proyector.info\\\/en\\\/profiles\\\/\"},{\"@type\":\"ListItem\",\"position\":3,\"name\":\"Federico Arnaud\"}]},{\"@type\":\"WebSite\",\"@id\":\"https:\\\/\\\/proyector.info\\\/en\\\/#website\",\"url\":\"https:\\\/\\\/proyector.info\\\/en\\\/\",\"name\":\"PROYECTOR\",\"description\":\"Plataforma de Imagen en Movimiento\",\"publisher\":{\"@id\":\"https:\\\/\\\/proyector.info\\\/en\\\/#organization\"},\"potentialAction\":[{\"@type\":\"SearchAction\",\"target\":{\"@type\":\"EntryPoint\",\"urlTemplate\":\"https:\\\/\\\/proyector.info\\\/en\\\/?s={search_term_string}\"},\"query-input\":{\"@type\":\"PropertyValueSpecification\",\"valueRequired\":true,\"valueName\":\"search_term_string\"}}],\"inLanguage\":\"en-US\"},{\"@type\":\"Organization\",\"@id\":\"https:\\\/\\\/proyector.info\\\/en\\\/#organization\",\"name\":\"PROYECTOR\",\"url\":\"https:\\\/\\\/proyector.info\\\/en\\\/\",\"logo\":{\"@type\":\"ImageObject\",\"inLanguage\":\"en-US\",\"@id\":\"https:\\\/\\\/proyector.info\\\/en\\\/#\\\/schema\\\/logo\\\/image\\\/\",\"url\":\"https:\\\/\\\/proyector.info\\\/wp-content\\\/uploads\\\/2025\\\/07\\\/cropped-proyector_icono.png\",\"contentUrl\":\"https:\\\/\\\/proyector.info\\\/wp-content\\\/uploads\\\/2025\\\/07\\\/cropped-proyector_icono.png\",\"width\":512,\"height\":512,\"caption\":\"PROYECTOR\"},\"image\":{\"@id\":\"https:\\\/\\\/proyector.info\\\/en\\\/#\\\/schema\\\/logo\\\/image\\\/\"},\"sameAs\":[\"https:\\\/\\\/www.facebook.com\\\/proyectorvideoartfestival\\\/\",\"https:\\\/\\\/x.com\\\/PROYECTOR_fest\",\"https:\\\/\\\/www.instagram.com\\\/proyector_videoartplatform\\\/\",\"https:\\\/\\\/www.tiktok.com\\\/@proyector_fest\",\"https:\\\/\\\/www.youtube.com\\\/user\\\/proyectorvideoart\",\"https:\\\/\\\/vimeo.com\\\/proyectorvideoart\",\"https:\\\/\\\/www.linkedin.com\\\/company\\\/proyector\\\/\"]}]}<\/script>\n<!-- \/ Yoast SEO plugin. -->","yoast_head_json":{"title":"Federico Arnaud - PROYECTOR","robots":{"index":"index","follow":"follow","max-snippet":"max-snippet:-1","max-image-preview":"max-image-preview:large","max-video-preview":"max-video-preview:-1"},"canonical":"https:\/\/proyector.info\/perfil\/federico-arnaud\/","og_locale":"en_US","og_type":"article","og_title":"Federico Arnaud - PROYECTOR","og_description":"1970 Artista visual, curador y docente de arte en la Licenciatura en Artes Visuales de la Universidad Cat\u00f3lica del Uruguay.","og_url":"https:\/\/proyector.info\/perfil\/federico-arnaud\/","og_site_name":"PROYECTOR","article_publisher":"https:\/\/www.facebook.com\/proyectorvideoartfestival\/","article_modified_time":"2026-09-02T22:49:29+00:00","og_image":[{"width":1335,"height":2000,"url":"https:\/\/proyector.info\/wp-content\/uploads\/2026\/09\/Federico-Arnaud-082-foto-Eugenia-Kais.jpg","type":"image\/jpeg"}],"twitter_card":"summary_large_image","twitter_site":"@PROYECTOR_fest","twitter_misc":{"Est. reading time":"1 minute"},"schema":{"@context":"https:\/\/schema.org","@graph":[{"@type":"WebPage","@id":"https:\/\/proyector.info\/perfil\/federico-arnaud\/","url":"https:\/\/proyector.info\/perfil\/federico-arnaud\/","name":"Federico Arnaud - PROYECTOR","isPartOf":{"@id":"https:\/\/proyector.info\/en\/#website"},"primaryImageOfPage":{"@id":"https:\/\/proyector.info\/perfil\/federico-arnaud\/#primaryimage"},"image":{"@id":"https:\/\/proyector.info\/perfil\/federico-arnaud\/#primaryimage"},"thumbnailUrl":"https:\/\/proyector.info\/wp-content\/uploads\/2026\/09\/Federico-Arnaud-082-foto-Eugenia-Kais.jpg","datePublished":"2026-09-02T22:47:47+00:00","dateModified":"2026-09-02T22:49:29+00:00","breadcrumb":{"@id":"https:\/\/proyector.info\/perfil\/federico-arnaud\/#breadcrumb"},"inLanguage":"en-US","potentialAction":[{"@type":"ReadAction","target":["https:\/\/proyector.info\/perfil\/federico-arnaud\/"]}]},{"@type":"ImageObject","inLanguage":"en-US","@id":"https:\/\/proyector.info\/perfil\/federico-arnaud\/#primaryimage","url":"https:\/\/proyector.info\/wp-content\/uploads\/2026\/09\/Federico-Arnaud-082-foto-Eugenia-Kais.jpg","contentUrl":"https:\/\/proyector.info\/wp-content\/uploads\/2026\/09\/Federico-Arnaud-082-foto-Eugenia-Kais.jpg","width":1335,"height":2000,"caption":"Federico Arnaud foto:Eugenia Kais"},{"@type":"BreadcrumbList","@id":"https:\/\/proyector.info\/perfil\/federico-arnaud\/#breadcrumb","itemListElement":[{"@type":"ListItem","position":1,"name":"Portada","item":"https:\/\/proyector.info\/en\/"},{"@type":"ListItem","position":2,"name":"Profiles","item":"https:\/\/proyector.info\/en\/profiles\/"},{"@type":"ListItem","position":3,"name":"Federico Arnaud"}]},{"@type":"WebSite","@id":"https:\/\/proyector.info\/en\/#website","url":"https:\/\/proyector.info\/en\/","name":"PROYECTOR","description":"Plataforma de Imagen en Movimiento","publisher":{"@id":"https:\/\/proyector.info\/en\/#organization"},"potentialAction":[{"@type":"SearchAction","target":{"@type":"EntryPoint","urlTemplate":"https:\/\/proyector.info\/en\/?s={search_term_string}"},"query-input":{"@type":"PropertyValueSpecification","valueRequired":true,"valueName":"search_term_string"}}],"inLanguage":"en-US"},{"@type":"Organization","@id":"https:\/\/proyector.info\/en\/#organization","name":"PROYECTOR","url":"https:\/\/proyector.info\/en\/","logo":{"@type":"ImageObject","inLanguage":"en-US","@id":"https:\/\/proyector.info\/en\/#\/schema\/logo\/image\/","url":"https:\/\/proyector.info\/wp-content\/uploads\/2025\/07\/cropped-proyector_icono.png","contentUrl":"https:\/\/proyector.info\/wp-content\/uploads\/2025\/07\/cropped-proyector_icono.png","width":512,"height":512,"caption":"PROYECTOR"},"image":{"@id":"https:\/\/proyector.info\/en\/#\/schema\/logo\/image\/"},"sameAs":["https:\/\/www.facebook.com\/proyectorvideoartfestival\/","https:\/\/x.com\/PROYECTOR_fest","https:\/\/www.instagram.com\/proyector_videoartplatform\/","https:\/\/www.tiktok.com\/@proyector_fest","https:\/\/www.youtube.com\/user\/proyectorvideoart","https:\/\/vimeo.com\/proyectorvideoart","https:\/\/www.linkedin.com\/company\/proyector\/"]}]}},"_links":{"self":[{"href":"https:\/\/proyector.info\/en\/wp-json\/wp\/v2\/person\/24663","targetHints":{"allow":["GET"]}}],"collection":[{"href":"https:\/\/proyector.info\/en\/wp-json\/wp\/v2\/person"}],"about":[{"href":"https:\/\/proyector.info\/en\/wp-json\/wp\/v2\/types\/person"}],"author":[{"embeddable":true,"href":"https:\/\/proyector.info\/en\/wp-json\/wp\/v2\/users\/3"}],"wp:featuredmedia":[{"embeddable":true,"href":"https:\/\/proyector.info\/en\/wp-json\/wp\/v2\/media\/24655"}],"wp:attachment":[{"href":"https:\/\/proyector.info\/en\/wp-json\/wp\/v2\/media?parent=24663"}],"wp:term":[{"taxonomy":"person_cat","embeddable":true,"href":"https:\/\/proyector.info\/en\/wp-json\/wp\/v2\/person_cat?post=24663"},{"taxonomy":"person_tag","embeddable":true,"href":"https:\/\/proyector.info\/en\/wp-json\/wp\/v2\/person_tag?post=24663"}],"curies":[{"name":"wp","href":"https:\/\/api.w.org\/{rel}","templated":true}]}}

<p class="wp-block-paragraph">1970</p>



<p class="wp-block-paragraph">Artista visual, curador y docente de arte en la Licenciatura en Artes Visuales de la Universidad Católica del Uruguay.</p>



<p class="wp-block-paragraph">Investiga esencialmente en el volumen y el espacio aunque sus medios van de la escultura a la instalación ,la performance y el videoarte. Sus trabajos abordan problemáticas como la identidad, la memoria personal y colectiva, la herencia colonial y el espacio sagrado en el arte contemporáneo.</p>



<p class="wp-block-paragraph">Ha obtenido premios a nivel nacional y realizado numerosas exposiciones, en bienales, galerías y museos en Uruguay, Brasil, México, Perú, Chile, Francia, Alemania y China.</p>



<p class="wp-block-paragraph">En 2020 realiza su primera exhibición antológica ECCE HOMO, en el Centro de Exposiciones SUBTE de Montevideo.</p>



<p class="wp-block-paragraph"></p>

<p>1970 Artista visual, curador y docente de arte en la Licenciatura en Artes Visuales de la Universidad Católica del Uruguay.</p>

<!-- This site is optimized with the Yoast SEO plugin v27.4 - https://yoast.com/product/yoast-seo-wordpress/ -->
<title>Federico Arnaud - PROYECTOR</title>
<meta name="robots" content="index, follow, max-snippet:-1, max-image-preview:large, max-video-preview:-1" />
<link rel="canonical" href="https://proyector.info/perfil/federico-arnaud/" />
<meta property="og:locale" content="en_US" />
<meta property="og:type" content="article" />
<meta property="og:title" content="Federico Arnaud - PROYECTOR" />
<meta property="og:description" content="1970 Artista visual, curador y docente de arte en la Licenciatura en Artes Visuales de la Universidad Católica del Uruguay." />
<meta property="og:url" content="https://proyector.info/perfil/federico-arnaud/" />
<meta property="og:site_name" content="PROYECTOR" />
<meta property="article:publisher" content="https://www.facebook.com/proyectorvideoartfestival/" />
<meta property="article:modified_time" content="2026-09-02T22:49:29+00:00" />
<meta property="og:image" content="https://proyector.info/wp-content/uploads/2026/09/Federico-Arnaud-082-foto-Eugenia-Kais.jpg" />
	<meta property="og:image:width" content="1335" />
	<meta property="og:image:height" content="2000" />
	<meta property="og:image:type" content="image/jpeg" />
<meta name="twitter:card" content="summary_large_image" />
<meta name="twitter:site" content="@PROYECTOR_fest" />
<meta name="twitter:label1" content="Est. reading time" />
	<meta name="twitter:data1" content="1 minute" />
<script type="application/ld+json" class="yoast-schema-graph">{"@context":"https:\/\/schema.org","@graph":[{"@type":"WebPage","@id":"https:\/\/proyector.info\/perfil\/federico-arnaud\/","url":"https:\/\/proyector.info\/perfil\/federico-arnaud\/","name":"Federico Arnaud - PROYECTOR","isPartOf":{"@id":"https:\/\/proyector.info\/en\/#website"},"primaryImageOfPage":{"@id":"https:\/\/proyector.info\/perfil\/federico-arnaud\/#primaryimage"},"image":{"@id":"https:\/\/proyector.info\/perfil\/federico-arnaud\/#primaryimage"},"thumbnailUrl":"https:\/\/proyector.info\/wp-content\/uploads\/2026\/09\/Federico-Arnaud-082-foto-Eugenia-Kais.jpg","datePublished":"2026-09-02T22:47:47+00:00","dateModified":"2026-09-02T22:49:29+00:00","breadcrumb":{"@id":"https:\/\/proyector.info\/perfil\/federico-arnaud\/#breadcrumb"},"inLanguage":"en-US","potentialAction":[{"@type":"ReadAction","target":["https:\/\/proyector.info\/perfil\/federico-arnaud\/"]}]},{"@type":"ImageObject","inLanguage":"en-US","@id":"https:\/\/proyector.info\/perfil\/federico-arnaud\/#primaryimage","url":"https:\/\/proyector.info\/wp-content\/uploads\/2026\/09\/Federico-Arnaud-082-foto-Eugenia-Kais.jpg","contentUrl":"https:\/\/proyector.info\/wp-content\/uploads\/2026\/09\/Federico-Arnaud-082-foto-Eugenia-Kais.jpg","width":1335,"height":2000,"caption":"Federico Arnaud foto:Eugenia Kais"},{"@type":"BreadcrumbList","@id":"https:\/\/proyector.info\/perfil\/federico-arnaud\/#breadcrumb","itemListElement":[{"@type":"ListItem","position":1,"name":"Portada","item":"https:\/\/proyector.info\/en\/"},{"@type":"ListItem","position":2,"name":"Profiles","item":"https:\/\/proyector.info\/en\/profiles\/"},{"@type":"ListItem","position":3,"name":"Federico Arnaud"}]},{"@type":"WebSite","@id":"https:\/\/proyector.info\/en\/#website","url":"https:\/\/proyector.info\/en\/","name":"PROYECTOR","description":"Plataforma de Imagen en Movimiento","publisher":{"@id":"https:\/\/proyector.info\/en\/#organization"},"potentialAction":[{"@type":"SearchAction","target":{"@type":"EntryPoint","urlTemplate":"https:\/\/proyector.info\/en\/?s={search_term_string}"},"query-input":{"@type":"PropertyValueSpecification","valueRequired":true,"valueName":"search_term_string"}}],"inLanguage":"en-US"},{"@type":"Organization","@id":"https:\/\/proyector.info\/en\/#organization","name":"PROYECTOR","url":"https:\/\/proyector.info\/en\/","logo":{"@type":"ImageObject","inLanguage":"en-US","@id":"https:\/\/proyector.info\/en\/#\/schema\/logo\/image\/","url":"https:\/\/proyector.info\/wp-content\/uploads\/2025\/07\/cropped-proyector_icono.png","contentUrl":"https:\/\/proyector.info\/wp-content\/uploads\/2025\/07\/cropped-proyector_icono.png","width":512,"height":512,"caption":"PROYECTOR"},"image":{"@id":"https:\/\/proyector.info\/en\/#\/schema\/logo\/image\/"},"sameAs":["https:\/\/www.facebook.com\/proyectorvideoartfestival\/","https:\/\/x.com\/PROYECTOR_fest","https:\/\/www.instagram.com\/proyector_videoartplatform\/","https:\/\/www.tiktok.com\/@proyector_fest","https:\/\/www.youtube.com\/user\/proyectorvideoart","https:\/\/vimeo.com\/proyectorvideoart","https:\/\/www.linkedin.com\/company\/proyector\/"]}]}</script>
<!-- / Yoast SEO plugin. -->

1970 Artista visual, curador y docente de arte en la Licenciatura en Artes Visuales de la Universidad Católica del Uruguay.
