{"id":24621,"date":"2026-09-03T00:45:08","date_gmt":"2026-09-02T22:45:08","guid":{"rendered":"https:\/\/proyector.info\/?post_type=person&#038;p=24621"},"modified":"2026-09-03T00:47:13","modified_gmt":"2026-09-02T22:47:13","slug":"anaclara-talento-acosta","status":"publish","type":"person","link":"https:\/\/proyector.info\/en\/profile\/anaclara-talento-acosta\/","title":{"rendered":"Anaclara Talento Acosta"},"content":{"rendered":"\n<p class=\"wp-block-paragraph\"><strong>Anaclara Talento Acosta<\/strong> 1988<\/p>\n\n\n\n<p class=\"wp-block-paragraph\">Artista postcontempor\u00e1nea, investigadora y especialista en archivos. Goethe-Institut Fellow en documenta y Museum Fridericinum gGmbH (Kassel, Alemania). Doctorando en Artes Liberales (DLA) (Escuela Doctoral de la Universidad H\u00fangara de Bellas Artes &#8211; HUFA). Mag\u00edster en Bellas Artes (MFA) (Universidad Noruega de Ciencia y Tecnolog\u00eda &#8211; NTNU, Academia de Bellas Artes de Trondheim &#8211; KiT). Licenciada en Artes Pl\u00e1sticas y Visuales (Universidad de la Rep\u00fablica &#8211; UdelaR, Facultad de Artes. Instituto Escuela Nacional de Bellas Artes &#8211; IENBA). Especialista en Archivos Audiovisuales (Instituto Nacional del Audiovisual de Francia \u2013 INA, FIAT\/IFTA, EBU). Miembro de la Fundaci\u00f3n de Arte Contempor\u00e1neo (FAC) en Uruguay desde 2007, miembro de la Artistic Research Society (SAR) desde 2017, miembro del grupo de Investigaci\u00f3n y Pr\u00e1ctica en Educaci\u00f3n Art\u00edstica Decolonial en la Universidad Noruega de Ciencia y Tecnolog\u00eda (NTNU) en Noruega desde 2021, y miembro de la Federaci\u00f3n Internacional de Archivos de Televisi\u00f3n (FIAT\/IFTA) desde 2024. Su obra se organiza en una constelaci\u00f3n de proyectos de largo aliento que funcionan como plataformas narrativas interconectadas, estos proyectos son: <em>EHP: Ensayo de Historia Patria<\/em> donde revisa cr\u00edticamente la construcci\u00f3n de la historia nacional a trav\u00e9s de documentos intervenidos, performance y archivo expandido, <em>Niebla Rosada<\/em> que aborda el duelo, la fragilidad emocional y la apropiaci\u00f3n de im\u00e1genes desde una l\u00f3gica intertextual, <em>Cartas a Sebasti\u00e1n<\/em> donde se desarrolla la idea de la memoria como ensayo, repetici\u00f3n y reescenificaci\u00f3n, Amar en otra lengua que investiga el lenguaje como territorio pol\u00edtico atravesado por colonialidad, traducci\u00f3n y comunidad, <em>Las Llamas Van al Cielo a Morir<\/em> sobre entidades emocionales fortalecidas por el desorden, <em>Enterrado en Privado Borrado en P\u00fablico<\/em> proyecto documental y de archivo sobre Palestina que contrapone vida privada, violencia hist\u00f3rica y reg\u00edmenes de visibilidad, y <em>Actos Sin Escenario<\/em> que desarrolla una metodolog\u00eda para leer los eventos hist\u00f3ricos como representaciones involuntarias mediante la investigaci\u00f3n archiv\u00edstica, el an\u00e1lisis visual y la narraci\u00f3n, examinando la historia como un campo performativo mientras genera nuevas posibilidades art\u00edsticas, curatoriales y te\u00f3ricas.<\/p>\n\n\n\n<p class=\"wp-block-paragraph\"><\/p>\n","protected":false},"excerpt":{"rendered":"<p>Anaclara Talento Acosta 1988 Artista postcontempor\u00e1nea, investigadora y especialista en archivos. Goethe-Institut Fellow en documenta y Museum Fridericinum gGmbH (Kassel,<\/p>\n","protected":false},"author":3,"featured_media":24657,"template":"","meta":[],"person_cat":[305],"person_tag":[770],"class_list":["post-24621","person","type-person","status-publish","has-post-thumbnail","hentry","person_cat-artista","person_tag-festival-2026-es"],"yoast_head":"<!-- This site is optimized with the Yoast SEO plugin v27.4 - https:\/\/yoast.com\/product\/yoast-seo-wordpress\/ -->\n<title>Anaclara Talento Acosta - PROYECTOR<\/title>\n<meta name=\"robots\" content=\"index, follow, max-snippet:-1, max-image-preview:large, max-video-preview:-1\" \/>\n<link rel=\"canonical\" href=\"https:\/\/proyector.info\/perfil\/anaclara-talento-acosta\/\" \/>\n<meta property=\"og:locale\" content=\"en_US\" \/>\n<meta property=\"og:type\" content=\"article\" \/>\n<meta property=\"og:title\" content=\"Anaclara Talento Acosta - PROYECTOR\" \/>\n<meta property=\"og:description\" content=\"Anaclara Talento Acosta 1988 Artista postcontempor\u00e1nea, investigadora y especialista en archivos. Goethe-Institut Fellow en documenta y Museum Fridericinum gGmbH (Kassel,\" \/>\n<meta property=\"og:url\" content=\"https:\/\/proyector.info\/perfil\/anaclara-talento-acosta\/\" \/>\n<meta property=\"og:site_name\" content=\"PROYECTOR\" \/>\n<meta property=\"article:publisher\" content=\"https:\/\/www.facebook.com\/proyectorvideoartfestival\/\" \/>\n<meta property=\"article:modified_time\" content=\"2026-09-02T22:47:13+00:00\" \/>\n<meta property=\"og:image\" content=\"https:\/\/proyector.info\/wp-content\/uploads\/2026\/09\/Anaclara-Talento.jpg\" \/>\n\t<meta property=\"og:image:width\" content=\"1536\" \/>\n\t<meta property=\"og:image:height\" content=\"1024\" \/>\n\t<meta property=\"og:image:type\" content=\"image\/jpeg\" \/>\n<meta name=\"twitter:card\" content=\"summary_large_image\" \/>\n<meta name=\"twitter:site\" content=\"@PROYECTOR_fest\" \/>\n<meta name=\"twitter:label1\" content=\"Est. reading time\" \/>\n\t<meta name=\"twitter:data1\" content=\"2 minutes\" \/>\n<script type=\"application\/ld+json\" class=\"yoast-schema-graph\">{\"@context\":\"https:\\\/\\\/schema.org\",\"@graph\":[{\"@type\":\"WebPage\",\"@id\":\"https:\\\/\\\/proyector.info\\\/perfil\\\/anaclara-talento-acosta\\\/\",\"url\":\"https:\\\/\\\/proyector.info\\\/perfil\\\/anaclara-talento-acosta\\\/\",\"name\":\"Anaclara Talento Acosta - PROYECTOR\",\"isPartOf\":{\"@id\":\"https:\\\/\\\/proyector.info\\\/en\\\/#website\"},\"primaryImageOfPage\":{\"@id\":\"https:\\\/\\\/proyector.info\\\/perfil\\\/anaclara-talento-acosta\\\/#primaryimage\"},\"image\":{\"@id\":\"https:\\\/\\\/proyector.info\\\/perfil\\\/anaclara-talento-acosta\\\/#primaryimage\"},\"thumbnailUrl\":\"https:\\\/\\\/proyector.info\\\/wp-content\\\/uploads\\\/2026\\\/09\\\/Anaclara-Talento.jpg\",\"datePublished\":\"2026-09-02T22:45:08+00:00\",\"dateModified\":\"2026-09-02T22:47:13+00:00\",\"breadcrumb\":{\"@id\":\"https:\\\/\\\/proyector.info\\\/perfil\\\/anaclara-talento-acosta\\\/#breadcrumb\"},\"inLanguage\":\"en-US\",\"potentialAction\":[{\"@type\":\"ReadAction\",\"target\":[\"https:\\\/\\\/proyector.info\\\/perfil\\\/anaclara-talento-acosta\\\/\"]}]},{\"@type\":\"ImageObject\",\"inLanguage\":\"en-US\",\"@id\":\"https:\\\/\\\/proyector.info\\\/perfil\\\/anaclara-talento-acosta\\\/#primaryimage\",\"url\":\"https:\\\/\\\/proyector.info\\\/wp-content\\\/uploads\\\/2026\\\/09\\\/Anaclara-Talento.jpg\",\"contentUrl\":\"https:\\\/\\\/proyector.info\\\/wp-content\\\/uploads\\\/2026\\\/09\\\/Anaclara-Talento.jpg\",\"width\":1536,\"height\":1024},{\"@type\":\"BreadcrumbList\",\"@id\":\"https:\\\/\\\/proyector.info\\\/perfil\\\/anaclara-talento-acosta\\\/#breadcrumb\",\"itemListElement\":[{\"@type\":\"ListItem\",\"position\":1,\"name\":\"Portada\",\"item\":\"https:\\\/\\\/proyector.info\\\/en\\\/\"},{\"@type\":\"ListItem\",\"position\":2,\"name\":\"Profiles\",\"item\":\"https:\\\/\\\/proyector.info\\\/en\\\/profiles\\\/\"},{\"@type\":\"ListItem\",\"position\":3,\"name\":\"Anaclara Talento Acosta\"}]},{\"@type\":\"WebSite\",\"@id\":\"https:\\\/\\\/proyector.info\\\/en\\\/#website\",\"url\":\"https:\\\/\\\/proyector.info\\\/en\\\/\",\"name\":\"PROYECTOR\",\"description\":\"Plataforma de Imagen en Movimiento\",\"publisher\":{\"@id\":\"https:\\\/\\\/proyector.info\\\/en\\\/#organization\"},\"potentialAction\":[{\"@type\":\"SearchAction\",\"target\":{\"@type\":\"EntryPoint\",\"urlTemplate\":\"https:\\\/\\\/proyector.info\\\/en\\\/?s={search_term_string}\"},\"query-input\":{\"@type\":\"PropertyValueSpecification\",\"valueRequired\":true,\"valueName\":\"search_term_string\"}}],\"inLanguage\":\"en-US\"},{\"@type\":\"Organization\",\"@id\":\"https:\\\/\\\/proyector.info\\\/en\\\/#organization\",\"name\":\"PROYECTOR\",\"url\":\"https:\\\/\\\/proyector.info\\\/en\\\/\",\"logo\":{\"@type\":\"ImageObject\",\"inLanguage\":\"en-US\",\"@id\":\"https:\\\/\\\/proyector.info\\\/en\\\/#\\\/schema\\\/logo\\\/image\\\/\",\"url\":\"https:\\\/\\\/proyector.info\\\/wp-content\\\/uploads\\\/2025\\\/07\\\/cropped-proyector_icono.png\",\"contentUrl\":\"https:\\\/\\\/proyector.info\\\/wp-content\\\/uploads\\\/2025\\\/07\\\/cropped-proyector_icono.png\",\"width\":512,\"height\":512,\"caption\":\"PROYECTOR\"},\"image\":{\"@id\":\"https:\\\/\\\/proyector.info\\\/en\\\/#\\\/schema\\\/logo\\\/image\\\/\"},\"sameAs\":[\"https:\\\/\\\/www.facebook.com\\\/proyectorvideoartfestival\\\/\",\"https:\\\/\\\/x.com\\\/PROYECTOR_fest\",\"https:\\\/\\\/www.instagram.com\\\/proyector_videoartplatform\\\/\",\"https:\\\/\\\/www.tiktok.com\\\/@proyector_fest\",\"https:\\\/\\\/www.youtube.com\\\/user\\\/proyectorvideoart\",\"https:\\\/\\\/vimeo.com\\\/proyectorvideoart\",\"https:\\\/\\\/www.linkedin.com\\\/company\\\/proyector\\\/\"]}]}<\/script>\n<!-- \/ Yoast SEO plugin. -->","yoast_head_json":{"title":"Anaclara Talento Acosta - PROYECTOR","robots":{"index":"index","follow":"follow","max-snippet":"max-snippet:-1","max-image-preview":"max-image-preview:large","max-video-preview":"max-video-preview:-1"},"canonical":"https:\/\/proyector.info\/perfil\/anaclara-talento-acosta\/","og_locale":"en_US","og_type":"article","og_title":"Anaclara Talento Acosta - PROYECTOR","og_description":"Anaclara Talento Acosta 1988 Artista postcontempor\u00e1nea, investigadora y especialista en archivos. Goethe-Institut Fellow en documenta y Museum Fridericinum gGmbH (Kassel,","og_url":"https:\/\/proyector.info\/perfil\/anaclara-talento-acosta\/","og_site_name":"PROYECTOR","article_publisher":"https:\/\/www.facebook.com\/proyectorvideoartfestival\/","article_modified_time":"2026-09-02T22:47:13+00:00","og_image":[{"width":1536,"height":1024,"url":"https:\/\/proyector.info\/wp-content\/uploads\/2026\/09\/Anaclara-Talento.jpg","type":"image\/jpeg"}],"twitter_card":"summary_large_image","twitter_site":"@PROYECTOR_fest","twitter_misc":{"Est. reading time":"2 minutes"},"schema":{"@context":"https:\/\/schema.org","@graph":[{"@type":"WebPage","@id":"https:\/\/proyector.info\/perfil\/anaclara-talento-acosta\/","url":"https:\/\/proyector.info\/perfil\/anaclara-talento-acosta\/","name":"Anaclara Talento Acosta - PROYECTOR","isPartOf":{"@id":"https:\/\/proyector.info\/en\/#website"},"primaryImageOfPage":{"@id":"https:\/\/proyector.info\/perfil\/anaclara-talento-acosta\/#primaryimage"},"image":{"@id":"https:\/\/proyector.info\/perfil\/anaclara-talento-acosta\/#primaryimage"},"thumbnailUrl":"https:\/\/proyector.info\/wp-content\/uploads\/2026\/09\/Anaclara-Talento.jpg","datePublished":"2026-09-02T22:45:08+00:00","dateModified":"2026-09-02T22:47:13+00:00","breadcrumb":{"@id":"https:\/\/proyector.info\/perfil\/anaclara-talento-acosta\/#breadcrumb"},"inLanguage":"en-US","potentialAction":[{"@type":"ReadAction","target":["https:\/\/proyector.info\/perfil\/anaclara-talento-acosta\/"]}]},{"@type":"ImageObject","inLanguage":"en-US","@id":"https:\/\/proyector.info\/perfil\/anaclara-talento-acosta\/#primaryimage","url":"https:\/\/proyector.info\/wp-content\/uploads\/2026\/09\/Anaclara-Talento.jpg","contentUrl":"https:\/\/proyector.info\/wp-content\/uploads\/2026\/09\/Anaclara-Talento.jpg","width":1536,"height":1024},{"@type":"BreadcrumbList","@id":"https:\/\/proyector.info\/perfil\/anaclara-talento-acosta\/#breadcrumb","itemListElement":[{"@type":"ListItem","position":1,"name":"Portada","item":"https:\/\/proyector.info\/en\/"},{"@type":"ListItem","position":2,"name":"Profiles","item":"https:\/\/proyector.info\/en\/profiles\/"},{"@type":"ListItem","position":3,"name":"Anaclara Talento Acosta"}]},{"@type":"WebSite","@id":"https:\/\/proyector.info\/en\/#website","url":"https:\/\/proyector.info\/en\/","name":"PROYECTOR","description":"Plataforma de Imagen en Movimiento","publisher":{"@id":"https:\/\/proyector.info\/en\/#organization"},"potentialAction":[{"@type":"SearchAction","target":{"@type":"EntryPoint","urlTemplate":"https:\/\/proyector.info\/en\/?s={search_term_string}"},"query-input":{"@type":"PropertyValueSpecification","valueRequired":true,"valueName":"search_term_string"}}],"inLanguage":"en-US"},{"@type":"Organization","@id":"https:\/\/proyector.info\/en\/#organization","name":"PROYECTOR","url":"https:\/\/proyector.info\/en\/","logo":{"@type":"ImageObject","inLanguage":"en-US","@id":"https:\/\/proyector.info\/en\/#\/schema\/logo\/image\/","url":"https:\/\/proyector.info\/wp-content\/uploads\/2025\/07\/cropped-proyector_icono.png","contentUrl":"https:\/\/proyector.info\/wp-content\/uploads\/2025\/07\/cropped-proyector_icono.png","width":512,"height":512,"caption":"PROYECTOR"},"image":{"@id":"https:\/\/proyector.info\/en\/#\/schema\/logo\/image\/"},"sameAs":["https:\/\/www.facebook.com\/proyectorvideoartfestival\/","https:\/\/x.com\/PROYECTOR_fest","https:\/\/www.instagram.com\/proyector_videoartplatform\/","https:\/\/www.tiktok.com\/@proyector_fest","https:\/\/www.youtube.com\/user\/proyectorvideoart","https:\/\/vimeo.com\/proyectorvideoart","https:\/\/www.linkedin.com\/company\/proyector\/"]}]}},"_links":{"self":[{"href":"https:\/\/proyector.info\/en\/wp-json\/wp\/v2\/person\/24621","targetHints":{"allow":["GET"]}}],"collection":[{"href":"https:\/\/proyector.info\/en\/wp-json\/wp\/v2\/person"}],"about":[{"href":"https:\/\/proyector.info\/en\/wp-json\/wp\/v2\/types\/person"}],"author":[{"embeddable":true,"href":"https:\/\/proyector.info\/en\/wp-json\/wp\/v2\/users\/3"}],"wp:featuredmedia":[{"embeddable":true,"href":"https:\/\/proyector.info\/en\/wp-json\/wp\/v2\/media\/24657"}],"wp:attachment":[{"href":"https:\/\/proyector.info\/en\/wp-json\/wp\/v2\/media?parent=24621"}],"wp:term":[{"taxonomy":"person_cat","embeddable":true,"href":"https:\/\/proyector.info\/en\/wp-json\/wp\/v2\/person_cat?post=24621"},{"taxonomy":"person_tag","embeddable":true,"href":"https:\/\/proyector.info\/en\/wp-json\/wp\/v2\/person_tag?post=24621"}],"curies":[{"name":"wp","href":"https:\/\/api.w.org\/{rel}","templated":true}]}}

<p class="wp-block-paragraph"><strong>Anaclara Talento Acosta</strong> 1988</p>



<p class="wp-block-paragraph">Artista postcontemporánea, investigadora y especialista en archivos. Goethe-Institut Fellow en documenta y Museum Fridericinum gGmbH (Kassel, Alemania). Doctorando en Artes Liberales (DLA) (Escuela Doctoral de la Universidad Húngara de Bellas Artes &#8211; HUFA). Magíster en Bellas Artes (MFA) (Universidad Noruega de Ciencia y Tecnología &#8211; NTNU, Academia de Bellas Artes de Trondheim &#8211; KiT). Licenciada en Artes Plásticas y Visuales (Universidad de la República &#8211; UdelaR, Facultad de Artes. Instituto Escuela Nacional de Bellas Artes &#8211; IENBA). Especialista en Archivos Audiovisuales (Instituto Nacional del Audiovisual de Francia – INA, FIAT/IFTA, EBU). Miembro de la Fundación de Arte Contemporáneo (FAC) en Uruguay desde 2007, miembro de la Artistic Research Society (SAR) desde 2017, miembro del grupo de Investigación y Práctica en Educación Artística Decolonial en la Universidad Noruega de Ciencia y Tecnología (NTNU) en Noruega desde 2021, y miembro de la Federación Internacional de Archivos de Televisión (FIAT/IFTA) desde 2024. Su obra se organiza en una constelación de proyectos de largo aliento que funcionan como plataformas narrativas interconectadas, estos proyectos son: <em>EHP: Ensayo de Historia Patria</em> donde revisa críticamente la construcción de la historia nacional a través de documentos intervenidos, performance y archivo expandido, <em>Niebla Rosada</em> que aborda el duelo, la fragilidad emocional y la apropiación de imágenes desde una lógica intertextual, <em>Cartas a Sebastián</em> donde se desarrolla la idea de la memoria como ensayo, repetición y reescenificación, Amar en otra lengua que investiga el lenguaje como territorio político atravesado por colonialidad, traducción y comunidad, <em>Las Llamas Van al Cielo a Morir</em> sobre entidades emocionales fortalecidas por el desorden, <em>Enterrado en Privado Borrado en Público</em> proyecto documental y de archivo sobre Palestina que contrapone vida privada, violencia histórica y regímenes de visibilidad, y <em>Actos Sin Escenario</em> que desarrolla una metodología para leer los eventos históricos como representaciones involuntarias mediante la investigación archivística, el análisis visual y la narración, examinando la historia como un campo performativo mientras genera nuevas posibilidades artísticas, curatoriales y teóricas.</p>



<p class="wp-block-paragraph"></p>

<p>Anaclara Talento Acosta 1988 Artista postcontemporánea, investigadora y especialista en archivos. Goethe-Institut Fellow en documenta y Museum Fridericinum gGmbH (Kassel,</p>

<!-- This site is optimized with the Yoast SEO plugin v27.4 - https://yoast.com/product/yoast-seo-wordpress/ -->
<title>Anaclara Talento Acosta - PROYECTOR</title>
<meta name="robots" content="index, follow, max-snippet:-1, max-image-preview:large, max-video-preview:-1" />
<link rel="canonical" href="https://proyector.info/perfil/anaclara-talento-acosta/" />
<meta property="og:locale" content="en_US" />
<meta property="og:type" content="article" />
<meta property="og:title" content="Anaclara Talento Acosta - PROYECTOR" />
<meta property="og:description" content="Anaclara Talento Acosta 1988 Artista postcontemporánea, investigadora y especialista en archivos. Goethe-Institut Fellow en documenta y Museum Fridericinum gGmbH (Kassel," />
<meta property="og:url" content="https://proyector.info/perfil/anaclara-talento-acosta/" />
<meta property="og:site_name" content="PROYECTOR" />
<meta property="article:publisher" content="https://www.facebook.com/proyectorvideoartfestival/" />
<meta property="article:modified_time" content="2026-09-02T22:47:13+00:00" />
<meta property="og:image" content="https://proyector.info/wp-content/uploads/2026/09/Anaclara-Talento.jpg" />
	<meta property="og:image:width" content="1536" />
	<meta property="og:image:height" content="1024" />
	<meta property="og:image:type" content="image/jpeg" />
<meta name="twitter:card" content="summary_large_image" />
<meta name="twitter:site" content="@PROYECTOR_fest" />
<meta name="twitter:label1" content="Est. reading time" />
	<meta name="twitter:data1" content="2 minutes" />
<script type="application/ld+json" class="yoast-schema-graph">{"@context":"https:\/\/schema.org","@graph":[{"@type":"WebPage","@id":"https:\/\/proyector.info\/perfil\/anaclara-talento-acosta\/","url":"https:\/\/proyector.info\/perfil\/anaclara-talento-acosta\/","name":"Anaclara Talento Acosta - PROYECTOR","isPartOf":{"@id":"https:\/\/proyector.info\/en\/#website"},"primaryImageOfPage":{"@id":"https:\/\/proyector.info\/perfil\/anaclara-talento-acosta\/#primaryimage"},"image":{"@id":"https:\/\/proyector.info\/perfil\/anaclara-talento-acosta\/#primaryimage"},"thumbnailUrl":"https:\/\/proyector.info\/wp-content\/uploads\/2026\/09\/Anaclara-Talento.jpg","datePublished":"2026-09-02T22:45:08+00:00","dateModified":"2026-09-02T22:47:13+00:00","breadcrumb":{"@id":"https:\/\/proyector.info\/perfil\/anaclara-talento-acosta\/#breadcrumb"},"inLanguage":"en-US","potentialAction":[{"@type":"ReadAction","target":["https:\/\/proyector.info\/perfil\/anaclara-talento-acosta\/"]}]},{"@type":"ImageObject","inLanguage":"en-US","@id":"https:\/\/proyector.info\/perfil\/anaclara-talento-acosta\/#primaryimage","url":"https:\/\/proyector.info\/wp-content\/uploads\/2026\/09\/Anaclara-Talento.jpg","contentUrl":"https:\/\/proyector.info\/wp-content\/uploads\/2026\/09\/Anaclara-Talento.jpg","width":1536,"height":1024},{"@type":"BreadcrumbList","@id":"https:\/\/proyector.info\/perfil\/anaclara-talento-acosta\/#breadcrumb","itemListElement":[{"@type":"ListItem","position":1,"name":"Portada","item":"https:\/\/proyector.info\/en\/"},{"@type":"ListItem","position":2,"name":"Profiles","item":"https:\/\/proyector.info\/en\/profiles\/"},{"@type":"ListItem","position":3,"name":"Anaclara Talento Acosta"}]},{"@type":"WebSite","@id":"https:\/\/proyector.info\/en\/#website","url":"https:\/\/proyector.info\/en\/","name":"PROYECTOR","description":"Plataforma de Imagen en Movimiento","publisher":{"@id":"https:\/\/proyector.info\/en\/#organization"},"potentialAction":[{"@type":"SearchAction","target":{"@type":"EntryPoint","urlTemplate":"https:\/\/proyector.info\/en\/?s={search_term_string}"},"query-input":{"@type":"PropertyValueSpecification","valueRequired":true,"valueName":"search_term_string"}}],"inLanguage":"en-US"},{"@type":"Organization","@id":"https:\/\/proyector.info\/en\/#organization","name":"PROYECTOR","url":"https:\/\/proyector.info\/en\/","logo":{"@type":"ImageObject","inLanguage":"en-US","@id":"https:\/\/proyector.info\/en\/#\/schema\/logo\/image\/","url":"https:\/\/proyector.info\/wp-content\/uploads\/2025\/07\/cropped-proyector_icono.png","contentUrl":"https:\/\/proyector.info\/wp-content\/uploads\/2025\/07\/cropped-proyector_icono.png","width":512,"height":512,"caption":"PROYECTOR"},"image":{"@id":"https:\/\/proyector.info\/en\/#\/schema\/logo\/image\/"},"sameAs":["https:\/\/www.facebook.com\/proyectorvideoartfestival\/","https:\/\/x.com\/PROYECTOR_fest","https:\/\/www.instagram.com\/proyector_videoartplatform\/","https:\/\/www.tiktok.com\/@proyector_fest","https:\/\/www.youtube.com\/user\/proyectorvideoart","https:\/\/vimeo.com\/proyectorvideoart","https:\/\/www.linkedin.com\/company\/proyector\/"]}]}</script>
<!-- / Yoast SEO plugin. -->

Anaclara Talento Acosta 1988 Artista postcontemporánea, investigadora y especialista en archivos. Goethe-Institut Fellow en documenta y Museum Fridericinum gGmbH (Kassel,
