{"id":24424,"date":"2026-08-27T12:24:30","date_gmt":"2026-08-27T10:24:30","guid":{"rendered":"https:\/\/proyector.info\/?post_type=person&#038;p=24424"},"modified":"2026-08-27T12:29:15","modified_gmt":"2026-08-27T10:29:15","slug":"ignacio-mendia","status":"publish","type":"person","link":"https:\/\/proyector.info\/en\/profile\/ignacio-mendia\/","title":{"rendered":"Ignacio Mendia"},"content":{"rendered":"\n<p class=\"wp-block-paragraph\">Naci\u00f3 en Capital Federal , Argentina. en 1979, arrib\u00f3 a la costa marplatense a los 4 a\u00f1os junto con sus padres. Su primer acercamiento al arte fue a trav\u00e9s de la poes\u00eda.<\/p>\n\n\n\n<p class=\"wp-block-paragraph\">En 1996, incursiona en las artes dram\u00e1ticas de la mano del Grupo de Teatro Vulcanch\u00e9. En 2004, se recibe de Realizador en Artes Visuales con especialidad en Pintura y Grabado en la escuela Mart\u00edn A. Malharro (Mar del Plata).<\/p>\n\n\n\n<p class=\"wp-block-paragraph\">Durante el 2010 se desempe\u00f1\u00f3 como curador del espacio La Harinera Arte. En el 2011 y 2012 colabor\u00f3 como montajista y recepcionista en Mundo Dios. Residencia de artistas. Puerto Mar del Plata.<\/p>\n\n\n\n<p class=\"wp-block-paragraph\">En el a\u00f1o 2008 toma contacto con el mundo del VJ. Y desde ese entonces ha experimentado con las videoinstalaciones, el video en vivo y el mapping acompa\u00f1ando a diferentes amigos djs y bandas de m\u00fasica en sus shows.<\/p>\n\n\n\n<p class=\"wp-block-paragraph\">Desde 2012 se desempe\u00f1a como profesor de Medios Audiovisuales en la carrera de Realizador en la Escuela de Artes Visuales \u201cMart\u00edn A. Malharro\u201d.<\/p>\n\n\n\n<p class=\"wp-block-paragraph\">Actualmente, trabaja de VJ, performer, docente y artista multimedial. Reside en la ciudad de Mar del Plata, Buenos Aires, Argentina.<\/p>\n","protected":false},"excerpt":{"rendered":"<p>Naci\u00f3 en Capital Federal , Argentina. en 1979, arrib\u00f3 a la costa marplatense a los 4 a\u00f1os junto con sus<\/p>\n","protected":false},"author":3,"featured_media":24425,"template":"","meta":[],"person_cat":[305],"person_tag":[1196,1229],"class_list":["post-24424","person","type-person","status-publish","has-post-thumbnail","hentry","person_cat-artista","person_tag-1196","person_tag-proyector2026"],"yoast_head":"<!-- This site is optimized with the Yoast SEO plugin v27.4 - https:\/\/yoast.com\/product\/yoast-seo-wordpress\/ -->\n<title>Ignacio Mendia - PROYECTOR<\/title>\n<meta name=\"robots\" content=\"index, follow, max-snippet:-1, max-image-preview:large, max-video-preview:-1\" \/>\n<link rel=\"canonical\" href=\"https:\/\/proyector.info\/perfil\/ignacio-mendia\/\" \/>\n<meta property=\"og:locale\" content=\"en_US\" \/>\n<meta property=\"og:type\" content=\"article\" \/>\n<meta property=\"og:title\" content=\"Ignacio Mendia - PROYECTOR\" \/>\n<meta property=\"og:description\" content=\"Naci\u00f3 en Capital Federal , Argentina. en 1979, arrib\u00f3 a la costa marplatense a los 4 a\u00f1os junto con sus\" \/>\n<meta property=\"og:url\" content=\"https:\/\/proyector.info\/perfil\/ignacio-mendia\/\" \/>\n<meta property=\"og:site_name\" content=\"PROYECTOR\" \/>\n<meta property=\"article:publisher\" content=\"https:\/\/www.facebook.com\/proyectorvideoartfestival\/\" \/>\n<meta property=\"article:modified_time\" content=\"2026-08-27T10:29:15+00:00\" \/>\n<meta property=\"og:image\" content=\"https:\/\/proyector.info\/wp-content\/uploads\/2026\/08\/unnamed-4.jpg\" \/>\n\t<meta property=\"og:image:width\" content=\"1308\" \/>\n\t<meta property=\"og:image:height\" content=\"1296\" \/>\n\t<meta property=\"og:image:type\" content=\"image\/jpeg\" \/>\n<meta name=\"twitter:card\" content=\"summary_large_image\" \/>\n<meta name=\"twitter:site\" content=\"@PROYECTOR_fest\" \/>\n<meta name=\"twitter:label1\" content=\"Est. reading time\" \/>\n\t<meta name=\"twitter:data1\" content=\"2 minutes\" \/>\n<script type=\"application\/ld+json\" class=\"yoast-schema-graph\">{\"@context\":\"https:\\\/\\\/schema.org\",\"@graph\":[{\"@type\":\"WebPage\",\"@id\":\"https:\\\/\\\/proyector.info\\\/perfil\\\/ignacio-mendia\\\/\",\"url\":\"https:\\\/\\\/proyector.info\\\/perfil\\\/ignacio-mendia\\\/\",\"name\":\"Ignacio Mendia - PROYECTOR\",\"isPartOf\":{\"@id\":\"https:\\\/\\\/proyector.info\\\/en\\\/#website\"},\"primaryImageOfPage\":{\"@id\":\"https:\\\/\\\/proyector.info\\\/perfil\\\/ignacio-mendia\\\/#primaryimage\"},\"image\":{\"@id\":\"https:\\\/\\\/proyector.info\\\/perfil\\\/ignacio-mendia\\\/#primaryimage\"},\"thumbnailUrl\":\"https:\\\/\\\/proyector.info\\\/wp-content\\\/uploads\\\/2026\\\/08\\\/unnamed-4.jpg\",\"datePublished\":\"2026-08-27T10:24:30+00:00\",\"dateModified\":\"2026-08-27T10:29:15+00:00\",\"breadcrumb\":{\"@id\":\"https:\\\/\\\/proyector.info\\\/perfil\\\/ignacio-mendia\\\/#breadcrumb\"},\"inLanguage\":\"en-US\",\"potentialAction\":[{\"@type\":\"ReadAction\",\"target\":[\"https:\\\/\\\/proyector.info\\\/perfil\\\/ignacio-mendia\\\/\"]}]},{\"@type\":\"ImageObject\",\"inLanguage\":\"en-US\",\"@id\":\"https:\\\/\\\/proyector.info\\\/perfil\\\/ignacio-mendia\\\/#primaryimage\",\"url\":\"https:\\\/\\\/proyector.info\\\/wp-content\\\/uploads\\\/2026\\\/08\\\/unnamed-4.jpg\",\"contentUrl\":\"https:\\\/\\\/proyector.info\\\/wp-content\\\/uploads\\\/2026\\\/08\\\/unnamed-4.jpg\",\"width\":1308,\"height\":1296},{\"@type\":\"BreadcrumbList\",\"@id\":\"https:\\\/\\\/proyector.info\\\/perfil\\\/ignacio-mendia\\\/#breadcrumb\",\"itemListElement\":[{\"@type\":\"ListItem\",\"position\":1,\"name\":\"Portada\",\"item\":\"https:\\\/\\\/proyector.info\\\/en\\\/\"},{\"@type\":\"ListItem\",\"position\":2,\"name\":\"Profiles\",\"item\":\"https:\\\/\\\/proyector.info\\\/en\\\/profiles\\\/\"},{\"@type\":\"ListItem\",\"position\":3,\"name\":\"Ignacio Mendia\"}]},{\"@type\":\"WebSite\",\"@id\":\"https:\\\/\\\/proyector.info\\\/en\\\/#website\",\"url\":\"https:\\\/\\\/proyector.info\\\/en\\\/\",\"name\":\"PROYECTOR\",\"description\":\"Plataforma de Imagen en Movimiento\",\"publisher\":{\"@id\":\"https:\\\/\\\/proyector.info\\\/en\\\/#organization\"},\"potentialAction\":[{\"@type\":\"SearchAction\",\"target\":{\"@type\":\"EntryPoint\",\"urlTemplate\":\"https:\\\/\\\/proyector.info\\\/en\\\/?s={search_term_string}\"},\"query-input\":{\"@type\":\"PropertyValueSpecification\",\"valueRequired\":true,\"valueName\":\"search_term_string\"}}],\"inLanguage\":\"en-US\"},{\"@type\":\"Organization\",\"@id\":\"https:\\\/\\\/proyector.info\\\/en\\\/#organization\",\"name\":\"PROYECTOR\",\"url\":\"https:\\\/\\\/proyector.info\\\/en\\\/\",\"logo\":{\"@type\":\"ImageObject\",\"inLanguage\":\"en-US\",\"@id\":\"https:\\\/\\\/proyector.info\\\/en\\\/#\\\/schema\\\/logo\\\/image\\\/\",\"url\":\"https:\\\/\\\/proyector.info\\\/wp-content\\\/uploads\\\/2025\\\/07\\\/cropped-proyector_icono.png\",\"contentUrl\":\"https:\\\/\\\/proyector.info\\\/wp-content\\\/uploads\\\/2025\\\/07\\\/cropped-proyector_icono.png\",\"width\":512,\"height\":512,\"caption\":\"PROYECTOR\"},\"image\":{\"@id\":\"https:\\\/\\\/proyector.info\\\/en\\\/#\\\/schema\\\/logo\\\/image\\\/\"},\"sameAs\":[\"https:\\\/\\\/www.facebook.com\\\/proyectorvideoartfestival\\\/\",\"https:\\\/\\\/x.com\\\/PROYECTOR_fest\",\"https:\\\/\\\/www.instagram.com\\\/proyector_videoartplatform\\\/\",\"https:\\\/\\\/www.tiktok.com\\\/@proyector_fest\",\"https:\\\/\\\/www.youtube.com\\\/user\\\/proyectorvideoart\",\"https:\\\/\\\/vimeo.com\\\/proyectorvideoart\",\"https:\\\/\\\/www.linkedin.com\\\/company\\\/proyector\\\/\"]}]}<\/script>\n<!-- \/ Yoast SEO plugin. -->","yoast_head_json":{"title":"Ignacio Mendia - PROYECTOR","robots":{"index":"index","follow":"follow","max-snippet":"max-snippet:-1","max-image-preview":"max-image-preview:large","max-video-preview":"max-video-preview:-1"},"canonical":"https:\/\/proyector.info\/perfil\/ignacio-mendia\/","og_locale":"en_US","og_type":"article","og_title":"Ignacio Mendia - PROYECTOR","og_description":"Naci\u00f3 en Capital Federal , Argentina. en 1979, arrib\u00f3 a la costa marplatense a los 4 a\u00f1os junto con sus","og_url":"https:\/\/proyector.info\/perfil\/ignacio-mendia\/","og_site_name":"PROYECTOR","article_publisher":"https:\/\/www.facebook.com\/proyectorvideoartfestival\/","article_modified_time":"2026-08-27T10:29:15+00:00","og_image":[{"width":1308,"height":1296,"url":"https:\/\/proyector.info\/wp-content\/uploads\/2026\/08\/unnamed-4.jpg","type":"image\/jpeg"}],"twitter_card":"summary_large_image","twitter_site":"@PROYECTOR_fest","twitter_misc":{"Est. reading time":"2 minutes"},"schema":{"@context":"https:\/\/schema.org","@graph":[{"@type":"WebPage","@id":"https:\/\/proyector.info\/perfil\/ignacio-mendia\/","url":"https:\/\/proyector.info\/perfil\/ignacio-mendia\/","name":"Ignacio Mendia - PROYECTOR","isPartOf":{"@id":"https:\/\/proyector.info\/en\/#website"},"primaryImageOfPage":{"@id":"https:\/\/proyector.info\/perfil\/ignacio-mendia\/#primaryimage"},"image":{"@id":"https:\/\/proyector.info\/perfil\/ignacio-mendia\/#primaryimage"},"thumbnailUrl":"https:\/\/proyector.info\/wp-content\/uploads\/2026\/08\/unnamed-4.jpg","datePublished":"2026-08-27T10:24:30+00:00","dateModified":"2026-08-27T10:29:15+00:00","breadcrumb":{"@id":"https:\/\/proyector.info\/perfil\/ignacio-mendia\/#breadcrumb"},"inLanguage":"en-US","potentialAction":[{"@type":"ReadAction","target":["https:\/\/proyector.info\/perfil\/ignacio-mendia\/"]}]},{"@type":"ImageObject","inLanguage":"en-US","@id":"https:\/\/proyector.info\/perfil\/ignacio-mendia\/#primaryimage","url":"https:\/\/proyector.info\/wp-content\/uploads\/2026\/08\/unnamed-4.jpg","contentUrl":"https:\/\/proyector.info\/wp-content\/uploads\/2026\/08\/unnamed-4.jpg","width":1308,"height":1296},{"@type":"BreadcrumbList","@id":"https:\/\/proyector.info\/perfil\/ignacio-mendia\/#breadcrumb","itemListElement":[{"@type":"ListItem","position":1,"name":"Portada","item":"https:\/\/proyector.info\/en\/"},{"@type":"ListItem","position":2,"name":"Profiles","item":"https:\/\/proyector.info\/en\/profiles\/"},{"@type":"ListItem","position":3,"name":"Ignacio Mendia"}]},{"@type":"WebSite","@id":"https:\/\/proyector.info\/en\/#website","url":"https:\/\/proyector.info\/en\/","name":"PROYECTOR","description":"Plataforma de Imagen en Movimiento","publisher":{"@id":"https:\/\/proyector.info\/en\/#organization"},"potentialAction":[{"@type":"SearchAction","target":{"@type":"EntryPoint","urlTemplate":"https:\/\/proyector.info\/en\/?s={search_term_string}"},"query-input":{"@type":"PropertyValueSpecification","valueRequired":true,"valueName":"search_term_string"}}],"inLanguage":"en-US"},{"@type":"Organization","@id":"https:\/\/proyector.info\/en\/#organization","name":"PROYECTOR","url":"https:\/\/proyector.info\/en\/","logo":{"@type":"ImageObject","inLanguage":"en-US","@id":"https:\/\/proyector.info\/en\/#\/schema\/logo\/image\/","url":"https:\/\/proyector.info\/wp-content\/uploads\/2025\/07\/cropped-proyector_icono.png","contentUrl":"https:\/\/proyector.info\/wp-content\/uploads\/2025\/07\/cropped-proyector_icono.png","width":512,"height":512,"caption":"PROYECTOR"},"image":{"@id":"https:\/\/proyector.info\/en\/#\/schema\/logo\/image\/"},"sameAs":["https:\/\/www.facebook.com\/proyectorvideoartfestival\/","https:\/\/x.com\/PROYECTOR_fest","https:\/\/www.instagram.com\/proyector_videoartplatform\/","https:\/\/www.tiktok.com\/@proyector_fest","https:\/\/www.youtube.com\/user\/proyectorvideoart","https:\/\/vimeo.com\/proyectorvideoart","https:\/\/www.linkedin.com\/company\/proyector\/"]}]}},"_links":{"self":[{"href":"https:\/\/proyector.info\/en\/wp-json\/wp\/v2\/person\/24424","targetHints":{"allow":["GET"]}}],"collection":[{"href":"https:\/\/proyector.info\/en\/wp-json\/wp\/v2\/person"}],"about":[{"href":"https:\/\/proyector.info\/en\/wp-json\/wp\/v2\/types\/person"}],"author":[{"embeddable":true,"href":"https:\/\/proyector.info\/en\/wp-json\/wp\/v2\/users\/3"}],"wp:featuredmedia":[{"embeddable":true,"href":"https:\/\/proyector.info\/en\/wp-json\/wp\/v2\/media\/24425"}],"wp:attachment":[{"href":"https:\/\/proyector.info\/en\/wp-json\/wp\/v2\/media?parent=24424"}],"wp:term":[{"taxonomy":"person_cat","embeddable":true,"href":"https:\/\/proyector.info\/en\/wp-json\/wp\/v2\/person_cat?post=24424"},{"taxonomy":"person_tag","embeddable":true,"href":"https:\/\/proyector.info\/en\/wp-json\/wp\/v2\/person_tag?post=24424"}],"curies":[{"name":"wp","href":"https:\/\/api.w.org\/{rel}","templated":true}]}}

<p class="wp-block-paragraph">Nació en Capital Federal , Argentina. en 1979, arribó a la costa marplatense a los 4 años junto con sus padres. Su primer acercamiento al arte fue a través de la poesía.</p>



<p class="wp-block-paragraph">En 1996, incursiona en las artes dramáticas de la mano del Grupo de Teatro Vulcanché. En 2004, se recibe de Realizador en Artes Visuales con especialidad en Pintura y Grabado en la escuela Martín A. Malharro (Mar del Plata).</p>



<p class="wp-block-paragraph">Durante el 2010 se desempeñó como curador del espacio La Harinera Arte. En el 2011 y 2012 colaboró como montajista y recepcionista en Mundo Dios. Residencia de artistas. Puerto Mar del Plata.</p>



<p class="wp-block-paragraph">En el año 2008 toma contacto con el mundo del VJ. Y desde ese entonces ha experimentado con las videoinstalaciones, el video en vivo y el mapping acompañando a diferentes amigos djs y bandas de música en sus shows.</p>



<p class="wp-block-paragraph">Desde 2012 se desempeña como profesor de Medios Audiovisuales en la carrera de Realizador en la Escuela de Artes Visuales “Martín A. Malharro”.</p>



<p class="wp-block-paragraph">Actualmente, trabaja de VJ, performer, docente y artista multimedial. Reside en la ciudad de Mar del Plata, Buenos Aires, Argentina.</p>

<p>Nació en Capital Federal , Argentina. en 1979, arribó a la costa marplatense a los 4 años junto con sus</p>

<!-- This site is optimized with the Yoast SEO plugin v27.4 - https://yoast.com/product/yoast-seo-wordpress/ -->
<title>Ignacio Mendia - PROYECTOR</title>
<meta name="robots" content="index, follow, max-snippet:-1, max-image-preview:large, max-video-preview:-1" />
<link rel="canonical" href="https://proyector.info/perfil/ignacio-mendia/" />
<meta property="og:locale" content="en_US" />
<meta property="og:type" content="article" />
<meta property="og:title" content="Ignacio Mendia - PROYECTOR" />
<meta property="og:description" content="Nació en Capital Federal , Argentina. en 1979, arribó a la costa marplatense a los 4 años junto con sus" />
<meta property="og:url" content="https://proyector.info/perfil/ignacio-mendia/" />
<meta property="og:site_name" content="PROYECTOR" />
<meta property="article:publisher" content="https://www.facebook.com/proyectorvideoartfestival/" />
<meta property="article:modified_time" content="2026-08-27T10:29:15+00:00" />
<meta property="og:image" content="https://proyector.info/wp-content/uploads/2026/08/unnamed-4.jpg" />
	<meta property="og:image:width" content="1308" />
	<meta property="og:image:height" content="1296" />
	<meta property="og:image:type" content="image/jpeg" />
<meta name="twitter:card" content="summary_large_image" />
<meta name="twitter:site" content="@PROYECTOR_fest" />
<meta name="twitter:label1" content="Est. reading time" />
	<meta name="twitter:data1" content="2 minutes" />
<script type="application/ld+json" class="yoast-schema-graph">{"@context":"https:\/\/schema.org","@graph":[{"@type":"WebPage","@id":"https:\/\/proyector.info\/perfil\/ignacio-mendia\/","url":"https:\/\/proyector.info\/perfil\/ignacio-mendia\/","name":"Ignacio Mendia - PROYECTOR","isPartOf":{"@id":"https:\/\/proyector.info\/en\/#website"},"primaryImageOfPage":{"@id":"https:\/\/proyector.info\/perfil\/ignacio-mendia\/#primaryimage"},"image":{"@id":"https:\/\/proyector.info\/perfil\/ignacio-mendia\/#primaryimage"},"thumbnailUrl":"https:\/\/proyector.info\/wp-content\/uploads\/2026\/08\/unnamed-4.jpg","datePublished":"2026-08-27T10:24:30+00:00","dateModified":"2026-08-27T10:29:15+00:00","breadcrumb":{"@id":"https:\/\/proyector.info\/perfil\/ignacio-mendia\/#breadcrumb"},"inLanguage":"en-US","potentialAction":[{"@type":"ReadAction","target":["https:\/\/proyector.info\/perfil\/ignacio-mendia\/"]}]},{"@type":"ImageObject","inLanguage":"en-US","@id":"https:\/\/proyector.info\/perfil\/ignacio-mendia\/#primaryimage","url":"https:\/\/proyector.info\/wp-content\/uploads\/2026\/08\/unnamed-4.jpg","contentUrl":"https:\/\/proyector.info\/wp-content\/uploads\/2026\/08\/unnamed-4.jpg","width":1308,"height":1296},{"@type":"BreadcrumbList","@id":"https:\/\/proyector.info\/perfil\/ignacio-mendia\/#breadcrumb","itemListElement":[{"@type":"ListItem","position":1,"name":"Portada","item":"https:\/\/proyector.info\/en\/"},{"@type":"ListItem","position":2,"name":"Profiles","item":"https:\/\/proyector.info\/en\/profiles\/"},{"@type":"ListItem","position":3,"name":"Ignacio Mendia"}]},{"@type":"WebSite","@id":"https:\/\/proyector.info\/en\/#website","url":"https:\/\/proyector.info\/en\/","name":"PROYECTOR","description":"Plataforma de Imagen en Movimiento","publisher":{"@id":"https:\/\/proyector.info\/en\/#organization"},"potentialAction":[{"@type":"SearchAction","target":{"@type":"EntryPoint","urlTemplate":"https:\/\/proyector.info\/en\/?s={search_term_string}"},"query-input":{"@type":"PropertyValueSpecification","valueRequired":true,"valueName":"search_term_string"}}],"inLanguage":"en-US"},{"@type":"Organization","@id":"https:\/\/proyector.info\/en\/#organization","name":"PROYECTOR","url":"https:\/\/proyector.info\/en\/","logo":{"@type":"ImageObject","inLanguage":"en-US","@id":"https:\/\/proyector.info\/en\/#\/schema\/logo\/image\/","url":"https:\/\/proyector.info\/wp-content\/uploads\/2025\/07\/cropped-proyector_icono.png","contentUrl":"https:\/\/proyector.info\/wp-content\/uploads\/2025\/07\/cropped-proyector_icono.png","width":512,"height":512,"caption":"PROYECTOR"},"image":{"@id":"https:\/\/proyector.info\/en\/#\/schema\/logo\/image\/"},"sameAs":["https:\/\/www.facebook.com\/proyectorvideoartfestival\/","https:\/\/x.com\/PROYECTOR_fest","https:\/\/www.instagram.com\/proyector_videoartplatform\/","https:\/\/www.tiktok.com\/@proyector_fest","https:\/\/www.youtube.com\/user\/proyectorvideoart","https:\/\/vimeo.com\/proyectorvideoart","https:\/\/www.linkedin.com\/company\/proyector\/"]}]}</script>
<!-- / Yoast SEO plugin. -->

Nació en Capital Federal , Argentina. en 1979, arribó a la costa marplatense a los 4 años junto con sus
