{"id":24341,"date":"2026-08-27T00:47:42","date_gmt":"2026-08-26T22:47:42","guid":{"rendered":"https:\/\/proyector.info\/?post_type=person&#038;p=24341"},"modified":"2026-09-03T01:13:57","modified_gmt":"2026-09-02T23:13:57","slug":"karina-flores","status":"publish","type":"person","link":"https:\/\/proyector.info\/en\/profile\/karina-flores\/","title":{"rendered":"Karina Flores"},"content":{"rendered":"\n<p class=\"wp-block-paragraph\"><strong>Karina Flores<\/strong> (Montevideo, 1979)&nbsp;<\/p>\n\n\n\n<p class=\"wp-block-paragraph\">Artista visual e investigadora experimental cuya pr\u00e1ctica se sit\u00faa en la intersecci\u00f3n entre arte, ciencia y tecnolog\u00eda. Explora los territorios como entramados vivos donde confluyen cuerpos, materialidades y temporalidades diversas. Su enfoque multiescalar abarca desde procesos microsc\u00f3picos hasta configuraciones geogr\u00e1ficas amplias, atendiendo a las transformaciones que surgen del contacto con lo m\u00e1s que humano. Su trabajo propone modos de relaci\u00f3n situados y sensibles, donde la materia y sus din\u00e1micas revelan formas de cohabitar y pensar los territorios m\u00e1s all\u00e1 de lo meramente humano.<\/p>\n\n\n\n<p class=\"wp-block-paragraph\">Licenciada en Artes Pl\u00e1sticas y Visuales por la Facultad de Arte, Udelar, 2020. Ese mismo a\u00f1o comienza a cursar la licenciatura en arte Digital Electr\u00f3nico en UDELAR. Artista seleccionada para el 51 Premio Montevideo de Artes Visuales, 2023. Artista seleccionada para el programa de Mentor\u00edas Instituto Nacional de Artes Visuales, del Ministerio de Educaci\u00f3n y Cultura de Uruguay en la modalidad Desarrollo Profesional en Artes Visuales, 2022.<\/p>\n\n\n\n<p class=\"wp-block-paragraph\">Es co-fundadora del espacio 310 Arte Estudio (Montevideo) desde el a\u00f1o 2022.<\/p>\n","protected":false},"excerpt":{"rendered":"<p>Karina Flores (Montevideo, 1979)&nbsp; Artista visual e investigadora experimental cuya pr\u00e1ctica se sit\u00faa en la intersecci\u00f3n entre arte, ciencia y<\/p>\n","protected":false},"author":3,"featured_media":24611,"template":"","meta":[],"person_cat":[305],"person_tag":[1196,1228],"class_list":["post-24341","person","type-person","status-publish","has-post-thumbnail","hentry","person_cat-artista","person_tag-1196","person_tag-proyector-2026"],"yoast_head":"<!-- This site is optimized with the Yoast SEO plugin v27.4 - https:\/\/yoast.com\/product\/yoast-seo-wordpress\/ -->\n<title>Karina Flores - PROYECTOR<\/title>\n<meta name=\"robots\" content=\"index, follow, max-snippet:-1, max-image-preview:large, max-video-preview:-1\" \/>\n<link rel=\"canonical\" href=\"https:\/\/proyector.info\/perfil\/karina-flores\/\" \/>\n<meta property=\"og:locale\" content=\"en_US\" \/>\n<meta property=\"og:type\" content=\"article\" \/>\n<meta property=\"og:title\" content=\"Karina Flores - PROYECTOR\" \/>\n<meta property=\"og:description\" content=\"Karina Flores (Montevideo, 1979)&nbsp; Artista visual e investigadora experimental cuya pr\u00e1ctica se sit\u00faa en la intersecci\u00f3n entre arte, ciencia y\" \/>\n<meta property=\"og:url\" content=\"https:\/\/proyector.info\/perfil\/karina-flores\/\" \/>\n<meta property=\"og:site_name\" content=\"PROYECTOR\" \/>\n<meta property=\"article:publisher\" content=\"https:\/\/www.facebook.com\/proyectorvideoartfestival\/\" \/>\n<meta property=\"article:modified_time\" content=\"2026-09-02T23:13:57+00:00\" \/>\n<meta property=\"og:image\" content=\"https:\/\/proyector.info\/wp-content\/uploads\/2026\/08\/Adentro-hay-un-rio_Foto-de-Karina-Flores.jpg\" \/>\n\t<meta property=\"og:image:width\" content=\"1692\" \/>\n\t<meta property=\"og:image:height\" content=\"2560\" \/>\n\t<meta property=\"og:image:type\" content=\"image\/jpeg\" \/>\n<meta name=\"twitter:card\" content=\"summary_large_image\" \/>\n<meta name=\"twitter:site\" content=\"@PROYECTOR_fest\" \/>\n<meta name=\"twitter:label1\" content=\"Est. reading time\" \/>\n\t<meta name=\"twitter:data1\" content=\"1 minute\" \/>\n<script type=\"application\/ld+json\" class=\"yoast-schema-graph\">{\"@context\":\"https:\\\/\\\/schema.org\",\"@graph\":[{\"@type\":\"WebPage\",\"@id\":\"https:\\\/\\\/proyector.info\\\/perfil\\\/karina-flores\\\/\",\"url\":\"https:\\\/\\\/proyector.info\\\/perfil\\\/karina-flores\\\/\",\"name\":\"Karina Flores - PROYECTOR\",\"isPartOf\":{\"@id\":\"https:\\\/\\\/proyector.info\\\/en\\\/#website\"},\"primaryImageOfPage\":{\"@id\":\"https:\\\/\\\/proyector.info\\\/perfil\\\/karina-flores\\\/#primaryimage\"},\"image\":{\"@id\":\"https:\\\/\\\/proyector.info\\\/perfil\\\/karina-flores\\\/#primaryimage\"},\"thumbnailUrl\":\"https:\\\/\\\/proyector.info\\\/wp-content\\\/uploads\\\/2026\\\/08\\\/Adentro-hay-un-rio_Foto-de-Karina-Flores.jpg\",\"datePublished\":\"2026-08-26T22:47:42+00:00\",\"dateModified\":\"2026-09-02T23:13:57+00:00\",\"breadcrumb\":{\"@id\":\"https:\\\/\\\/proyector.info\\\/perfil\\\/karina-flores\\\/#breadcrumb\"},\"inLanguage\":\"en-US\",\"potentialAction\":[{\"@type\":\"ReadAction\",\"target\":[\"https:\\\/\\\/proyector.info\\\/perfil\\\/karina-flores\\\/\"]}]},{\"@type\":\"ImageObject\",\"inLanguage\":\"en-US\",\"@id\":\"https:\\\/\\\/proyector.info\\\/perfil\\\/karina-flores\\\/#primaryimage\",\"url\":\"https:\\\/\\\/proyector.info\\\/wp-content\\\/uploads\\\/2026\\\/08\\\/Adentro-hay-un-rio_Foto-de-Karina-Flores.jpg\",\"contentUrl\":\"https:\\\/\\\/proyector.info\\\/wp-content\\\/uploads\\\/2026\\\/08\\\/Adentro-hay-un-rio_Foto-de-Karina-Flores.jpg\",\"width\":1692,\"height\":2560},{\"@type\":\"BreadcrumbList\",\"@id\":\"https:\\\/\\\/proyector.info\\\/perfil\\\/karina-flores\\\/#breadcrumb\",\"itemListElement\":[{\"@type\":\"ListItem\",\"position\":1,\"name\":\"Portada\",\"item\":\"https:\\\/\\\/proyector.info\\\/en\\\/\"},{\"@type\":\"ListItem\",\"position\":2,\"name\":\"Profiles\",\"item\":\"https:\\\/\\\/proyector.info\\\/en\\\/profiles\\\/\"},{\"@type\":\"ListItem\",\"position\":3,\"name\":\"Karina Flores\"}]},{\"@type\":\"WebSite\",\"@id\":\"https:\\\/\\\/proyector.info\\\/en\\\/#website\",\"url\":\"https:\\\/\\\/proyector.info\\\/en\\\/\",\"name\":\"PROYECTOR\",\"description\":\"Plataforma de Imagen en Movimiento\",\"publisher\":{\"@id\":\"https:\\\/\\\/proyector.info\\\/en\\\/#organization\"},\"potentialAction\":[{\"@type\":\"SearchAction\",\"target\":{\"@type\":\"EntryPoint\",\"urlTemplate\":\"https:\\\/\\\/proyector.info\\\/en\\\/?s={search_term_string}\"},\"query-input\":{\"@type\":\"PropertyValueSpecification\",\"valueRequired\":true,\"valueName\":\"search_term_string\"}}],\"inLanguage\":\"en-US\"},{\"@type\":\"Organization\",\"@id\":\"https:\\\/\\\/proyector.info\\\/en\\\/#organization\",\"name\":\"PROYECTOR\",\"url\":\"https:\\\/\\\/proyector.info\\\/en\\\/\",\"logo\":{\"@type\":\"ImageObject\",\"inLanguage\":\"en-US\",\"@id\":\"https:\\\/\\\/proyector.info\\\/en\\\/#\\\/schema\\\/logo\\\/image\\\/\",\"url\":\"https:\\\/\\\/proyector.info\\\/wp-content\\\/uploads\\\/2025\\\/07\\\/cropped-proyector_icono.png\",\"contentUrl\":\"https:\\\/\\\/proyector.info\\\/wp-content\\\/uploads\\\/2025\\\/07\\\/cropped-proyector_icono.png\",\"width\":512,\"height\":512,\"caption\":\"PROYECTOR\"},\"image\":{\"@id\":\"https:\\\/\\\/proyector.info\\\/en\\\/#\\\/schema\\\/logo\\\/image\\\/\"},\"sameAs\":[\"https:\\\/\\\/www.facebook.com\\\/proyectorvideoartfestival\\\/\",\"https:\\\/\\\/x.com\\\/PROYECTOR_fest\",\"https:\\\/\\\/www.instagram.com\\\/proyector_videoartplatform\\\/\",\"https:\\\/\\\/www.tiktok.com\\\/@proyector_fest\",\"https:\\\/\\\/www.youtube.com\\\/user\\\/proyectorvideoart\",\"https:\\\/\\\/vimeo.com\\\/proyectorvideoart\",\"https:\\\/\\\/www.linkedin.com\\\/company\\\/proyector\\\/\"]}]}<\/script>\n<!-- \/ Yoast SEO plugin. -->","yoast_head_json":{"title":"Karina Flores - PROYECTOR","robots":{"index":"index","follow":"follow","max-snippet":"max-snippet:-1","max-image-preview":"max-image-preview:large","max-video-preview":"max-video-preview:-1"},"canonical":"https:\/\/proyector.info\/perfil\/karina-flores\/","og_locale":"en_US","og_type":"article","og_title":"Karina Flores - PROYECTOR","og_description":"Karina Flores (Montevideo, 1979)&nbsp; Artista visual e investigadora experimental cuya pr\u00e1ctica se sit\u00faa en la intersecci\u00f3n entre arte, ciencia y","og_url":"https:\/\/proyector.info\/perfil\/karina-flores\/","og_site_name":"PROYECTOR","article_publisher":"https:\/\/www.facebook.com\/proyectorvideoartfestival\/","article_modified_time":"2026-09-02T23:13:57+00:00","og_image":[{"width":1692,"height":2560,"url":"https:\/\/proyector.info\/wp-content\/uploads\/2026\/08\/Adentro-hay-un-rio_Foto-de-Karina-Flores.jpg","type":"image\/jpeg"}],"twitter_card":"summary_large_image","twitter_site":"@PROYECTOR_fest","twitter_misc":{"Est. reading time":"1 minute"},"schema":{"@context":"https:\/\/schema.org","@graph":[{"@type":"WebPage","@id":"https:\/\/proyector.info\/perfil\/karina-flores\/","url":"https:\/\/proyector.info\/perfil\/karina-flores\/","name":"Karina Flores - PROYECTOR","isPartOf":{"@id":"https:\/\/proyector.info\/en\/#website"},"primaryImageOfPage":{"@id":"https:\/\/proyector.info\/perfil\/karina-flores\/#primaryimage"},"image":{"@id":"https:\/\/proyector.info\/perfil\/karina-flores\/#primaryimage"},"thumbnailUrl":"https:\/\/proyector.info\/wp-content\/uploads\/2026\/08\/Adentro-hay-un-rio_Foto-de-Karina-Flores.jpg","datePublished":"2026-08-26T22:47:42+00:00","dateModified":"2026-09-02T23:13:57+00:00","breadcrumb":{"@id":"https:\/\/proyector.info\/perfil\/karina-flores\/#breadcrumb"},"inLanguage":"en-US","potentialAction":[{"@type":"ReadAction","target":["https:\/\/proyector.info\/perfil\/karina-flores\/"]}]},{"@type":"ImageObject","inLanguage":"en-US","@id":"https:\/\/proyector.info\/perfil\/karina-flores\/#primaryimage","url":"https:\/\/proyector.info\/wp-content\/uploads\/2026\/08\/Adentro-hay-un-rio_Foto-de-Karina-Flores.jpg","contentUrl":"https:\/\/proyector.info\/wp-content\/uploads\/2026\/08\/Adentro-hay-un-rio_Foto-de-Karina-Flores.jpg","width":1692,"height":2560},{"@type":"BreadcrumbList","@id":"https:\/\/proyector.info\/perfil\/karina-flores\/#breadcrumb","itemListElement":[{"@type":"ListItem","position":1,"name":"Portada","item":"https:\/\/proyector.info\/en\/"},{"@type":"ListItem","position":2,"name":"Profiles","item":"https:\/\/proyector.info\/en\/profiles\/"},{"@type":"ListItem","position":3,"name":"Karina Flores"}]},{"@type":"WebSite","@id":"https:\/\/proyector.info\/en\/#website","url":"https:\/\/proyector.info\/en\/","name":"PROYECTOR","description":"Plataforma de Imagen en Movimiento","publisher":{"@id":"https:\/\/proyector.info\/en\/#organization"},"potentialAction":[{"@type":"SearchAction","target":{"@type":"EntryPoint","urlTemplate":"https:\/\/proyector.info\/en\/?s={search_term_string}"},"query-input":{"@type":"PropertyValueSpecification","valueRequired":true,"valueName":"search_term_string"}}],"inLanguage":"en-US"},{"@type":"Organization","@id":"https:\/\/proyector.info\/en\/#organization","name":"PROYECTOR","url":"https:\/\/proyector.info\/en\/","logo":{"@type":"ImageObject","inLanguage":"en-US","@id":"https:\/\/proyector.info\/en\/#\/schema\/logo\/image\/","url":"https:\/\/proyector.info\/wp-content\/uploads\/2025\/07\/cropped-proyector_icono.png","contentUrl":"https:\/\/proyector.info\/wp-content\/uploads\/2025\/07\/cropped-proyector_icono.png","width":512,"height":512,"caption":"PROYECTOR"},"image":{"@id":"https:\/\/proyector.info\/en\/#\/schema\/logo\/image\/"},"sameAs":["https:\/\/www.facebook.com\/proyectorvideoartfestival\/","https:\/\/x.com\/PROYECTOR_fest","https:\/\/www.instagram.com\/proyector_videoartplatform\/","https:\/\/www.tiktok.com\/@proyector_fest","https:\/\/www.youtube.com\/user\/proyectorvideoart","https:\/\/vimeo.com\/proyectorvideoart","https:\/\/www.linkedin.com\/company\/proyector\/"]}]}},"_links":{"self":[{"href":"https:\/\/proyector.info\/en\/wp-json\/wp\/v2\/person\/24341","targetHints":{"allow":["GET"]}}],"collection":[{"href":"https:\/\/proyector.info\/en\/wp-json\/wp\/v2\/person"}],"about":[{"href":"https:\/\/proyector.info\/en\/wp-json\/wp\/v2\/types\/person"}],"author":[{"embeddable":true,"href":"https:\/\/proyector.info\/en\/wp-json\/wp\/v2\/users\/3"}],"wp:featuredmedia":[{"embeddable":true,"href":"https:\/\/proyector.info\/en\/wp-json\/wp\/v2\/media\/24611"}],"wp:attachment":[{"href":"https:\/\/proyector.info\/en\/wp-json\/wp\/v2\/media?parent=24341"}],"wp:term":[{"taxonomy":"person_cat","embeddable":true,"href":"https:\/\/proyector.info\/en\/wp-json\/wp\/v2\/person_cat?post=24341"},{"taxonomy":"person_tag","embeddable":true,"href":"https:\/\/proyector.info\/en\/wp-json\/wp\/v2\/person_tag?post=24341"}],"curies":[{"name":"wp","href":"https:\/\/api.w.org\/{rel}","templated":true}]}}

<p class="wp-block-paragraph"><strong>Karina Flores</strong> (Montevideo, 1979)&nbsp;</p>



<p class="wp-block-paragraph">Artista visual e investigadora experimental cuya práctica se sitúa en la intersección entre arte, ciencia y tecnología. Explora los territorios como entramados vivos donde confluyen cuerpos, materialidades y temporalidades diversas. Su enfoque multiescalar abarca desde procesos microscópicos hasta configuraciones geográficas amplias, atendiendo a las transformaciones que surgen del contacto con lo más que humano. Su trabajo propone modos de relación situados y sensibles, donde la materia y sus dinámicas revelan formas de cohabitar y pensar los territorios más allá de lo meramente humano.</p>



<p class="wp-block-paragraph">Licenciada en Artes Plásticas y Visuales por la Facultad de Arte, Udelar, 2020. Ese mismo año comienza a cursar la licenciatura en arte Digital Electrónico en UDELAR. Artista seleccionada para el 51 Premio Montevideo de Artes Visuales, 2023. Artista seleccionada para el programa de Mentorías Instituto Nacional de Artes Visuales, del Ministerio de Educación y Cultura de Uruguay en la modalidad Desarrollo Profesional en Artes Visuales, 2022.</p>



<p class="wp-block-paragraph">Es co-fundadora del espacio 310 Arte Estudio (Montevideo) desde el año 2022.</p>

<p>Karina Flores (Montevideo, 1979)&nbsp; Artista visual e investigadora experimental cuya práctica se sitúa en la intersección entre arte, ciencia y</p>

<!-- This site is optimized with the Yoast SEO plugin v27.4 - https://yoast.com/product/yoast-seo-wordpress/ -->
<title>Karina Flores - PROYECTOR</title>
<meta name="robots" content="index, follow, max-snippet:-1, max-image-preview:large, max-video-preview:-1" />
<link rel="canonical" href="https://proyector.info/perfil/karina-flores/" />
<meta property="og:locale" content="en_US" />
<meta property="og:type" content="article" />
<meta property="og:title" content="Karina Flores - PROYECTOR" />
<meta property="og:description" content="Karina Flores (Montevideo, 1979)&nbsp; Artista visual e investigadora experimental cuya práctica se sitúa en la intersección entre arte, ciencia y" />
<meta property="og:url" content="https://proyector.info/perfil/karina-flores/" />
<meta property="og:site_name" content="PROYECTOR" />
<meta property="article:publisher" content="https://www.facebook.com/proyectorvideoartfestival/" />
<meta property="article:modified_time" content="2026-09-02T23:13:57+00:00" />
<meta property="og:image" content="https://proyector.info/wp-content/uploads/2026/08/Adentro-hay-un-rio_Foto-de-Karina-Flores.jpg" />
	<meta property="og:image:width" content="1692" />
	<meta property="og:image:height" content="2560" />
	<meta property="og:image:type" content="image/jpeg" />
<meta name="twitter:card" content="summary_large_image" />
<meta name="twitter:site" content="@PROYECTOR_fest" />
<meta name="twitter:label1" content="Est. reading time" />
	<meta name="twitter:data1" content="1 minute" />
<script type="application/ld+json" class="yoast-schema-graph">{"@context":"https:\/\/schema.org","@graph":[{"@type":"WebPage","@id":"https:\/\/proyector.info\/perfil\/karina-flores\/","url":"https:\/\/proyector.info\/perfil\/karina-flores\/","name":"Karina Flores - PROYECTOR","isPartOf":{"@id":"https:\/\/proyector.info\/en\/#website"},"primaryImageOfPage":{"@id":"https:\/\/proyector.info\/perfil\/karina-flores\/#primaryimage"},"image":{"@id":"https:\/\/proyector.info\/perfil\/karina-flores\/#primaryimage"},"thumbnailUrl":"https:\/\/proyector.info\/wp-content\/uploads\/2026\/08\/Adentro-hay-un-rio_Foto-de-Karina-Flores.jpg","datePublished":"2026-08-26T22:47:42+00:00","dateModified":"2026-09-02T23:13:57+00:00","breadcrumb":{"@id":"https:\/\/proyector.info\/perfil\/karina-flores\/#breadcrumb"},"inLanguage":"en-US","potentialAction":[{"@type":"ReadAction","target":["https:\/\/proyector.info\/perfil\/karina-flores\/"]}]},{"@type":"ImageObject","inLanguage":"en-US","@id":"https:\/\/proyector.info\/perfil\/karina-flores\/#primaryimage","url":"https:\/\/proyector.info\/wp-content\/uploads\/2026\/08\/Adentro-hay-un-rio_Foto-de-Karina-Flores.jpg","contentUrl":"https:\/\/proyector.info\/wp-content\/uploads\/2026\/08\/Adentro-hay-un-rio_Foto-de-Karina-Flores.jpg","width":1692,"height":2560},{"@type":"BreadcrumbList","@id":"https:\/\/proyector.info\/perfil\/karina-flores\/#breadcrumb","itemListElement":[{"@type":"ListItem","position":1,"name":"Portada","item":"https:\/\/proyector.info\/en\/"},{"@type":"ListItem","position":2,"name":"Profiles","item":"https:\/\/proyector.info\/en\/profiles\/"},{"@type":"ListItem","position":3,"name":"Karina Flores"}]},{"@type":"WebSite","@id":"https:\/\/proyector.info\/en\/#website","url":"https:\/\/proyector.info\/en\/","name":"PROYECTOR","description":"Plataforma de Imagen en Movimiento","publisher":{"@id":"https:\/\/proyector.info\/en\/#organization"},"potentialAction":[{"@type":"SearchAction","target":{"@type":"EntryPoint","urlTemplate":"https:\/\/proyector.info\/en\/?s={search_term_string}"},"query-input":{"@type":"PropertyValueSpecification","valueRequired":true,"valueName":"search_term_string"}}],"inLanguage":"en-US"},{"@type":"Organization","@id":"https:\/\/proyector.info\/en\/#organization","name":"PROYECTOR","url":"https:\/\/proyector.info\/en\/","logo":{"@type":"ImageObject","inLanguage":"en-US","@id":"https:\/\/proyector.info\/en\/#\/schema\/logo\/image\/","url":"https:\/\/proyector.info\/wp-content\/uploads\/2025\/07\/cropped-proyector_icono.png","contentUrl":"https:\/\/proyector.info\/wp-content\/uploads\/2025\/07\/cropped-proyector_icono.png","width":512,"height":512,"caption":"PROYECTOR"},"image":{"@id":"https:\/\/proyector.info\/en\/#\/schema\/logo\/image\/"},"sameAs":["https:\/\/www.facebook.com\/proyectorvideoartfestival\/","https:\/\/x.com\/PROYECTOR_fest","https:\/\/www.instagram.com\/proyector_videoartplatform\/","https:\/\/www.tiktok.com\/@proyector_fest","https:\/\/www.youtube.com\/user\/proyectorvideoart","https:\/\/vimeo.com\/proyectorvideoart","https:\/\/www.linkedin.com\/company\/proyector\/"]}]}</script>
<!-- / Yoast SEO plugin. -->

Karina Flores (Montevideo, 1979)&nbsp; Artista visual e investigadora experimental cuya práctica se sitúa en la intersección entre arte, ciencia y
