{"id":23559,"date":"2026-07-05T19:25:49","date_gmt":"2026-07-05T17:25:49","guid":{"rendered":"https:\/\/proyector.info\/?post_type=person&#038;p=23559"},"modified":"2026-07-05T19:33:11","modified_gmt":"2026-07-05T17:33:11","slug":"julian-palacz","status":"publish","type":"person","link":"https:\/\/proyector.info\/en\/profile\/julian-palacz\/","title":{"rendered":"Julian Palacz"},"content":{"rendered":"\n<p class=\"wp-block-paragraph\">Julian Palacz naci\u00f3 en 1983 en Leoben y vive y trabaja entre Viena y M\u00fcrzzuschlag. Su obra se centra en la visualizaci\u00f3n y la elaboraci\u00f3n po\u00e9tica de los datos que dejamos tras de nosotros, tanto en el \u00e1mbito digital como en el f\u00edsico, y que son recopilados autom\u00e1ticamente por distintos agentes.<\/p>\n\n\n\n<p class=\"wp-block-paragraph\">Entre 2003 y 2010 estudi\u00f3 Arte Digital en la Universidad de Artes Aplicadas de Viena con Tom F\u00fcrstner, Peter Weibel y Virgil Widrich. Entre 2020 y 2021 imparti\u00f3 clases en la Universidad de Arte y Dise\u00f1o Industrial de Linz sobre vigilancia y privacidad en las artes visuales. Desde 2022, ense\u00f1a en la Universidad de Artes Aplicadas de Viena, donde aborda el arte en la cadena de bloques y la exploraci\u00f3n art\u00edstica de datos en bruto.<\/p>\n\n\n\n<p class=\"wp-block-paragraph\">Las exposiciones individuales <em>Handle with Care<\/em>, presentada en Forum Stadtpark en 2021, y <em>Les murs ont des oreilles<\/em>, en Sotheby\u2019s Viena en 2019, constituyen importantes puntos de inflexi\u00f3n en su trayectoria. Su obra ha sido presentada en Casino Luxembourg, el Museo de Artes Aplicadas de Viena, el Museo de Arte Contempor\u00e1neo de Belgrado, el ZKM | Centro de Arte y Medios de Karlsruhe y el Palazzo Zenobio de Venecia.<\/p>\n\n\n\n<p class=\"wp-block-paragraph\">Adem\u00e1s, Julian Palacz ha recibido la beca Wimmelforschungs-Stipendium, desarrollada en el Bosch Campus Renningen y la Akademie Schloss Solitude; la Beca Estatal Austriaca de V\u00eddeo y Arte Multimedia; y una residencia en el Swatch Art Peace Hotel de Shangh\u00e1i.<\/p>\n","protected":false},"excerpt":{"rendered":"<p>Julian Palacz naci\u00f3 en 1983 en Leoben y vive y trabaja entre Viena y M\u00fcrzzuschlag. Su obra se centra en<\/p>\n","protected":false},"author":3,"featured_media":23567,"template":"","meta":[],"person_cat":[305],"person_tag":[1196,770],"class_list":["post-23559","person","type-person","status-publish","has-post-thumbnail","hentry","person_cat-artista","person_tag-1196","person_tag-festival-2026-es"],"yoast_head":"<!-- This site is optimized with the Yoast SEO plugin v27.4 - https:\/\/yoast.com\/product\/yoast-seo-wordpress\/ -->\n<title>Julian Palacz - PROYECTOR<\/title>\n<meta name=\"robots\" content=\"index, follow, max-snippet:-1, max-image-preview:large, max-video-preview:-1\" \/>\n<link rel=\"canonical\" href=\"https:\/\/proyector.info\/perfil\/julian-palacz\/\" \/>\n<meta property=\"og:locale\" content=\"en_US\" \/>\n<meta property=\"og:type\" content=\"article\" \/>\n<meta property=\"og:title\" content=\"Julian Palacz - PROYECTOR\" \/>\n<meta property=\"og:description\" content=\"Julian Palacz naci\u00f3 en 1983 en Leoben y vive y trabaja entre Viena y M\u00fcrzzuschlag. Su obra se centra en\" \/>\n<meta property=\"og:url\" content=\"https:\/\/proyector.info\/perfil\/julian-palacz\/\" \/>\n<meta property=\"og:site_name\" content=\"PROYECTOR\" \/>\n<meta property=\"article:publisher\" content=\"https:\/\/www.facebook.com\/proyectorvideoartfestival\/\" \/>\n<meta property=\"article:modified_time\" content=\"2026-07-05T17:33:11+00:00\" \/>\n<meta property=\"og:image\" content=\"https:\/\/proyector.info\/wp-content\/uploads\/2026\/07\/35570028_lowres.jpg\" \/>\n\t<meta property=\"og:image:width\" content=\"1370\" \/>\n\t<meta property=\"og:image:height\" content=\"2066\" \/>\n\t<meta property=\"og:image:type\" content=\"image\/jpeg\" \/>\n<meta name=\"twitter:card\" content=\"summary_large_image\" \/>\n<meta name=\"twitter:site\" content=\"@PROYECTOR_fest\" \/>\n<meta name=\"twitter:label1\" content=\"Est. reading time\" \/>\n\t<meta name=\"twitter:data1\" content=\"2 minutes\" \/>\n<script type=\"application\/ld+json\" class=\"yoast-schema-graph\">{\"@context\":\"https:\\\/\\\/schema.org\",\"@graph\":[{\"@type\":\"WebPage\",\"@id\":\"https:\\\/\\\/proyector.info\\\/perfil\\\/julian-palacz\\\/\",\"url\":\"https:\\\/\\\/proyector.info\\\/perfil\\\/julian-palacz\\\/\",\"name\":\"Julian Palacz - PROYECTOR\",\"isPartOf\":{\"@id\":\"https:\\\/\\\/proyector.info\\\/en\\\/#website\"},\"primaryImageOfPage\":{\"@id\":\"https:\\\/\\\/proyector.info\\\/perfil\\\/julian-palacz\\\/#primaryimage\"},\"image\":{\"@id\":\"https:\\\/\\\/proyector.info\\\/perfil\\\/julian-palacz\\\/#primaryimage\"},\"thumbnailUrl\":\"https:\\\/\\\/proyector.info\\\/wp-content\\\/uploads\\\/2026\\\/07\\\/35570028_lowres.jpg\",\"datePublished\":\"2026-07-05T17:25:49+00:00\",\"dateModified\":\"2026-07-05T17:33:11+00:00\",\"breadcrumb\":{\"@id\":\"https:\\\/\\\/proyector.info\\\/perfil\\\/julian-palacz\\\/#breadcrumb\"},\"inLanguage\":\"en-US\",\"potentialAction\":[{\"@type\":\"ReadAction\",\"target\":[\"https:\\\/\\\/proyector.info\\\/perfil\\\/julian-palacz\\\/\"]}]},{\"@type\":\"ImageObject\",\"inLanguage\":\"en-US\",\"@id\":\"https:\\\/\\\/proyector.info\\\/perfil\\\/julian-palacz\\\/#primaryimage\",\"url\":\"https:\\\/\\\/proyector.info\\\/wp-content\\\/uploads\\\/2026\\\/07\\\/35570028_lowres.jpg\",\"contentUrl\":\"https:\\\/\\\/proyector.info\\\/wp-content\\\/uploads\\\/2026\\\/07\\\/35570028_lowres.jpg\",\"width\":1370,\"height\":2066},{\"@type\":\"BreadcrumbList\",\"@id\":\"https:\\\/\\\/proyector.info\\\/perfil\\\/julian-palacz\\\/#breadcrumb\",\"itemListElement\":[{\"@type\":\"ListItem\",\"position\":1,\"name\":\"Portada\",\"item\":\"https:\\\/\\\/proyector.info\\\/en\\\/\"},{\"@type\":\"ListItem\",\"position\":2,\"name\":\"Profiles\",\"item\":\"https:\\\/\\\/proyector.info\\\/en\\\/profiles\\\/\"},{\"@type\":\"ListItem\",\"position\":3,\"name\":\"Julian Palacz\"}]},{\"@type\":\"WebSite\",\"@id\":\"https:\\\/\\\/proyector.info\\\/en\\\/#website\",\"url\":\"https:\\\/\\\/proyector.info\\\/en\\\/\",\"name\":\"PROYECTOR\",\"description\":\"Plataforma de Imagen en Movimiento\",\"publisher\":{\"@id\":\"https:\\\/\\\/proyector.info\\\/en\\\/#organization\"},\"potentialAction\":[{\"@type\":\"SearchAction\",\"target\":{\"@type\":\"EntryPoint\",\"urlTemplate\":\"https:\\\/\\\/proyector.info\\\/en\\\/?s={search_term_string}\"},\"query-input\":{\"@type\":\"PropertyValueSpecification\",\"valueRequired\":true,\"valueName\":\"search_term_string\"}}],\"inLanguage\":\"en-US\"},{\"@type\":\"Organization\",\"@id\":\"https:\\\/\\\/proyector.info\\\/en\\\/#organization\",\"name\":\"PROYECTOR\",\"url\":\"https:\\\/\\\/proyector.info\\\/en\\\/\",\"logo\":{\"@type\":\"ImageObject\",\"inLanguage\":\"en-US\",\"@id\":\"https:\\\/\\\/proyector.info\\\/en\\\/#\\\/schema\\\/logo\\\/image\\\/\",\"url\":\"https:\\\/\\\/proyector.info\\\/wp-content\\\/uploads\\\/2025\\\/07\\\/cropped-proyector_icono.png\",\"contentUrl\":\"https:\\\/\\\/proyector.info\\\/wp-content\\\/uploads\\\/2025\\\/07\\\/cropped-proyector_icono.png\",\"width\":512,\"height\":512,\"caption\":\"PROYECTOR\"},\"image\":{\"@id\":\"https:\\\/\\\/proyector.info\\\/en\\\/#\\\/schema\\\/logo\\\/image\\\/\"},\"sameAs\":[\"https:\\\/\\\/www.facebook.com\\\/proyectorvideoartfestival\\\/\",\"https:\\\/\\\/x.com\\\/PROYECTOR_fest\",\"https:\\\/\\\/www.instagram.com\\\/proyector_videoartplatform\\\/\",\"https:\\\/\\\/www.tiktok.com\\\/@proyector_fest\",\"https:\\\/\\\/www.youtube.com\\\/user\\\/proyectorvideoart\",\"https:\\\/\\\/vimeo.com\\\/proyectorvideoart\",\"https:\\\/\\\/www.linkedin.com\\\/company\\\/proyector\\\/\"]}]}<\/script>\n<!-- \/ Yoast SEO plugin. -->","yoast_head_json":{"title":"Julian Palacz - PROYECTOR","robots":{"index":"index","follow":"follow","max-snippet":"max-snippet:-1","max-image-preview":"max-image-preview:large","max-video-preview":"max-video-preview:-1"},"canonical":"https:\/\/proyector.info\/perfil\/julian-palacz\/","og_locale":"en_US","og_type":"article","og_title":"Julian Palacz - PROYECTOR","og_description":"Julian Palacz naci\u00f3 en 1983 en Leoben y vive y trabaja entre Viena y M\u00fcrzzuschlag. Su obra se centra en","og_url":"https:\/\/proyector.info\/perfil\/julian-palacz\/","og_site_name":"PROYECTOR","article_publisher":"https:\/\/www.facebook.com\/proyectorvideoartfestival\/","article_modified_time":"2026-07-05T17:33:11+00:00","og_image":[{"width":1370,"height":2066,"url":"https:\/\/proyector.info\/wp-content\/uploads\/2026\/07\/35570028_lowres.jpg","type":"image\/jpeg"}],"twitter_card":"summary_large_image","twitter_site":"@PROYECTOR_fest","twitter_misc":{"Est. reading time":"2 minutes"},"schema":{"@context":"https:\/\/schema.org","@graph":[{"@type":"WebPage","@id":"https:\/\/proyector.info\/perfil\/julian-palacz\/","url":"https:\/\/proyector.info\/perfil\/julian-palacz\/","name":"Julian Palacz - PROYECTOR","isPartOf":{"@id":"https:\/\/proyector.info\/en\/#website"},"primaryImageOfPage":{"@id":"https:\/\/proyector.info\/perfil\/julian-palacz\/#primaryimage"},"image":{"@id":"https:\/\/proyector.info\/perfil\/julian-palacz\/#primaryimage"},"thumbnailUrl":"https:\/\/proyector.info\/wp-content\/uploads\/2026\/07\/35570028_lowres.jpg","datePublished":"2026-07-05T17:25:49+00:00","dateModified":"2026-07-05T17:33:11+00:00","breadcrumb":{"@id":"https:\/\/proyector.info\/perfil\/julian-palacz\/#breadcrumb"},"inLanguage":"en-US","potentialAction":[{"@type":"ReadAction","target":["https:\/\/proyector.info\/perfil\/julian-palacz\/"]}]},{"@type":"ImageObject","inLanguage":"en-US","@id":"https:\/\/proyector.info\/perfil\/julian-palacz\/#primaryimage","url":"https:\/\/proyector.info\/wp-content\/uploads\/2026\/07\/35570028_lowres.jpg","contentUrl":"https:\/\/proyector.info\/wp-content\/uploads\/2026\/07\/35570028_lowres.jpg","width":1370,"height":2066},{"@type":"BreadcrumbList","@id":"https:\/\/proyector.info\/perfil\/julian-palacz\/#breadcrumb","itemListElement":[{"@type":"ListItem","position":1,"name":"Portada","item":"https:\/\/proyector.info\/en\/"},{"@type":"ListItem","position":2,"name":"Profiles","item":"https:\/\/proyector.info\/en\/profiles\/"},{"@type":"ListItem","position":3,"name":"Julian Palacz"}]},{"@type":"WebSite","@id":"https:\/\/proyector.info\/en\/#website","url":"https:\/\/proyector.info\/en\/","name":"PROYECTOR","description":"Plataforma de Imagen en Movimiento","publisher":{"@id":"https:\/\/proyector.info\/en\/#organization"},"potentialAction":[{"@type":"SearchAction","target":{"@type":"EntryPoint","urlTemplate":"https:\/\/proyector.info\/en\/?s={search_term_string}"},"query-input":{"@type":"PropertyValueSpecification","valueRequired":true,"valueName":"search_term_string"}}],"inLanguage":"en-US"},{"@type":"Organization","@id":"https:\/\/proyector.info\/en\/#organization","name":"PROYECTOR","url":"https:\/\/proyector.info\/en\/","logo":{"@type":"ImageObject","inLanguage":"en-US","@id":"https:\/\/proyector.info\/en\/#\/schema\/logo\/image\/","url":"https:\/\/proyector.info\/wp-content\/uploads\/2025\/07\/cropped-proyector_icono.png","contentUrl":"https:\/\/proyector.info\/wp-content\/uploads\/2025\/07\/cropped-proyector_icono.png","width":512,"height":512,"caption":"PROYECTOR"},"image":{"@id":"https:\/\/proyector.info\/en\/#\/schema\/logo\/image\/"},"sameAs":["https:\/\/www.facebook.com\/proyectorvideoartfestival\/","https:\/\/x.com\/PROYECTOR_fest","https:\/\/www.instagram.com\/proyector_videoartplatform\/","https:\/\/www.tiktok.com\/@proyector_fest","https:\/\/www.youtube.com\/user\/proyectorvideoart","https:\/\/vimeo.com\/proyectorvideoart","https:\/\/www.linkedin.com\/company\/proyector\/"]}]}},"_links":{"self":[{"href":"https:\/\/proyector.info\/en\/wp-json\/wp\/v2\/person\/23559","targetHints":{"allow":["GET"]}}],"collection":[{"href":"https:\/\/proyector.info\/en\/wp-json\/wp\/v2\/person"}],"about":[{"href":"https:\/\/proyector.info\/en\/wp-json\/wp\/v2\/types\/person"}],"author":[{"embeddable":true,"href":"https:\/\/proyector.info\/en\/wp-json\/wp\/v2\/users\/3"}],"wp:featuredmedia":[{"embeddable":true,"href":"https:\/\/proyector.info\/en\/wp-json\/wp\/v2\/media\/23567"}],"wp:attachment":[{"href":"https:\/\/proyector.info\/en\/wp-json\/wp\/v2\/media?parent=23559"}],"wp:term":[{"taxonomy":"person_cat","embeddable":true,"href":"https:\/\/proyector.info\/en\/wp-json\/wp\/v2\/person_cat?post=23559"},{"taxonomy":"person_tag","embeddable":true,"href":"https:\/\/proyector.info\/en\/wp-json\/wp\/v2\/person_tag?post=23559"}],"curies":[{"name":"wp","href":"https:\/\/api.w.org\/{rel}","templated":true}]}}

<p class="wp-block-paragraph">Julian Palacz nació en 1983 en Leoben y vive y trabaja entre Viena y Mürzzuschlag. Su obra se centra en la visualización y la elaboración poética de los datos que dejamos tras de nosotros, tanto en el ámbito digital como en el físico, y que son recopilados automáticamente por distintos agentes.</p>



<p class="wp-block-paragraph">Entre 2003 y 2010 estudió Arte Digital en la Universidad de Artes Aplicadas de Viena con Tom Fürstner, Peter Weibel y Virgil Widrich. Entre 2020 y 2021 impartió clases en la Universidad de Arte y Diseño Industrial de Linz sobre vigilancia y privacidad en las artes visuales. Desde 2022, enseña en la Universidad de Artes Aplicadas de Viena, donde aborda el arte en la cadena de bloques y la exploración artística de datos en bruto.</p>



<p class="wp-block-paragraph">Las exposiciones individuales <em>Handle with Care</em>, presentada en Forum Stadtpark en 2021, y <em>Les murs ont des oreilles</em>, en Sotheby’s Viena en 2019, constituyen importantes puntos de inflexión en su trayectoria. Su obra ha sido presentada en Casino Luxembourg, el Museo de Artes Aplicadas de Viena, el Museo de Arte Contemporáneo de Belgrado, el ZKM | Centro de Arte y Medios de Karlsruhe y el Palazzo Zenobio de Venecia.</p>



<p class="wp-block-paragraph">Además, Julian Palacz ha recibido la beca Wimmelforschungs-Stipendium, desarrollada en el Bosch Campus Renningen y la Akademie Schloss Solitude; la Beca Estatal Austriaca de Vídeo y Arte Multimedia; y una residencia en el Swatch Art Peace Hotel de Shanghái.</p>

<p>Julian Palacz nació en 1983 en Leoben y vive y trabaja entre Viena y Mürzzuschlag. Su obra se centra en</p>

<!-- This site is optimized with the Yoast SEO plugin v27.4 - https://yoast.com/product/yoast-seo-wordpress/ -->
<title>Julian Palacz - PROYECTOR</title>
<meta name="robots" content="index, follow, max-snippet:-1, max-image-preview:large, max-video-preview:-1" />
<link rel="canonical" href="https://proyector.info/perfil/julian-palacz/" />
<meta property="og:locale" content="en_US" />
<meta property="og:type" content="article" />
<meta property="og:title" content="Julian Palacz - PROYECTOR" />
<meta property="og:description" content="Julian Palacz nació en 1983 en Leoben y vive y trabaja entre Viena y Mürzzuschlag. Su obra se centra en" />
<meta property="og:url" content="https://proyector.info/perfil/julian-palacz/" />
<meta property="og:site_name" content="PROYECTOR" />
<meta property="article:publisher" content="https://www.facebook.com/proyectorvideoartfestival/" />
<meta property="article:modified_time" content="2026-07-05T17:33:11+00:00" />
<meta property="og:image" content="https://proyector.info/wp-content/uploads/2026/07/35570028_lowres.jpg" />
	<meta property="og:image:width" content="1370" />
	<meta property="og:image:height" content="2066" />
	<meta property="og:image:type" content="image/jpeg" />
<meta name="twitter:card" content="summary_large_image" />
<meta name="twitter:site" content="@PROYECTOR_fest" />
<meta name="twitter:label1" content="Est. reading time" />
	<meta name="twitter:data1" content="2 minutes" />
<script type="application/ld+json" class="yoast-schema-graph">{"@context":"https:\/\/schema.org","@graph":[{"@type":"WebPage","@id":"https:\/\/proyector.info\/perfil\/julian-palacz\/","url":"https:\/\/proyector.info\/perfil\/julian-palacz\/","name":"Julian Palacz - PROYECTOR","isPartOf":{"@id":"https:\/\/proyector.info\/en\/#website"},"primaryImageOfPage":{"@id":"https:\/\/proyector.info\/perfil\/julian-palacz\/#primaryimage"},"image":{"@id":"https:\/\/proyector.info\/perfil\/julian-palacz\/#primaryimage"},"thumbnailUrl":"https:\/\/proyector.info\/wp-content\/uploads\/2026\/07\/35570028_lowres.jpg","datePublished":"2026-07-05T17:25:49+00:00","dateModified":"2026-07-05T17:33:11+00:00","breadcrumb":{"@id":"https:\/\/proyector.info\/perfil\/julian-palacz\/#breadcrumb"},"inLanguage":"en-US","potentialAction":[{"@type":"ReadAction","target":["https:\/\/proyector.info\/perfil\/julian-palacz\/"]}]},{"@type":"ImageObject","inLanguage":"en-US","@id":"https:\/\/proyector.info\/perfil\/julian-palacz\/#primaryimage","url":"https:\/\/proyector.info\/wp-content\/uploads\/2026\/07\/35570028_lowres.jpg","contentUrl":"https:\/\/proyector.info\/wp-content\/uploads\/2026\/07\/35570028_lowres.jpg","width":1370,"height":2066},{"@type":"BreadcrumbList","@id":"https:\/\/proyector.info\/perfil\/julian-palacz\/#breadcrumb","itemListElement":[{"@type":"ListItem","position":1,"name":"Portada","item":"https:\/\/proyector.info\/en\/"},{"@type":"ListItem","position":2,"name":"Profiles","item":"https:\/\/proyector.info\/en\/profiles\/"},{"@type":"ListItem","position":3,"name":"Julian Palacz"}]},{"@type":"WebSite","@id":"https:\/\/proyector.info\/en\/#website","url":"https:\/\/proyector.info\/en\/","name":"PROYECTOR","description":"Plataforma de Imagen en Movimiento","publisher":{"@id":"https:\/\/proyector.info\/en\/#organization"},"potentialAction":[{"@type":"SearchAction","target":{"@type":"EntryPoint","urlTemplate":"https:\/\/proyector.info\/en\/?s={search_term_string}"},"query-input":{"@type":"PropertyValueSpecification","valueRequired":true,"valueName":"search_term_string"}}],"inLanguage":"en-US"},{"@type":"Organization","@id":"https:\/\/proyector.info\/en\/#organization","name":"PROYECTOR","url":"https:\/\/proyector.info\/en\/","logo":{"@type":"ImageObject","inLanguage":"en-US","@id":"https:\/\/proyector.info\/en\/#\/schema\/logo\/image\/","url":"https:\/\/proyector.info\/wp-content\/uploads\/2025\/07\/cropped-proyector_icono.png","contentUrl":"https:\/\/proyector.info\/wp-content\/uploads\/2025\/07\/cropped-proyector_icono.png","width":512,"height":512,"caption":"PROYECTOR"},"image":{"@id":"https:\/\/proyector.info\/en\/#\/schema\/logo\/image\/"},"sameAs":["https:\/\/www.facebook.com\/proyectorvideoartfestival\/","https:\/\/x.com\/PROYECTOR_fest","https:\/\/www.instagram.com\/proyector_videoartplatform\/","https:\/\/www.tiktok.com\/@proyector_fest","https:\/\/www.youtube.com\/user\/proyectorvideoart","https:\/\/vimeo.com\/proyectorvideoart","https:\/\/www.linkedin.com\/company\/proyector\/"]}]}</script>
<!-- / Yoast SEO plugin. -->

Julian Palacz nació en 1983 en Leoben y vive y trabaja entre Viena y Mürzzuschlag. Su obra se centra en
