{"id":18714,"date":"2025-12-05T13:29:02","date_gmt":"2025-12-05T12:29:02","guid":{"rendered":"https:\/\/proyector.info\/profile\/ruben-marin\/"},"modified":"2025-12-05T13:30:17","modified_gmt":"2025-12-05T12:30:17","slug":"ruben-marin","status":"publish","type":"person","link":"https:\/\/proyector.info\/en\/profile\/ruben-marin\/","title":{"rendered":"Rub\u00e9n Mar\u00edn"},"content":{"rendered":"\n<p class=\"wp-block-paragraph\"><strong>GROUP EXHIBITIONS<\/strong><\/p>\n\n\n\n<p class=\"wp-block-paragraph\">2019&nbsp; IDEA-IMATGE-UNIVERSITAT RELOADED \/ Laboratorio de luz. Universitat de Val\u00e8ncia.<br>2018 Lumatron \/ Laboratorio de Luz, LPM live performance meeting (edition XIX) Mattatoio, Roma.<br>Exforma, Facultad de bellas Artes, Universidad de Sevilla, Sevilla.<br>2017 PAM PAM!, IVAM Institut Valenci\u00e0 d\u2019Art Modern, Valencia.<br>Cine por venir, IVAM Institut Valenci\u00e0 d\u2019Art Modern, Valencia.<br>2016 La Situaci\u00f3n, Cuenca.<br>XIX Muestra de Arte P\u00fablico para J\u00f3venes Creadores Arte<br>P\u00fablico\/Universidad P\u00fablica, Universitat de Val\u00e8ncia, Valencia.<br>Kapital 02 \/ no-sexism, curated by Mau Monle\u00f3n, Las Naves, Valencia.<br>A summer story, Espai d\u2019Art, Benidorm.<br>The Urban Game [BETA] Project, Piraeus, Greece.<br>PAM! 2016, IV Muestra de Producci\u00f3n Art\u00edstica y Multimedia, Facultat<br>de Belles Arts, UPV Valencia.<br>SHORTPAM! UPV en colaboraci\u00f3n con Filmoteca Valenciana y Arag\u00f3<br>Cinema.<br>2015 Print para Arte camuflado, comisariado por: Sarah Gonz\u00e1lez, Sebasti\u00e1n<br>Rivera&amp;Sinquenza,in Manizares, Colombia.<br>2014 PROYECTOR 7\u00ba Ed. International Festival of Video Art. Arte Oculto<br>Madrid.<br>Plastik en Generator Projects, Dundee. Escocia.<br>2013 Library de UCLM. Cuenca.<br>2012 Mi.Mo Mierda Moderna, comisariado por Sylvia Molina, Cuenca y<br>Valencia.<br>Arte Emergente, Festival Extendido, Cuenca.<\/p>\n\n\n\n<p class=\"wp-block-paragraph\"><strong>INDIVIDUAL EXHIBITIONS<\/strong><\/p>\n\n\n\n<p class=\"wp-block-paragraph\">2016 Proceso Documental Orriols Convive, Fundaci\u00f3n La Posta, Valencia.<br>2015 Document-acci\u00f3n: relatos del arte de acci\u00f3n, UCLM, Cuenca.<br>2012 Estrategias para aprender a mirar, UCLM, Cuenca.<\/p>\n","protected":false},"excerpt":{"rendered":"<p>GROUP EXHIBITIONS 2019&nbsp; IDEA-IMATGE-UNIVERSITAT RELOADED \/ Laboratorio de luz. Universitat de Val\u00e8ncia.2018 Lumatron \/ Laboratorio de Luz, LPM live performance<\/p>\n","protected":false},"author":1,"featured_media":18712,"template":"","meta":[],"person_cat":[98],"person_tag":[1048,1057],"class_list":["post-18714","person","type-person","status-publish","has-post-thumbnail","hentry","person_cat-artist","person_tag-2014-es","person_tag-festival-2014-es"],"yoast_head":"<!-- This site is optimized with the Yoast SEO plugin v27.4 - https:\/\/yoast.com\/product\/yoast-seo-wordpress\/ -->\n<title>Rub\u00e9n Mar\u00edn - PROYECTOR<\/title>\n<meta name=\"robots\" content=\"index, follow, max-snippet:-1, max-image-preview:large, max-video-preview:-1\" \/>\n<link rel=\"canonical\" href=\"https:\/\/proyector.info\/en\/profile\/ruben-marin\/\" \/>\n<meta property=\"og:locale\" content=\"en_US\" \/>\n<meta property=\"og:type\" content=\"article\" \/>\n<meta property=\"og:title\" content=\"Rub\u00e9n Mar\u00edn - PROYECTOR\" \/>\n<meta property=\"og:description\" content=\"GROUP EXHIBITIONS 2019&nbsp; IDEA-IMATGE-UNIVERSITAT RELOADED \/ Laboratorio de luz. Universitat de Val\u00e8ncia.2018 Lumatron \/ Laboratorio de Luz, LPM live performance\" \/>\n<meta property=\"og:url\" content=\"https:\/\/proyector.info\/en\/profile\/ruben-marin\/\" \/>\n<meta property=\"og:site_name\" content=\"PROYECTOR\" \/>\n<meta property=\"article:publisher\" content=\"https:\/\/www.facebook.com\/proyectorvideoartfestival\/\" \/>\n<meta property=\"article:modified_time\" content=\"2025-12-05T12:30:17+00:00\" \/>\n<meta property=\"og:image\" content=\"https:\/\/proyector.info\/wp-content\/uploads\/2025\/12\/marin.png\" \/>\n\t<meta property=\"og:image:width\" content=\"134\" \/>\n\t<meta property=\"og:image:height\" content=\"127\" \/>\n\t<meta property=\"og:image:type\" content=\"image\/png\" \/>\n<meta name=\"twitter:card\" content=\"summary_large_image\" \/>\n<meta name=\"twitter:site\" content=\"@PROYECTOR_fest\" \/>\n<meta name=\"twitter:label1\" content=\"Est. reading time\" \/>\n\t<meta name=\"twitter:data1\" content=\"2 minutes\" \/>\n<script type=\"application\/ld+json\" class=\"yoast-schema-graph\">{\"@context\":\"https:\\\/\\\/schema.org\",\"@graph\":[{\"@type\":\"WebPage\",\"@id\":\"https:\\\/\\\/proyector.info\\\/en\\\/profile\\\/ruben-marin\\\/\",\"url\":\"https:\\\/\\\/proyector.info\\\/en\\\/profile\\\/ruben-marin\\\/\",\"name\":\"Rub\u00e9n Mar\u00edn - PROYECTOR\",\"isPartOf\":{\"@id\":\"https:\\\/\\\/proyector.info\\\/en\\\/#website\"},\"primaryImageOfPage\":{\"@id\":\"https:\\\/\\\/proyector.info\\\/en\\\/profile\\\/ruben-marin\\\/#primaryimage\"},\"image\":{\"@id\":\"https:\\\/\\\/proyector.info\\\/en\\\/profile\\\/ruben-marin\\\/#primaryimage\"},\"thumbnailUrl\":\"https:\\\/\\\/proyector.info\\\/wp-content\\\/uploads\\\/2025\\\/12\\\/marin.png\",\"datePublished\":\"2025-12-05T12:29:02+00:00\",\"dateModified\":\"2025-12-05T12:30:17+00:00\",\"breadcrumb\":{\"@id\":\"https:\\\/\\\/proyector.info\\\/en\\\/profile\\\/ruben-marin\\\/#breadcrumb\"},\"inLanguage\":\"en-US\",\"potentialAction\":[{\"@type\":\"ReadAction\",\"target\":[\"https:\\\/\\\/proyector.info\\\/en\\\/profile\\\/ruben-marin\\\/\"]}]},{\"@type\":\"ImageObject\",\"inLanguage\":\"en-US\",\"@id\":\"https:\\\/\\\/proyector.info\\\/en\\\/profile\\\/ruben-marin\\\/#primaryimage\",\"url\":\"https:\\\/\\\/proyector.info\\\/wp-content\\\/uploads\\\/2025\\\/12\\\/marin.png\",\"contentUrl\":\"https:\\\/\\\/proyector.info\\\/wp-content\\\/uploads\\\/2025\\\/12\\\/marin.png\",\"width\":134,\"height\":127},{\"@type\":\"BreadcrumbList\",\"@id\":\"https:\\\/\\\/proyector.info\\\/en\\\/profile\\\/ruben-marin\\\/#breadcrumb\",\"itemListElement\":[{\"@type\":\"ListItem\",\"position\":1,\"name\":\"Portada\",\"item\":\"https:\\\/\\\/proyector.info\\\/en\\\/\"},{\"@type\":\"ListItem\",\"position\":2,\"name\":\"Profiles\",\"item\":\"https:\\\/\\\/proyector.info\\\/en\\\/profiles\\\/\"},{\"@type\":\"ListItem\",\"position\":3,\"name\":\"Rub\u00e9n Mar\u00edn\"}]},{\"@type\":\"WebSite\",\"@id\":\"https:\\\/\\\/proyector.info\\\/en\\\/#website\",\"url\":\"https:\\\/\\\/proyector.info\\\/en\\\/\",\"name\":\"PROYECTOR\",\"description\":\"Plataforma de Imagen en Movimiento\",\"publisher\":{\"@id\":\"https:\\\/\\\/proyector.info\\\/en\\\/#organization\"},\"potentialAction\":[{\"@type\":\"SearchAction\",\"target\":{\"@type\":\"EntryPoint\",\"urlTemplate\":\"https:\\\/\\\/proyector.info\\\/en\\\/?s={search_term_string}\"},\"query-input\":{\"@type\":\"PropertyValueSpecification\",\"valueRequired\":true,\"valueName\":\"search_term_string\"}}],\"inLanguage\":\"en-US\"},{\"@type\":\"Organization\",\"@id\":\"https:\\\/\\\/proyector.info\\\/en\\\/#organization\",\"name\":\"PROYECTOR\",\"url\":\"https:\\\/\\\/proyector.info\\\/en\\\/\",\"logo\":{\"@type\":\"ImageObject\",\"inLanguage\":\"en-US\",\"@id\":\"https:\\\/\\\/proyector.info\\\/en\\\/#\\\/schema\\\/logo\\\/image\\\/\",\"url\":\"https:\\\/\\\/proyector.info\\\/wp-content\\\/uploads\\\/2025\\\/07\\\/cropped-proyector_icono.png\",\"contentUrl\":\"https:\\\/\\\/proyector.info\\\/wp-content\\\/uploads\\\/2025\\\/07\\\/cropped-proyector_icono.png\",\"width\":512,\"height\":512,\"caption\":\"PROYECTOR\"},\"image\":{\"@id\":\"https:\\\/\\\/proyector.info\\\/en\\\/#\\\/schema\\\/logo\\\/image\\\/\"},\"sameAs\":[\"https:\\\/\\\/www.facebook.com\\\/proyectorvideoartfestival\\\/\",\"https:\\\/\\\/x.com\\\/PROYECTOR_fest\",\"https:\\\/\\\/www.instagram.com\\\/proyector_videoartplatform\\\/\",\"https:\\\/\\\/www.tiktok.com\\\/@proyector_fest\",\"https:\\\/\\\/www.youtube.com\\\/user\\\/proyectorvideoart\",\"https:\\\/\\\/vimeo.com\\\/proyectorvideoart\",\"https:\\\/\\\/www.linkedin.com\\\/company\\\/proyector\\\/\"]}]}<\/script>\n<!-- \/ Yoast SEO plugin. -->","yoast_head_json":{"title":"Rub\u00e9n Mar\u00edn - PROYECTOR","robots":{"index":"index","follow":"follow","max-snippet":"max-snippet:-1","max-image-preview":"max-image-preview:large","max-video-preview":"max-video-preview:-1"},"canonical":"https:\/\/proyector.info\/en\/profile\/ruben-marin\/","og_locale":"en_US","og_type":"article","og_title":"Rub\u00e9n Mar\u00edn - PROYECTOR","og_description":"GROUP EXHIBITIONS 2019&nbsp; IDEA-IMATGE-UNIVERSITAT RELOADED \/ Laboratorio de luz. Universitat de Val\u00e8ncia.2018 Lumatron \/ Laboratorio de Luz, LPM live performance","og_url":"https:\/\/proyector.info\/en\/profile\/ruben-marin\/","og_site_name":"PROYECTOR","article_publisher":"https:\/\/www.facebook.com\/proyectorvideoartfestival\/","article_modified_time":"2025-12-05T12:30:17+00:00","og_image":[{"width":134,"height":127,"url":"https:\/\/proyector.info\/wp-content\/uploads\/2025\/12\/marin.png","type":"image\/png"}],"twitter_card":"summary_large_image","twitter_site":"@PROYECTOR_fest","twitter_misc":{"Est. reading time":"2 minutes"},"schema":{"@context":"https:\/\/schema.org","@graph":[{"@type":"WebPage","@id":"https:\/\/proyector.info\/en\/profile\/ruben-marin\/","url":"https:\/\/proyector.info\/en\/profile\/ruben-marin\/","name":"Rub\u00e9n Mar\u00edn - PROYECTOR","isPartOf":{"@id":"https:\/\/proyector.info\/en\/#website"},"primaryImageOfPage":{"@id":"https:\/\/proyector.info\/en\/profile\/ruben-marin\/#primaryimage"},"image":{"@id":"https:\/\/proyector.info\/en\/profile\/ruben-marin\/#primaryimage"},"thumbnailUrl":"https:\/\/proyector.info\/wp-content\/uploads\/2025\/12\/marin.png","datePublished":"2025-12-05T12:29:02+00:00","dateModified":"2025-12-05T12:30:17+00:00","breadcrumb":{"@id":"https:\/\/proyector.info\/en\/profile\/ruben-marin\/#breadcrumb"},"inLanguage":"en-US","potentialAction":[{"@type":"ReadAction","target":["https:\/\/proyector.info\/en\/profile\/ruben-marin\/"]}]},{"@type":"ImageObject","inLanguage":"en-US","@id":"https:\/\/proyector.info\/en\/profile\/ruben-marin\/#primaryimage","url":"https:\/\/proyector.info\/wp-content\/uploads\/2025\/12\/marin.png","contentUrl":"https:\/\/proyector.info\/wp-content\/uploads\/2025\/12\/marin.png","width":134,"height":127},{"@type":"BreadcrumbList","@id":"https:\/\/proyector.info\/en\/profile\/ruben-marin\/#breadcrumb","itemListElement":[{"@type":"ListItem","position":1,"name":"Portada","item":"https:\/\/proyector.info\/en\/"},{"@type":"ListItem","position":2,"name":"Profiles","item":"https:\/\/proyector.info\/en\/profiles\/"},{"@type":"ListItem","position":3,"name":"Rub\u00e9n Mar\u00edn"}]},{"@type":"WebSite","@id":"https:\/\/proyector.info\/en\/#website","url":"https:\/\/proyector.info\/en\/","name":"PROYECTOR","description":"Plataforma de Imagen en Movimiento","publisher":{"@id":"https:\/\/proyector.info\/en\/#organization"},"potentialAction":[{"@type":"SearchAction","target":{"@type":"EntryPoint","urlTemplate":"https:\/\/proyector.info\/en\/?s={search_term_string}"},"query-input":{"@type":"PropertyValueSpecification","valueRequired":true,"valueName":"search_term_string"}}],"inLanguage":"en-US"},{"@type":"Organization","@id":"https:\/\/proyector.info\/en\/#organization","name":"PROYECTOR","url":"https:\/\/proyector.info\/en\/","logo":{"@type":"ImageObject","inLanguage":"en-US","@id":"https:\/\/proyector.info\/en\/#\/schema\/logo\/image\/","url":"https:\/\/proyector.info\/wp-content\/uploads\/2025\/07\/cropped-proyector_icono.png","contentUrl":"https:\/\/proyector.info\/wp-content\/uploads\/2025\/07\/cropped-proyector_icono.png","width":512,"height":512,"caption":"PROYECTOR"},"image":{"@id":"https:\/\/proyector.info\/en\/#\/schema\/logo\/image\/"},"sameAs":["https:\/\/www.facebook.com\/proyectorvideoartfestival\/","https:\/\/x.com\/PROYECTOR_fest","https:\/\/www.instagram.com\/proyector_videoartplatform\/","https:\/\/www.tiktok.com\/@proyector_fest","https:\/\/www.youtube.com\/user\/proyectorvideoart","https:\/\/vimeo.com\/proyectorvideoart","https:\/\/www.linkedin.com\/company\/proyector\/"]}]}},"_links":{"self":[{"href":"https:\/\/proyector.info\/en\/wp-json\/wp\/v2\/person\/18714","targetHints":{"allow":["GET"]}}],"collection":[{"href":"https:\/\/proyector.info\/en\/wp-json\/wp\/v2\/person"}],"about":[{"href":"https:\/\/proyector.info\/en\/wp-json\/wp\/v2\/types\/person"}],"author":[{"embeddable":true,"href":"https:\/\/proyector.info\/en\/wp-json\/wp\/v2\/users\/1"}],"wp:featuredmedia":[{"embeddable":true,"href":"https:\/\/proyector.info\/en\/wp-json\/wp\/v2\/media\/18712"}],"wp:attachment":[{"href":"https:\/\/proyector.info\/en\/wp-json\/wp\/v2\/media?parent=18714"}],"wp:term":[{"taxonomy":"person_cat","embeddable":true,"href":"https:\/\/proyector.info\/en\/wp-json\/wp\/v2\/person_cat?post=18714"},{"taxonomy":"person_tag","embeddable":true,"href":"https:\/\/proyector.info\/en\/wp-json\/wp\/v2\/person_tag?post=18714"}],"curies":[{"name":"wp","href":"https:\/\/api.w.org\/{rel}","templated":true}]}}

Rubén Marín

<p class="wp-block-paragraph"><strong>GROUP EXHIBITIONS</strong></p>



<p class="wp-block-paragraph">2019&nbsp; IDEA-IMATGE-UNIVERSITAT RELOADED / Laboratorio de luz. Universitat de València.<br>2018 Lumatron / Laboratorio de Luz, LPM live performance meeting (edition XIX) Mattatoio, Roma.<br>Exforma, Facultad de bellas Artes, Universidad de Sevilla, Sevilla.<br>2017 PAM PAM!, IVAM Institut Valencià d’Art Modern, Valencia.<br>Cine por venir, IVAM Institut Valencià d’Art Modern, Valencia.<br>2016 La Situación, Cuenca.<br>XIX Muestra de Arte Público para Jóvenes Creadores Arte<br>Público/Universidad Pública, Universitat de València, Valencia.<br>Kapital 02 / no-sexism, curated by Mau Monleón, Las Naves, Valencia.<br>A summer story, Espai d’Art, Benidorm.<br>The Urban Game [BETA] Project, Piraeus, Greece.<br>PAM! 2016, IV Muestra de Producción Artística y Multimedia, Facultat<br>de Belles Arts, UPV Valencia.<br>SHORTPAM! UPV en colaboración con Filmoteca Valenciana y Aragó<br>Cinema.<br>2015 Print para Arte camuflado, comisariado por: Sarah González, Sebastián<br>Rivera&amp;Sinquenza,in Manizares, Colombia.<br>2014 PROYECTOR 7º Ed. International Festival of Video Art. Arte Oculto<br>Madrid.<br>Plastik en Generator Projects, Dundee. Escocia.<br>2013 Library de UCLM. Cuenca.<br>2012 Mi.Mo Mierda Moderna, comisariado por Sylvia Molina, Cuenca y<br>Valencia.<br>Arte Emergente, Festival Extendido, Cuenca.</p>



<p class="wp-block-paragraph"><strong>INDIVIDUAL EXHIBITIONS</strong></p>



<p class="wp-block-paragraph">2016 Proceso Documental Orriols Convive, Fundación La Posta, Valencia.<br>2015 Document-acción: relatos del arte de acción, UCLM, Cuenca.<br>2012 Estrategias para aprender a mirar, UCLM, Cuenca.</p>

<p>GROUP EXHIBITIONS 2019&nbsp; IDEA-IMATGE-UNIVERSITAT RELOADED / Laboratorio de luz. Universitat de València.2018 Lumatron / Laboratorio de Luz, LPM live performance</p>

<!-- This site is optimized with the Yoast SEO plugin v27.4 - https://yoast.com/product/yoast-seo-wordpress/ -->
<title>Rubén Marín - PROYECTOR</title>
<meta name="robots" content="index, follow, max-snippet:-1, max-image-preview:large, max-video-preview:-1" />
<link rel="canonical" href="https://proyector.info/en/profile/ruben-marin/" />
<meta property="og:locale" content="en_US" />
<meta property="og:type" content="article" />
<meta property="og:title" content="Rubén Marín - PROYECTOR" />
<meta property="og:description" content="GROUP EXHIBITIONS 2019&nbsp; IDEA-IMATGE-UNIVERSITAT RELOADED / Laboratorio de luz. Universitat de València.2018 Lumatron / Laboratorio de Luz, LPM live performance" />
<meta property="og:url" content="https://proyector.info/en/profile/ruben-marin/" />
<meta property="og:site_name" content="PROYECTOR" />
<meta property="article:publisher" content="https://www.facebook.com/proyectorvideoartfestival/" />
<meta property="article:modified_time" content="2025-12-05T12:30:17+00:00" />
<meta property="og:image" content="https://proyector.info/wp-content/uploads/2025/12/marin.png" />
	<meta property="og:image:width" content="134" />
	<meta property="og:image:height" content="127" />
	<meta property="og:image:type" content="image/png" />
<meta name="twitter:card" content="summary_large_image" />
<meta name="twitter:site" content="@PROYECTOR_fest" />
<meta name="twitter:label1" content="Est. reading time" />
	<meta name="twitter:data1" content="2 minutes" />
<script type="application/ld+json" class="yoast-schema-graph">{"@context":"https:\/\/schema.org","@graph":[{"@type":"WebPage","@id":"https:\/\/proyector.info\/en\/profile\/ruben-marin\/","url":"https:\/\/proyector.info\/en\/profile\/ruben-marin\/","name":"Rubén Marín - PROYECTOR","isPartOf":{"@id":"https:\/\/proyector.info\/en\/#website"},"primaryImageOfPage":{"@id":"https:\/\/proyector.info\/en\/profile\/ruben-marin\/#primaryimage"},"image":{"@id":"https:\/\/proyector.info\/en\/profile\/ruben-marin\/#primaryimage"},"thumbnailUrl":"https:\/\/proyector.info\/wp-content\/uploads\/2025\/12\/marin.png","datePublished":"2025-12-05T12:29:02+00:00","dateModified":"2025-12-05T12:30:17+00:00","breadcrumb":{"@id":"https:\/\/proyector.info\/en\/profile\/ruben-marin\/#breadcrumb"},"inLanguage":"en-US","potentialAction":[{"@type":"ReadAction","target":["https:\/\/proyector.info\/en\/profile\/ruben-marin\/"]}]},{"@type":"ImageObject","inLanguage":"en-US","@id":"https:\/\/proyector.info\/en\/profile\/ruben-marin\/#primaryimage","url":"https:\/\/proyector.info\/wp-content\/uploads\/2025\/12\/marin.png","contentUrl":"https:\/\/proyector.info\/wp-content\/uploads\/2025\/12\/marin.png","width":134,"height":127},{"@type":"BreadcrumbList","@id":"https:\/\/proyector.info\/en\/profile\/ruben-marin\/#breadcrumb","itemListElement":[{"@type":"ListItem","position":1,"name":"Portada","item":"https:\/\/proyector.info\/en\/"},{"@type":"ListItem","position":2,"name":"Profiles","item":"https:\/\/proyector.info\/en\/profiles\/"},{"@type":"ListItem","position":3,"name":"Rubén Marín"}]},{"@type":"WebSite","@id":"https:\/\/proyector.info\/en\/#website","url":"https:\/\/proyector.info\/en\/","name":"PROYECTOR","description":"Plataforma de Imagen en Movimiento","publisher":{"@id":"https:\/\/proyector.info\/en\/#organization"},"potentialAction":[{"@type":"SearchAction","target":{"@type":"EntryPoint","urlTemplate":"https:\/\/proyector.info\/en\/?s={search_term_string}"},"query-input":{"@type":"PropertyValueSpecification","valueRequired":true,"valueName":"search_term_string"}}],"inLanguage":"en-US"},{"@type":"Organization","@id":"https:\/\/proyector.info\/en\/#organization","name":"PROYECTOR","url":"https:\/\/proyector.info\/en\/","logo":{"@type":"ImageObject","inLanguage":"en-US","@id":"https:\/\/proyector.info\/en\/#\/schema\/logo\/image\/","url":"https:\/\/proyector.info\/wp-content\/uploads\/2025\/07\/cropped-proyector_icono.png","contentUrl":"https:\/\/proyector.info\/wp-content\/uploads\/2025\/07\/cropped-proyector_icono.png","width":512,"height":512,"caption":"PROYECTOR"},"image":{"@id":"https:\/\/proyector.info\/en\/#\/schema\/logo\/image\/"},"sameAs":["https:\/\/www.facebook.com\/proyectorvideoartfestival\/","https:\/\/x.com\/PROYECTOR_fest","https:\/\/www.instagram.com\/proyector_videoartplatform\/","https:\/\/www.tiktok.com\/@proyector_fest","https:\/\/www.youtube.com\/user\/proyectorvideoart","https:\/\/vimeo.com\/proyectorvideoart","https:\/\/www.linkedin.com\/company\/proyector\/"]}]}</script>
<!-- / Yoast SEO plugin. -->

Rubén Marín - PROYECTOR

GROUP EXHIBITIONS 2019&nbsp; IDEA-IMATGE-UNIVERSITAT RELOADED / Laboratorio de luz. Universitat de València.2018 Lumatron / Laboratorio de Luz, LPM live performance
