{"id":14508,"date":"2025-09-18T22:52:50","date_gmt":"2025-09-18T20:52:50","guid":{"rendered":"https:\/\/proyector.info\/profile\/florencia-aliberti\/"},"modified":"2025-09-18T22:52:50","modified_gmt":"2025-09-18T20:52:50","slug":"florencia-aliberti","status":"publish","type":"person","link":"https:\/\/proyector.info\/en\/profile\/florencia-aliberti\/","title":{"rendered":"Florencia Aliberti"},"content":{"rendered":"\n<p class=\"wp-block-paragraph\">Trabaja como montadora y realizadora de cine documental, experimental y de ficci\u00f3n.<\/p>\n\n\n\n<p class=\"wp-block-paragraph\">Sus trabajos de realizaci\u00f3n son el fruto de una voluntad de experimentar con las im\u00e1genes y con diversos formatos (desde el digital al 16mm o al S\u00faper 8), pasando por pr\u00e1cticas de apropiaci\u00f3n o t\u00e9cnicas manuales de laboratorio.<\/p>\n\n\n\n<p class=\"wp-block-paragraph\">Entre otros temas, se interesa por las nuevas subjetividades emergentes en el contexto de internet y las narrativas derivadas de las im\u00e1genes producidas en redes sociales.<\/p>\n\n\n\n<p class=\"wp-block-paragraph\">Sus trabajos se han proyectado en diversos festivales, como IDFA, BFI Festival de cine de Londres, 33\u00b0 Festival de Documental de Kassel, VIS Vienna Independent Shorts, Glasgow Short Film Festival, etc. Particip\u00f3 con diversos trabajos en exposiciones como Byte Footage (CCK, Buenos Aires), Genealog\u00edas feministas del arte espa\u00f1ol (MUSAC), Ciclo de Cine Experimental MAMBA (Museo de Arte Moderno de Buenos Aires), Pantalla CCCB, Viral Mural (2019, Centro Cultural Recoleta de Buenos Aires).<\/p>\n","protected":false},"excerpt":{"rendered":"<p>Trabaja como montadora y realizadora de cine documental, experimental y de ficci\u00f3n. Sus trabajos de realizaci\u00f3n son el fruto de<\/p>\n","protected":false},"author":1,"featured_media":14507,"template":"","meta":[],"person_cat":[98],"person_tag":[336,338,550,551],"class_list":["post-14508","person","type-person","status-publish","has-post-thumbnail","hentry","person_cat-artist","person_tag-336","person_tag-2023-es","person_tag-festival-2023-es","person_tag-festival-2023-en"],"yoast_head":"<!-- This site is optimized with the Yoast SEO plugin v27.4 - https:\/\/yoast.com\/product\/yoast-seo-wordpress\/ -->\n<title>Florencia Aliberti - PROYECTOR<\/title>\n<meta name=\"robots\" content=\"index, follow, max-snippet:-1, max-image-preview:large, max-video-preview:-1\" \/>\n<link rel=\"canonical\" href=\"https:\/\/proyector.info\/en\/profile\/florencia-aliberti\/\" \/>\n<meta property=\"og:locale\" content=\"en_US\" \/>\n<meta property=\"og:type\" content=\"article\" \/>\n<meta property=\"og:title\" content=\"Florencia Aliberti - PROYECTOR\" \/>\n<meta property=\"og:description\" content=\"Trabaja como montadora y realizadora de cine documental, experimental y de ficci\u00f3n. Sus trabajos de realizaci\u00f3n son el fruto de\" \/>\n<meta property=\"og:url\" content=\"https:\/\/proyector.info\/en\/profile\/florencia-aliberti\/\" \/>\n<meta property=\"og:site_name\" content=\"PROYECTOR\" \/>\n<meta property=\"article:publisher\" content=\"https:\/\/www.facebook.com\/proyectorvideoartfestival\/\" \/>\n<meta property=\"og:image\" content=\"https:\/\/proyector.info\/wp-content\/uploads\/2025\/07\/cropped-proyector_icono.png\" \/>\n\t<meta property=\"og:image:width\" content=\"512\" \/>\n\t<meta property=\"og:image:height\" content=\"512\" \/>\n\t<meta property=\"og:image:type\" content=\"image\/png\" \/>\n<meta name=\"twitter:card\" content=\"summary_large_image\" \/>\n<meta name=\"twitter:site\" content=\"@PROYECTOR_fest\" \/>\n<meta name=\"twitter:label1\" content=\"Est. reading time\" \/>\n\t<meta name=\"twitter:data1\" content=\"1 minute\" \/>\n<script type=\"application\/ld+json\" class=\"yoast-schema-graph\">{\"@context\":\"https:\\\/\\\/schema.org\",\"@graph\":[{\"@type\":\"WebPage\",\"@id\":\"https:\\\/\\\/proyector.info\\\/en\\\/profile\\\/florencia-aliberti\\\/\",\"url\":\"https:\\\/\\\/proyector.info\\\/en\\\/profile\\\/florencia-aliberti\\\/\",\"name\":\"Florencia Aliberti - PROYECTOR\",\"isPartOf\":{\"@id\":\"https:\\\/\\\/proyector.info\\\/en\\\/#website\"},\"primaryImageOfPage\":{\"@id\":\"https:\\\/\\\/proyector.info\\\/en\\\/profile\\\/florencia-aliberti\\\/#primaryimage\"},\"image\":{\"@id\":\"https:\\\/\\\/proyector.info\\\/en\\\/profile\\\/florencia-aliberti\\\/#primaryimage\"},\"thumbnailUrl\":\"https:\\\/\\\/proyector.info\\\/wp-content\\\/uploads\\\/2025\\\/09\\\/foto7.jpg\",\"datePublished\":\"2025-09-18T20:52:50+00:00\",\"breadcrumb\":{\"@id\":\"https:\\\/\\\/proyector.info\\\/en\\\/profile\\\/florencia-aliberti\\\/#breadcrumb\"},\"inLanguage\":\"en-US\",\"potentialAction\":[{\"@type\":\"ReadAction\",\"target\":[\"https:\\\/\\\/proyector.info\\\/en\\\/profile\\\/florencia-aliberti\\\/\"]}]},{\"@type\":\"ImageObject\",\"inLanguage\":\"en-US\",\"@id\":\"https:\\\/\\\/proyector.info\\\/en\\\/profile\\\/florencia-aliberti\\\/#primaryimage\",\"url\":\"https:\\\/\\\/proyector.info\\\/wp-content\\\/uploads\\\/2025\\\/09\\\/foto7.jpg\",\"contentUrl\":\"https:\\\/\\\/proyector.info\\\/wp-content\\\/uploads\\\/2025\\\/09\\\/foto7.jpg\",\"width\":1024,\"height\":689},{\"@type\":\"BreadcrumbList\",\"@id\":\"https:\\\/\\\/proyector.info\\\/en\\\/profile\\\/florencia-aliberti\\\/#breadcrumb\",\"itemListElement\":[{\"@type\":\"ListItem\",\"position\":1,\"name\":\"Portada\",\"item\":\"https:\\\/\\\/proyector.info\\\/en\\\/\"},{\"@type\":\"ListItem\",\"position\":2,\"name\":\"Profiles\",\"item\":\"https:\\\/\\\/proyector.info\\\/en\\\/profiles\\\/\"},{\"@type\":\"ListItem\",\"position\":3,\"name\":\"Florencia Aliberti\"}]},{\"@type\":\"WebSite\",\"@id\":\"https:\\\/\\\/proyector.info\\\/en\\\/#website\",\"url\":\"https:\\\/\\\/proyector.info\\\/en\\\/\",\"name\":\"PROYECTOR\",\"description\":\"Plataforma de Imagen en Movimiento\",\"publisher\":{\"@id\":\"https:\\\/\\\/proyector.info\\\/en\\\/#organization\"},\"potentialAction\":[{\"@type\":\"SearchAction\",\"target\":{\"@type\":\"EntryPoint\",\"urlTemplate\":\"https:\\\/\\\/proyector.info\\\/en\\\/?s={search_term_string}\"},\"query-input\":{\"@type\":\"PropertyValueSpecification\",\"valueRequired\":true,\"valueName\":\"search_term_string\"}}],\"inLanguage\":\"en-US\"},{\"@type\":\"Organization\",\"@id\":\"https:\\\/\\\/proyector.info\\\/en\\\/#organization\",\"name\":\"PROYECTOR\",\"url\":\"https:\\\/\\\/proyector.info\\\/en\\\/\",\"logo\":{\"@type\":\"ImageObject\",\"inLanguage\":\"en-US\",\"@id\":\"https:\\\/\\\/proyector.info\\\/en\\\/#\\\/schema\\\/logo\\\/image\\\/\",\"url\":\"https:\\\/\\\/proyector.info\\\/wp-content\\\/uploads\\\/2025\\\/07\\\/cropped-proyector_icono.png\",\"contentUrl\":\"https:\\\/\\\/proyector.info\\\/wp-content\\\/uploads\\\/2025\\\/07\\\/cropped-proyector_icono.png\",\"width\":512,\"height\":512,\"caption\":\"PROYECTOR\"},\"image\":{\"@id\":\"https:\\\/\\\/proyector.info\\\/en\\\/#\\\/schema\\\/logo\\\/image\\\/\"},\"sameAs\":[\"https:\\\/\\\/www.facebook.com\\\/proyectorvideoartfestival\\\/\",\"https:\\\/\\\/x.com\\\/PROYECTOR_fest\",\"https:\\\/\\\/www.instagram.com\\\/proyector_videoartplatform\\\/\",\"https:\\\/\\\/www.tiktok.com\\\/@proyector_fest\",\"https:\\\/\\\/www.youtube.com\\\/user\\\/proyectorvideoart\",\"https:\\\/\\\/vimeo.com\\\/proyectorvideoart\",\"https:\\\/\\\/www.linkedin.com\\\/company\\\/proyector\\\/\"]}]}<\/script>\n<!-- \/ Yoast SEO plugin. -->","yoast_head_json":{"title":"Florencia Aliberti - PROYECTOR","robots":{"index":"index","follow":"follow","max-snippet":"max-snippet:-1","max-image-preview":"max-image-preview:large","max-video-preview":"max-video-preview:-1"},"canonical":"https:\/\/proyector.info\/en\/profile\/florencia-aliberti\/","og_locale":"en_US","og_type":"article","og_title":"Florencia Aliberti - PROYECTOR","og_description":"Trabaja como montadora y realizadora de cine documental, experimental y de ficci\u00f3n. Sus trabajos de realizaci\u00f3n son el fruto de","og_url":"https:\/\/proyector.info\/en\/profile\/florencia-aliberti\/","og_site_name":"PROYECTOR","article_publisher":"https:\/\/www.facebook.com\/proyectorvideoartfestival\/","og_image":[{"width":512,"height":512,"url":"https:\/\/proyector.info\/wp-content\/uploads\/2025\/07\/cropped-proyector_icono.png","type":"image\/png"}],"twitter_card":"summary_large_image","twitter_site":"@PROYECTOR_fest","twitter_misc":{"Est. reading time":"1 minute"},"schema":{"@context":"https:\/\/schema.org","@graph":[{"@type":"WebPage","@id":"https:\/\/proyector.info\/en\/profile\/florencia-aliberti\/","url":"https:\/\/proyector.info\/en\/profile\/florencia-aliberti\/","name":"Florencia Aliberti - PROYECTOR","isPartOf":{"@id":"https:\/\/proyector.info\/en\/#website"},"primaryImageOfPage":{"@id":"https:\/\/proyector.info\/en\/profile\/florencia-aliberti\/#primaryimage"},"image":{"@id":"https:\/\/proyector.info\/en\/profile\/florencia-aliberti\/#primaryimage"},"thumbnailUrl":"https:\/\/proyector.info\/wp-content\/uploads\/2025\/09\/foto7.jpg","datePublished":"2025-09-18T20:52:50+00:00","breadcrumb":{"@id":"https:\/\/proyector.info\/en\/profile\/florencia-aliberti\/#breadcrumb"},"inLanguage":"en-US","potentialAction":[{"@type":"ReadAction","target":["https:\/\/proyector.info\/en\/profile\/florencia-aliberti\/"]}]},{"@type":"ImageObject","inLanguage":"en-US","@id":"https:\/\/proyector.info\/en\/profile\/florencia-aliberti\/#primaryimage","url":"https:\/\/proyector.info\/wp-content\/uploads\/2025\/09\/foto7.jpg","contentUrl":"https:\/\/proyector.info\/wp-content\/uploads\/2025\/09\/foto7.jpg","width":1024,"height":689},{"@type":"BreadcrumbList","@id":"https:\/\/proyector.info\/en\/profile\/florencia-aliberti\/#breadcrumb","itemListElement":[{"@type":"ListItem","position":1,"name":"Portada","item":"https:\/\/proyector.info\/en\/"},{"@type":"ListItem","position":2,"name":"Profiles","item":"https:\/\/proyector.info\/en\/profiles\/"},{"@type":"ListItem","position":3,"name":"Florencia Aliberti"}]},{"@type":"WebSite","@id":"https:\/\/proyector.info\/en\/#website","url":"https:\/\/proyector.info\/en\/","name":"PROYECTOR","description":"Plataforma de Imagen en Movimiento","publisher":{"@id":"https:\/\/proyector.info\/en\/#organization"},"potentialAction":[{"@type":"SearchAction","target":{"@type":"EntryPoint","urlTemplate":"https:\/\/proyector.info\/en\/?s={search_term_string}"},"query-input":{"@type":"PropertyValueSpecification","valueRequired":true,"valueName":"search_term_string"}}],"inLanguage":"en-US"},{"@type":"Organization","@id":"https:\/\/proyector.info\/en\/#organization","name":"PROYECTOR","url":"https:\/\/proyector.info\/en\/","logo":{"@type":"ImageObject","inLanguage":"en-US","@id":"https:\/\/proyector.info\/en\/#\/schema\/logo\/image\/","url":"https:\/\/proyector.info\/wp-content\/uploads\/2025\/07\/cropped-proyector_icono.png","contentUrl":"https:\/\/proyector.info\/wp-content\/uploads\/2025\/07\/cropped-proyector_icono.png","width":512,"height":512,"caption":"PROYECTOR"},"image":{"@id":"https:\/\/proyector.info\/en\/#\/schema\/logo\/image\/"},"sameAs":["https:\/\/www.facebook.com\/proyectorvideoartfestival\/","https:\/\/x.com\/PROYECTOR_fest","https:\/\/www.instagram.com\/proyector_videoartplatform\/","https:\/\/www.tiktok.com\/@proyector_fest","https:\/\/www.youtube.com\/user\/proyectorvideoart","https:\/\/vimeo.com\/proyectorvideoart","https:\/\/www.linkedin.com\/company\/proyector\/"]}]}},"_links":{"self":[{"href":"https:\/\/proyector.info\/en\/wp-json\/wp\/v2\/person\/14508","targetHints":{"allow":["GET"]}}],"collection":[{"href":"https:\/\/proyector.info\/en\/wp-json\/wp\/v2\/person"}],"about":[{"href":"https:\/\/proyector.info\/en\/wp-json\/wp\/v2\/types\/person"}],"author":[{"embeddable":true,"href":"https:\/\/proyector.info\/en\/wp-json\/wp\/v2\/users\/1"}],"wp:featuredmedia":[{"embeddable":true,"href":"https:\/\/proyector.info\/en\/wp-json\/wp\/v2\/media\/14507"}],"wp:attachment":[{"href":"https:\/\/proyector.info\/en\/wp-json\/wp\/v2\/media?parent=14508"}],"wp:term":[{"taxonomy":"person_cat","embeddable":true,"href":"https:\/\/proyector.info\/en\/wp-json\/wp\/v2\/person_cat?post=14508"},{"taxonomy":"person_tag","embeddable":true,"href":"https:\/\/proyector.info\/en\/wp-json\/wp\/v2\/person_tag?post=14508"}],"curies":[{"name":"wp","href":"https:\/\/api.w.org\/{rel}","templated":true}]}}

<p class="wp-block-paragraph">Trabaja como montadora y realizadora de cine documental, experimental y de ficción.</p>



<p class="wp-block-paragraph">Sus trabajos de realización son el fruto de una voluntad de experimentar con las imágenes y con diversos formatos (desde el digital al 16mm o al Súper 8), pasando por prácticas de apropiación o técnicas manuales de laboratorio.</p>



<p class="wp-block-paragraph">Entre otros temas, se interesa por las nuevas subjetividades emergentes en el contexto de internet y las narrativas derivadas de las imágenes producidas en redes sociales.</p>



<p class="wp-block-paragraph">Sus trabajos se han proyectado en diversos festivales, como IDFA, BFI Festival de cine de Londres, 33° Festival de Documental de Kassel, VIS Vienna Independent Shorts, Glasgow Short Film Festival, etc. Participó con diversos trabajos en exposiciones como Byte Footage (CCK, Buenos Aires), Genealogías feministas del arte español (MUSAC), Ciclo de Cine Experimental MAMBA (Museo de Arte Moderno de Buenos Aires), Pantalla CCCB, Viral Mural (2019, Centro Cultural Recoleta de Buenos Aires).</p>

<p>Trabaja como montadora y realizadora de cine documental, experimental y de ficción. Sus trabajos de realización son el fruto de</p>

<!-- This site is optimized with the Yoast SEO plugin v27.4 - https://yoast.com/product/yoast-seo-wordpress/ -->
<title>Florencia Aliberti - PROYECTOR</title>
<meta name="robots" content="index, follow, max-snippet:-1, max-image-preview:large, max-video-preview:-1" />
<link rel="canonical" href="https://proyector.info/en/profile/florencia-aliberti/" />
<meta property="og:locale" content="en_US" />
<meta property="og:type" content="article" />
<meta property="og:title" content="Florencia Aliberti - PROYECTOR" />
<meta property="og:description" content="Trabaja como montadora y realizadora de cine documental, experimental y de ficción. Sus trabajos de realización son el fruto de" />
<meta property="og:url" content="https://proyector.info/en/profile/florencia-aliberti/" />
<meta property="og:site_name" content="PROYECTOR" />
<meta property="article:publisher" content="https://www.facebook.com/proyectorvideoartfestival/" />
<meta property="og:image" content="https://proyector.info/wp-content/uploads/2025/07/cropped-proyector_icono.png" />
	<meta property="og:image:width" content="512" />
	<meta property="og:image:height" content="512" />
	<meta property="og:image:type" content="image/png" />
<meta name="twitter:card" content="summary_large_image" />
<meta name="twitter:site" content="@PROYECTOR_fest" />
<meta name="twitter:label1" content="Est. reading time" />
	<meta name="twitter:data1" content="1 minute" />
<script type="application/ld+json" class="yoast-schema-graph">{"@context":"https:\/\/schema.org","@graph":[{"@type":"WebPage","@id":"https:\/\/proyector.info\/en\/profile\/florencia-aliberti\/","url":"https:\/\/proyector.info\/en\/profile\/florencia-aliberti\/","name":"Florencia Aliberti - PROYECTOR","isPartOf":{"@id":"https:\/\/proyector.info\/en\/#website"},"primaryImageOfPage":{"@id":"https:\/\/proyector.info\/en\/profile\/florencia-aliberti\/#primaryimage"},"image":{"@id":"https:\/\/proyector.info\/en\/profile\/florencia-aliberti\/#primaryimage"},"thumbnailUrl":"https:\/\/proyector.info\/wp-content\/uploads\/2025\/09\/foto7.jpg","datePublished":"2025-09-18T20:52:50+00:00","breadcrumb":{"@id":"https:\/\/proyector.info\/en\/profile\/florencia-aliberti\/#breadcrumb"},"inLanguage":"en-US","potentialAction":[{"@type":"ReadAction","target":["https:\/\/proyector.info\/en\/profile\/florencia-aliberti\/"]}]},{"@type":"ImageObject","inLanguage":"en-US","@id":"https:\/\/proyector.info\/en\/profile\/florencia-aliberti\/#primaryimage","url":"https:\/\/proyector.info\/wp-content\/uploads\/2025\/09\/foto7.jpg","contentUrl":"https:\/\/proyector.info\/wp-content\/uploads\/2025\/09\/foto7.jpg","width":1024,"height":689},{"@type":"BreadcrumbList","@id":"https:\/\/proyector.info\/en\/profile\/florencia-aliberti\/#breadcrumb","itemListElement":[{"@type":"ListItem","position":1,"name":"Portada","item":"https:\/\/proyector.info\/en\/"},{"@type":"ListItem","position":2,"name":"Profiles","item":"https:\/\/proyector.info\/en\/profiles\/"},{"@type":"ListItem","position":3,"name":"Florencia Aliberti"}]},{"@type":"WebSite","@id":"https:\/\/proyector.info\/en\/#website","url":"https:\/\/proyector.info\/en\/","name":"PROYECTOR","description":"Plataforma de Imagen en Movimiento","publisher":{"@id":"https:\/\/proyector.info\/en\/#organization"},"potentialAction":[{"@type":"SearchAction","target":{"@type":"EntryPoint","urlTemplate":"https:\/\/proyector.info\/en\/?s={search_term_string}"},"query-input":{"@type":"PropertyValueSpecification","valueRequired":true,"valueName":"search_term_string"}}],"inLanguage":"en-US"},{"@type":"Organization","@id":"https:\/\/proyector.info\/en\/#organization","name":"PROYECTOR","url":"https:\/\/proyector.info\/en\/","logo":{"@type":"ImageObject","inLanguage":"en-US","@id":"https:\/\/proyector.info\/en\/#\/schema\/logo\/image\/","url":"https:\/\/proyector.info\/wp-content\/uploads\/2025\/07\/cropped-proyector_icono.png","contentUrl":"https:\/\/proyector.info\/wp-content\/uploads\/2025\/07\/cropped-proyector_icono.png","width":512,"height":512,"caption":"PROYECTOR"},"image":{"@id":"https:\/\/proyector.info\/en\/#\/schema\/logo\/image\/"},"sameAs":["https:\/\/www.facebook.com\/proyectorvideoartfestival\/","https:\/\/x.com\/PROYECTOR_fest","https:\/\/www.instagram.com\/proyector_videoartplatform\/","https:\/\/www.tiktok.com\/@proyector_fest","https:\/\/www.youtube.com\/user\/proyectorvideoart","https:\/\/vimeo.com\/proyectorvideoart","https:\/\/www.linkedin.com\/company\/proyector\/"]}]}</script>
<!-- / Yoast SEO plugin. -->

Trabaja como montadora y realizadora de cine documental, experimental y de ficción. Sus trabajos de realización son el fruto de
