{"id":11361,"date":"2025-07-30T08:57:22","date_gmt":"2025-07-30T06:57:22","guid":{"rendered":"https:\/\/proyector.info\/profile\/marcio-andre\/"},"modified":"2025-07-30T09:06:31","modified_gmt":"2025-07-30T07:06:31","slug":"marcio-andre","status":"publish","type":"person","link":"https:\/\/proyector.info\/en\/profile\/marcio-andre\/","title":{"rendered":"M\u00e1rcio-Andr\u00e9"},"content":{"rendered":"\n<p class=\"wp-block-paragraph\"><em>M\u00e1rcio-Andr\u00e9 de Sousa Haz is an award-winning filmmaker, writer, performer, and visual artist born in Rio de Janeiro and currently living in Budapest.&nbsp;<\/em><\/p>\n\n\n\n<p class=\"wp-block-paragraph\"><em>He began his career as a film director attending classes held by Roman Coppola, Asghar Farhadi, Stephan Elliott, and Christopher Hampton. Since then, he has worked on short movies, documentaries, advertising, and music videos for bands such as They Might Be Giants and Besh o Drom.&nbsp;<\/em><\/p>\n\n\n\n<p class=\"wp-block-paragraph\"><em>He is the winner of the Medina Media 4K Award for the Best Director (Festival de M\u00e1laga) for the short film&nbsp;\u00abCozy for Two at Kuleshov St.\u00bb and was awarded first prize at FEST \u2013 Pitching Forum (2018, Portugal) in the feature-length category. His short \u00abThe First Time I Saw Francis Taylor He Was in Slow Motion\u00bb won twelve awards in international festivals, including best director and best movie at 48HFP, and Best Experimental Short at Sardinia Film Festival.&nbsp;<\/em><\/p>\n\n\n\n<p class=\"wp-block-paragraph\"><em>As a writer and artist, Sousa Haz\u2019s texts have been translated into more than twenty languages.&nbsp;His book \u00abPoemas ap\u00f3crifos de Paul Val\u00e9ry\u00bb was nominated for the prestigious Portuguese language prizes Jabuti and Oceanos, and recently became the subject of a Ph.D. thesis. He was the holder of the grant Funda\u00e7\u00e3o Biblioteca Nacional in 2009 for the essay \u00abPo\u00e9tica das Casas.\u00bb In 2017, his \u00abEnsaios radioativos\u00bb (2008) was adapted into a play and staged at Teatro Miguel Falabella, in Rio de Janeiro. \u200bAfter reading poems in the ghost town of Pripyat, Chernobyl, in 2007, Sousa Haz became the first \u00abradioactive poet\u00bb in the world.&nbsp;<\/em><\/p>\n","protected":false},"excerpt":{"rendered":"<p>M\u00e1rcio-Andr\u00e9 de Sousa Haz is an award-winning filmmaker, writer, performer, and visual artist born in Rio de Janeiro and currently<\/p>\n","protected":false},"author":2,"featured_media":11359,"template":"","meta":[],"person_cat":[98,241,215,606,217,190],"person_tag":[1048,622,1057,623],"class_list":["post-11361","person","type-person","status-publish","has-post-thumbnail","hentry","person_cat-artist","person_cat-cinema","person_cat-filmmaking","person_cat-interprete-en","person_cat-visual-arts","person_cat-writing","person_tag-2014-es","person_tag-2017-en","person_tag-festival-2014-es","person_tag-festival-2017-en"],"yoast_head":"<!-- This site is optimized with the Yoast SEO plugin v27.4 - https:\/\/yoast.com\/product\/yoast-seo-wordpress\/ -->\n<title>M\u00e1rcio-Andr\u00e9 - PROYECTOR<\/title>\n<meta name=\"robots\" content=\"index, follow, max-snippet:-1, max-image-preview:large, max-video-preview:-1\" \/>\n<link rel=\"canonical\" href=\"https:\/\/proyector.info\/en\/profile\/marcio-andre\/\" \/>\n<meta property=\"og:locale\" content=\"en_US\" \/>\n<meta property=\"og:type\" content=\"article\" \/>\n<meta property=\"og:title\" content=\"M\u00e1rcio-Andr\u00e9 - PROYECTOR\" \/>\n<meta property=\"og:description\" content=\"M\u00e1rcio-Andr\u00e9 de Sousa Haz is an award-winning filmmaker, writer, performer, and visual artist born in Rio de Janeiro and currently\" \/>\n<meta property=\"og:url\" content=\"https:\/\/proyector.info\/en\/profile\/marcio-andre\/\" \/>\n<meta property=\"og:site_name\" content=\"PROYECTOR\" \/>\n<meta property=\"article:publisher\" content=\"https:\/\/www.facebook.com\/proyectorvideoartfestival\/\" \/>\n<meta property=\"article:modified_time\" content=\"2025-07-30T07:06:31+00:00\" \/>\n<meta property=\"og:image\" content=\"https:\/\/proyector.info\/wp-content\/uploads\/2025\/07\/sousa-haz.png\" \/>\n\t<meta property=\"og:image:width\" content=\"480\" \/>\n\t<meta property=\"og:image:height\" content=\"476\" \/>\n\t<meta property=\"og:image:type\" content=\"image\/png\" \/>\n<meta name=\"twitter:card\" content=\"summary_large_image\" \/>\n<meta name=\"twitter:site\" content=\"@PROYECTOR_fest\" \/>\n<meta name=\"twitter:label1\" content=\"Est. reading time\" \/>\n\t<meta name=\"twitter:data1\" content=\"1 minute\" \/>\n<script type=\"application\/ld+json\" class=\"yoast-schema-graph\">{\"@context\":\"https:\\\/\\\/schema.org\",\"@graph\":[{\"@type\":\"WebPage\",\"@id\":\"https:\\\/\\\/proyector.info\\\/en\\\/profile\\\/marcio-andre\\\/\",\"url\":\"https:\\\/\\\/proyector.info\\\/en\\\/profile\\\/marcio-andre\\\/\",\"name\":\"M\u00e1rcio-Andr\u00e9 - PROYECTOR\",\"isPartOf\":{\"@id\":\"https:\\\/\\\/proyector.info\\\/en\\\/#website\"},\"primaryImageOfPage\":{\"@id\":\"https:\\\/\\\/proyector.info\\\/en\\\/profile\\\/marcio-andre\\\/#primaryimage\"},\"image\":{\"@id\":\"https:\\\/\\\/proyector.info\\\/en\\\/profile\\\/marcio-andre\\\/#primaryimage\"},\"thumbnailUrl\":\"https:\\\/\\\/proyector.info\\\/wp-content\\\/uploads\\\/2025\\\/07\\\/sousa-haz.png\",\"datePublished\":\"2025-07-30T06:57:22+00:00\",\"dateModified\":\"2025-07-30T07:06:31+00:00\",\"breadcrumb\":{\"@id\":\"https:\\\/\\\/proyector.info\\\/en\\\/profile\\\/marcio-andre\\\/#breadcrumb\"},\"inLanguage\":\"en-US\",\"potentialAction\":[{\"@type\":\"ReadAction\",\"target\":[\"https:\\\/\\\/proyector.info\\\/en\\\/profile\\\/marcio-andre\\\/\"]}]},{\"@type\":\"ImageObject\",\"inLanguage\":\"en-US\",\"@id\":\"https:\\\/\\\/proyector.info\\\/en\\\/profile\\\/marcio-andre\\\/#primaryimage\",\"url\":\"https:\\\/\\\/proyector.info\\\/wp-content\\\/uploads\\\/2025\\\/07\\\/sousa-haz.png\",\"contentUrl\":\"https:\\\/\\\/proyector.info\\\/wp-content\\\/uploads\\\/2025\\\/07\\\/sousa-haz.png\",\"width\":480,\"height\":476},{\"@type\":\"BreadcrumbList\",\"@id\":\"https:\\\/\\\/proyector.info\\\/en\\\/profile\\\/marcio-andre\\\/#breadcrumb\",\"itemListElement\":[{\"@type\":\"ListItem\",\"position\":1,\"name\":\"Portada\",\"item\":\"https:\\\/\\\/proyector.info\\\/en\\\/\"},{\"@type\":\"ListItem\",\"position\":2,\"name\":\"Profiles\",\"item\":\"https:\\\/\\\/proyector.info\\\/en\\\/profiles\\\/\"},{\"@type\":\"ListItem\",\"position\":3,\"name\":\"M\u00e1rcio-Andr\u00e9\"}]},{\"@type\":\"WebSite\",\"@id\":\"https:\\\/\\\/proyector.info\\\/en\\\/#website\",\"url\":\"https:\\\/\\\/proyector.info\\\/en\\\/\",\"name\":\"PROYECTOR\",\"description\":\"Plataforma de Imagen en Movimiento\",\"publisher\":{\"@id\":\"https:\\\/\\\/proyector.info\\\/en\\\/#organization\"},\"potentialAction\":[{\"@type\":\"SearchAction\",\"target\":{\"@type\":\"EntryPoint\",\"urlTemplate\":\"https:\\\/\\\/proyector.info\\\/en\\\/?s={search_term_string}\"},\"query-input\":{\"@type\":\"PropertyValueSpecification\",\"valueRequired\":true,\"valueName\":\"search_term_string\"}}],\"inLanguage\":\"en-US\"},{\"@type\":\"Organization\",\"@id\":\"https:\\\/\\\/proyector.info\\\/en\\\/#organization\",\"name\":\"PROYECTOR\",\"url\":\"https:\\\/\\\/proyector.info\\\/en\\\/\",\"logo\":{\"@type\":\"ImageObject\",\"inLanguage\":\"en-US\",\"@id\":\"https:\\\/\\\/proyector.info\\\/en\\\/#\\\/schema\\\/logo\\\/image\\\/\",\"url\":\"https:\\\/\\\/proyector.info\\\/wp-content\\\/uploads\\\/2025\\\/07\\\/cropped-proyector_icono.png\",\"contentUrl\":\"https:\\\/\\\/proyector.info\\\/wp-content\\\/uploads\\\/2025\\\/07\\\/cropped-proyector_icono.png\",\"width\":512,\"height\":512,\"caption\":\"PROYECTOR\"},\"image\":{\"@id\":\"https:\\\/\\\/proyector.info\\\/en\\\/#\\\/schema\\\/logo\\\/image\\\/\"},\"sameAs\":[\"https:\\\/\\\/www.facebook.com\\\/proyectorvideoartfestival\\\/\",\"https:\\\/\\\/x.com\\\/PROYECTOR_fest\",\"https:\\\/\\\/www.instagram.com\\\/proyector_videoartplatform\\\/\",\"https:\\\/\\\/www.tiktok.com\\\/@proyector_fest\",\"https:\\\/\\\/www.youtube.com\\\/user\\\/proyectorvideoart\",\"https:\\\/\\\/vimeo.com\\\/proyectorvideoart\",\"https:\\\/\\\/www.linkedin.com\\\/company\\\/proyector\\\/\"]}]}<\/script>\n<!-- \/ Yoast SEO plugin. -->","yoast_head_json":{"title":"M\u00e1rcio-Andr\u00e9 - PROYECTOR","robots":{"index":"index","follow":"follow","max-snippet":"max-snippet:-1","max-image-preview":"max-image-preview:large","max-video-preview":"max-video-preview:-1"},"canonical":"https:\/\/proyector.info\/en\/profile\/marcio-andre\/","og_locale":"en_US","og_type":"article","og_title":"M\u00e1rcio-Andr\u00e9 - PROYECTOR","og_description":"M\u00e1rcio-Andr\u00e9 de Sousa Haz is an award-winning filmmaker, writer, performer, and visual artist born in Rio de Janeiro and currently","og_url":"https:\/\/proyector.info\/en\/profile\/marcio-andre\/","og_site_name":"PROYECTOR","article_publisher":"https:\/\/www.facebook.com\/proyectorvideoartfestival\/","article_modified_time":"2025-07-30T07:06:31+00:00","og_image":[{"width":480,"height":476,"url":"https:\/\/proyector.info\/wp-content\/uploads\/2025\/07\/sousa-haz.png","type":"image\/png"}],"twitter_card":"summary_large_image","twitter_site":"@PROYECTOR_fest","twitter_misc":{"Est. reading time":"1 minute"},"schema":{"@context":"https:\/\/schema.org","@graph":[{"@type":"WebPage","@id":"https:\/\/proyector.info\/en\/profile\/marcio-andre\/","url":"https:\/\/proyector.info\/en\/profile\/marcio-andre\/","name":"M\u00e1rcio-Andr\u00e9 - PROYECTOR","isPartOf":{"@id":"https:\/\/proyector.info\/en\/#website"},"primaryImageOfPage":{"@id":"https:\/\/proyector.info\/en\/profile\/marcio-andre\/#primaryimage"},"image":{"@id":"https:\/\/proyector.info\/en\/profile\/marcio-andre\/#primaryimage"},"thumbnailUrl":"https:\/\/proyector.info\/wp-content\/uploads\/2025\/07\/sousa-haz.png","datePublished":"2025-07-30T06:57:22+00:00","dateModified":"2025-07-30T07:06:31+00:00","breadcrumb":{"@id":"https:\/\/proyector.info\/en\/profile\/marcio-andre\/#breadcrumb"},"inLanguage":"en-US","potentialAction":[{"@type":"ReadAction","target":["https:\/\/proyector.info\/en\/profile\/marcio-andre\/"]}]},{"@type":"ImageObject","inLanguage":"en-US","@id":"https:\/\/proyector.info\/en\/profile\/marcio-andre\/#primaryimage","url":"https:\/\/proyector.info\/wp-content\/uploads\/2025\/07\/sousa-haz.png","contentUrl":"https:\/\/proyector.info\/wp-content\/uploads\/2025\/07\/sousa-haz.png","width":480,"height":476},{"@type":"BreadcrumbList","@id":"https:\/\/proyector.info\/en\/profile\/marcio-andre\/#breadcrumb","itemListElement":[{"@type":"ListItem","position":1,"name":"Portada","item":"https:\/\/proyector.info\/en\/"},{"@type":"ListItem","position":2,"name":"Profiles","item":"https:\/\/proyector.info\/en\/profiles\/"},{"@type":"ListItem","position":3,"name":"M\u00e1rcio-Andr\u00e9"}]},{"@type":"WebSite","@id":"https:\/\/proyector.info\/en\/#website","url":"https:\/\/proyector.info\/en\/","name":"PROYECTOR","description":"Plataforma de Imagen en Movimiento","publisher":{"@id":"https:\/\/proyector.info\/en\/#organization"},"potentialAction":[{"@type":"SearchAction","target":{"@type":"EntryPoint","urlTemplate":"https:\/\/proyector.info\/en\/?s={search_term_string}"},"query-input":{"@type":"PropertyValueSpecification","valueRequired":true,"valueName":"search_term_string"}}],"inLanguage":"en-US"},{"@type":"Organization","@id":"https:\/\/proyector.info\/en\/#organization","name":"PROYECTOR","url":"https:\/\/proyector.info\/en\/","logo":{"@type":"ImageObject","inLanguage":"en-US","@id":"https:\/\/proyector.info\/en\/#\/schema\/logo\/image\/","url":"https:\/\/proyector.info\/wp-content\/uploads\/2025\/07\/cropped-proyector_icono.png","contentUrl":"https:\/\/proyector.info\/wp-content\/uploads\/2025\/07\/cropped-proyector_icono.png","width":512,"height":512,"caption":"PROYECTOR"},"image":{"@id":"https:\/\/proyector.info\/en\/#\/schema\/logo\/image\/"},"sameAs":["https:\/\/www.facebook.com\/proyectorvideoartfestival\/","https:\/\/x.com\/PROYECTOR_fest","https:\/\/www.instagram.com\/proyector_videoartplatform\/","https:\/\/www.tiktok.com\/@proyector_fest","https:\/\/www.youtube.com\/user\/proyectorvideoart","https:\/\/vimeo.com\/proyectorvideoart","https:\/\/www.linkedin.com\/company\/proyector\/"]}]}},"_links":{"self":[{"href":"https:\/\/proyector.info\/en\/wp-json\/wp\/v2\/person\/11361","targetHints":{"allow":["GET"]}}],"collection":[{"href":"https:\/\/proyector.info\/en\/wp-json\/wp\/v2\/person"}],"about":[{"href":"https:\/\/proyector.info\/en\/wp-json\/wp\/v2\/types\/person"}],"author":[{"embeddable":true,"href":"https:\/\/proyector.info\/en\/wp-json\/wp\/v2\/users\/2"}],"wp:featuredmedia":[{"embeddable":true,"href":"https:\/\/proyector.info\/en\/wp-json\/wp\/v2\/media\/11359"}],"wp:attachment":[{"href":"https:\/\/proyector.info\/en\/wp-json\/wp\/v2\/media?parent=11361"}],"wp:term":[{"taxonomy":"person_cat","embeddable":true,"href":"https:\/\/proyector.info\/en\/wp-json\/wp\/v2\/person_cat?post=11361"},{"taxonomy":"person_tag","embeddable":true,"href":"https:\/\/proyector.info\/en\/wp-json\/wp\/v2\/person_tag?post=11361"}],"curies":[{"name":"wp","href":"https:\/\/api.w.org\/{rel}","templated":true}]}}

Márcio-André

<p class="wp-block-paragraph"><em>Márcio-André de Sousa Haz is an award-winning filmmaker, writer, performer, and visual artist born in Rio de Janeiro and currently living in Budapest.&nbsp;</em></p>



<p class="wp-block-paragraph"><em>He began his career as a film director attending classes held by Roman Coppola, Asghar Farhadi, Stephan Elliott, and Christopher Hampton. Since then, he has worked on short movies, documentaries, advertising, and music videos for bands such as They Might Be Giants and Besh o Drom.&nbsp;</em></p>



<p class="wp-block-paragraph"><em>He is the winner of the Medina Media 4K Award for the Best Director (Festival de Málaga) for the short film&nbsp;«Cozy for Two at Kuleshov St.» and was awarded first prize at FEST – Pitching Forum (2018, Portugal) in the feature-length category. His short «The First Time I Saw Francis Taylor He Was in Slow Motion» won twelve awards in international festivals, including best director and best movie at 48HFP, and Best Experimental Short at Sardinia Film Festival.&nbsp;</em></p>



<p class="wp-block-paragraph"><em>As a writer and artist, Sousa Haz’s texts have been translated into more than twenty languages.&nbsp;His book «Poemas apócrifos de Paul Valéry» was nominated for the prestigious Portuguese language prizes Jabuti and Oceanos, and recently became the subject of a Ph.D. thesis. He was the holder of the grant Fundação Biblioteca Nacional in 2009 for the essay «Poética das Casas.» In 2017, his «Ensaios radioativos» (2008) was adapted into a play and staged at Teatro Miguel Falabella, in Rio de Janeiro. ​After reading poems in the ghost town of Pripyat, Chernobyl, in 2007, Sousa Haz became the first «radioactive poet» in the world.&nbsp;</em></p>

<p>Márcio-André de Sousa Haz is an award-winning filmmaker, writer, performer, and visual artist born in Rio de Janeiro and currently</p>

<!-- This site is optimized with the Yoast SEO plugin v27.4 - https://yoast.com/product/yoast-seo-wordpress/ -->
<title>Márcio-André - PROYECTOR</title>
<meta name="robots" content="index, follow, max-snippet:-1, max-image-preview:large, max-video-preview:-1" />
<link rel="canonical" href="https://proyector.info/en/profile/marcio-andre/" />
<meta property="og:locale" content="en_US" />
<meta property="og:type" content="article" />
<meta property="og:title" content="Márcio-André - PROYECTOR" />
<meta property="og:description" content="Márcio-André de Sousa Haz is an award-winning filmmaker, writer, performer, and visual artist born in Rio de Janeiro and currently" />
<meta property="og:url" content="https://proyector.info/en/profile/marcio-andre/" />
<meta property="og:site_name" content="PROYECTOR" />
<meta property="article:publisher" content="https://www.facebook.com/proyectorvideoartfestival/" />
<meta property="article:modified_time" content="2025-07-30T07:06:31+00:00" />
<meta property="og:image" content="https://proyector.info/wp-content/uploads/2025/07/sousa-haz.png" />
	<meta property="og:image:width" content="480" />
	<meta property="og:image:height" content="476" />
	<meta property="og:image:type" content="image/png" />
<meta name="twitter:card" content="summary_large_image" />
<meta name="twitter:site" content="@PROYECTOR_fest" />
<meta name="twitter:label1" content="Est. reading time" />
	<meta name="twitter:data1" content="1 minute" />
<script type="application/ld+json" class="yoast-schema-graph">{"@context":"https:\/\/schema.org","@graph":[{"@type":"WebPage","@id":"https:\/\/proyector.info\/en\/profile\/marcio-andre\/","url":"https:\/\/proyector.info\/en\/profile\/marcio-andre\/","name":"Márcio-André - PROYECTOR","isPartOf":{"@id":"https:\/\/proyector.info\/en\/#website"},"primaryImageOfPage":{"@id":"https:\/\/proyector.info\/en\/profile\/marcio-andre\/#primaryimage"},"image":{"@id":"https:\/\/proyector.info\/en\/profile\/marcio-andre\/#primaryimage"},"thumbnailUrl":"https:\/\/proyector.info\/wp-content\/uploads\/2025\/07\/sousa-haz.png","datePublished":"2025-07-30T06:57:22+00:00","dateModified":"2025-07-30T07:06:31+00:00","breadcrumb":{"@id":"https:\/\/proyector.info\/en\/profile\/marcio-andre\/#breadcrumb"},"inLanguage":"en-US","potentialAction":[{"@type":"ReadAction","target":["https:\/\/proyector.info\/en\/profile\/marcio-andre\/"]}]},{"@type":"ImageObject","inLanguage":"en-US","@id":"https:\/\/proyector.info\/en\/profile\/marcio-andre\/#primaryimage","url":"https:\/\/proyector.info\/wp-content\/uploads\/2025\/07\/sousa-haz.png","contentUrl":"https:\/\/proyector.info\/wp-content\/uploads\/2025\/07\/sousa-haz.png","width":480,"height":476},{"@type":"BreadcrumbList","@id":"https:\/\/proyector.info\/en\/profile\/marcio-andre\/#breadcrumb","itemListElement":[{"@type":"ListItem","position":1,"name":"Portada","item":"https:\/\/proyector.info\/en\/"},{"@type":"ListItem","position":2,"name":"Profiles","item":"https:\/\/proyector.info\/en\/profiles\/"},{"@type":"ListItem","position":3,"name":"Márcio-André"}]},{"@type":"WebSite","@id":"https:\/\/proyector.info\/en\/#website","url":"https:\/\/proyector.info\/en\/","name":"PROYECTOR","description":"Plataforma de Imagen en Movimiento","publisher":{"@id":"https:\/\/proyector.info\/en\/#organization"},"potentialAction":[{"@type":"SearchAction","target":{"@type":"EntryPoint","urlTemplate":"https:\/\/proyector.info\/en\/?s={search_term_string}"},"query-input":{"@type":"PropertyValueSpecification","valueRequired":true,"valueName":"search_term_string"}}],"inLanguage":"en-US"},{"@type":"Organization","@id":"https:\/\/proyector.info\/en\/#organization","name":"PROYECTOR","url":"https:\/\/proyector.info\/en\/","logo":{"@type":"ImageObject","inLanguage":"en-US","@id":"https:\/\/proyector.info\/en\/#\/schema\/logo\/image\/","url":"https:\/\/proyector.info\/wp-content\/uploads\/2025\/07\/cropped-proyector_icono.png","contentUrl":"https:\/\/proyector.info\/wp-content\/uploads\/2025\/07\/cropped-proyector_icono.png","width":512,"height":512,"caption":"PROYECTOR"},"image":{"@id":"https:\/\/proyector.info\/en\/#\/schema\/logo\/image\/"},"sameAs":["https:\/\/www.facebook.com\/proyectorvideoartfestival\/","https:\/\/x.com\/PROYECTOR_fest","https:\/\/www.instagram.com\/proyector_videoartplatform\/","https:\/\/www.tiktok.com\/@proyector_fest","https:\/\/www.youtube.com\/user\/proyectorvideoart","https:\/\/vimeo.com\/proyectorvideoart","https:\/\/www.linkedin.com\/company\/proyector\/"]}]}</script>
<!-- / Yoast SEO plugin. -->

Márcio-André - PROYECTOR

Márcio-André de Sousa Haz is an award-winning filmmaker, writer, performer, and visual artist born in Rio de Janeiro and currently
