{"id":10354,"date":"2025-07-22T12:03:48","date_gmt":"2025-07-22T10:03:48","guid":{"rendered":"https:\/\/proyector.info\/profile\/eunice-artur\/"},"modified":"2025-07-22T12:05:27","modified_gmt":"2025-07-22T10:05:27","slug":"eunice-artur","status":"publish","type":"person","link":"https:\/\/proyector.info\/en\/profile\/eunice-artur\/","title":{"rendered":"Eunice Artur"},"content":{"rendered":"\n<pre id=\"tw-target-text\" class=\"wp-block-preformatted\">Lives and works in Lisbon. Graduated in Visual Arts by ESAD.CR and Master in Contemporary Artistic Creation by UA with the thesis \u2018Err\u00e2ncia N\u00f3mada \u2013 o desenho como reencontro de um lugar\u2019, 2017. Was resident artist in Biennale Internationale du Lin de Portneuf in Qu\u00e9bec, where she has developed an investigation on wandering around and travelling. In 2017 she wins the 1st Pr\u00e9mio Instituto Conf\u00facio, in the category of art, Lendas da China. Collaborated on the paper \u2018 Sound as a medium, the performer as a medium\u2019 in the International Conference Electroacoustic Winds 2017: Synchresis \u2013 Audio Vision Tales, a conference centred in the relation between sound and image. She works with photography, sound, drawing, video, sculpture, installation and performance and has been present in several individual and collective in Portugal, Spain, United Kingdom, Italy, Greece and Canada.<br><\/pre>\n\n\n\n<pre id=\"tw-target-rmn\" class=\"wp-block-preformatted\"><\/pre>\n\n\n\n<p class=\"wp-block-paragraph\"><\/p>\n","protected":false},"excerpt":{"rendered":"<p>Lives and works in Lisbon. Graduated in Visual Arts by ESAD.CR and Master in Contemporary Artistic Creation by UA with<\/p>\n","protected":false},"author":2,"featured_media":10353,"template":"","meta":[],"person_cat":[98,595,255,569,208,244,240,178,213,217],"person_tag":[1049,565,566,1058,564,567],"class_list":["post-10354","person","type-person","status-publish","has-post-thumbnail","hentry","person_cat-artist","person_cat-contemporary-art","person_cat-drawing","person_cat-installation-art","person_cat-photography","person_cat-research","person_cat-sculptor","person_cat-sound","person_cat-video","person_cat-visual-arts","person_tag-2013-es","person_tag-2020-es","person_tag-2020-en","person_tag-festival-2013-es","person_tag-festival-2020-es","person_tag-festival-2020-en"],"yoast_head":"<!-- This site is optimized with the Yoast SEO plugin v27.4 - https:\/\/yoast.com\/product\/yoast-seo-wordpress\/ -->\n<title>Eunice Artur - PROYECTOR<\/title>\n<meta name=\"robots\" content=\"index, follow, max-snippet:-1, max-image-preview:large, max-video-preview:-1\" \/>\n<link rel=\"canonical\" href=\"https:\/\/proyector.info\/en\/profile\/eunice-artur\/\" \/>\n<meta property=\"og:locale\" content=\"en_US\" \/>\n<meta property=\"og:type\" content=\"article\" \/>\n<meta property=\"og:title\" content=\"Eunice Artur - PROYECTOR\" \/>\n<meta property=\"og:description\" content=\"Lives and works in Lisbon. Graduated in Visual Arts by ESAD.CR and Master in Contemporary Artistic Creation by UA with\" \/>\n<meta property=\"og:url\" content=\"https:\/\/proyector.info\/en\/profile\/eunice-artur\/\" \/>\n<meta property=\"og:site_name\" content=\"PROYECTOR\" \/>\n<meta property=\"article:publisher\" content=\"https:\/\/www.facebook.com\/proyectorvideoartfestival\/\" \/>\n<meta property=\"article:modified_time\" content=\"2025-07-22T10:05:27+00:00\" \/>\n<meta property=\"og:image\" content=\"https:\/\/proyector.info\/wp-content\/uploads\/2025\/07\/euniceartur.jpg\" \/>\n\t<meta property=\"og:image:width\" content=\"818\" \/>\n\t<meta property=\"og:image:height\" content=\"818\" \/>\n\t<meta property=\"og:image:type\" content=\"image\/jpeg\" \/>\n<meta name=\"twitter:card\" content=\"summary_large_image\" \/>\n<meta name=\"twitter:site\" content=\"@PROYECTOR_fest\" \/>\n<meta name=\"twitter:label1\" content=\"Est. reading time\" \/>\n\t<meta name=\"twitter:data1\" content=\"1 minute\" \/>\n<script type=\"application\/ld+json\" class=\"yoast-schema-graph\">{\"@context\":\"https:\\\/\\\/schema.org\",\"@graph\":[{\"@type\":\"WebPage\",\"@id\":\"https:\\\/\\\/proyector.info\\\/en\\\/profile\\\/eunice-artur\\\/\",\"url\":\"https:\\\/\\\/proyector.info\\\/en\\\/profile\\\/eunice-artur\\\/\",\"name\":\"Eunice Artur - PROYECTOR\",\"isPartOf\":{\"@id\":\"https:\\\/\\\/proyector.info\\\/en\\\/#website\"},\"primaryImageOfPage\":{\"@id\":\"https:\\\/\\\/proyector.info\\\/en\\\/profile\\\/eunice-artur\\\/#primaryimage\"},\"image\":{\"@id\":\"https:\\\/\\\/proyector.info\\\/en\\\/profile\\\/eunice-artur\\\/#primaryimage\"},\"thumbnailUrl\":\"https:\\\/\\\/proyector.info\\\/wp-content\\\/uploads\\\/2025\\\/07\\\/euniceartur.jpg\",\"datePublished\":\"2025-07-22T10:03:48+00:00\",\"dateModified\":\"2025-07-22T10:05:27+00:00\",\"breadcrumb\":{\"@id\":\"https:\\\/\\\/proyector.info\\\/en\\\/profile\\\/eunice-artur\\\/#breadcrumb\"},\"inLanguage\":\"en-US\",\"potentialAction\":[{\"@type\":\"ReadAction\",\"target\":[\"https:\\\/\\\/proyector.info\\\/en\\\/profile\\\/eunice-artur\\\/\"]}]},{\"@type\":\"ImageObject\",\"inLanguage\":\"en-US\",\"@id\":\"https:\\\/\\\/proyector.info\\\/en\\\/profile\\\/eunice-artur\\\/#primaryimage\",\"url\":\"https:\\\/\\\/proyector.info\\\/wp-content\\\/uploads\\\/2025\\\/07\\\/euniceartur.jpg\",\"contentUrl\":\"https:\\\/\\\/proyector.info\\\/wp-content\\\/uploads\\\/2025\\\/07\\\/euniceartur.jpg\",\"width\":818,\"height\":818},{\"@type\":\"BreadcrumbList\",\"@id\":\"https:\\\/\\\/proyector.info\\\/en\\\/profile\\\/eunice-artur\\\/#breadcrumb\",\"itemListElement\":[{\"@type\":\"ListItem\",\"position\":1,\"name\":\"Portada\",\"item\":\"https:\\\/\\\/proyector.info\\\/en\\\/\"},{\"@type\":\"ListItem\",\"position\":2,\"name\":\"Profiles\",\"item\":\"https:\\\/\\\/proyector.info\\\/en\\\/profiles\\\/\"},{\"@type\":\"ListItem\",\"position\":3,\"name\":\"Eunice Artur\"}]},{\"@type\":\"WebSite\",\"@id\":\"https:\\\/\\\/proyector.info\\\/en\\\/#website\",\"url\":\"https:\\\/\\\/proyector.info\\\/en\\\/\",\"name\":\"PROYECTOR\",\"description\":\"Plataforma de Imagen en Movimiento\",\"publisher\":{\"@id\":\"https:\\\/\\\/proyector.info\\\/en\\\/#organization\"},\"potentialAction\":[{\"@type\":\"SearchAction\",\"target\":{\"@type\":\"EntryPoint\",\"urlTemplate\":\"https:\\\/\\\/proyector.info\\\/en\\\/?s={search_term_string}\"},\"query-input\":{\"@type\":\"PropertyValueSpecification\",\"valueRequired\":true,\"valueName\":\"search_term_string\"}}],\"inLanguage\":\"en-US\"},{\"@type\":\"Organization\",\"@id\":\"https:\\\/\\\/proyector.info\\\/en\\\/#organization\",\"name\":\"PROYECTOR\",\"url\":\"https:\\\/\\\/proyector.info\\\/en\\\/\",\"logo\":{\"@type\":\"ImageObject\",\"inLanguage\":\"en-US\",\"@id\":\"https:\\\/\\\/proyector.info\\\/en\\\/#\\\/schema\\\/logo\\\/image\\\/\",\"url\":\"https:\\\/\\\/proyector.info\\\/wp-content\\\/uploads\\\/2025\\\/07\\\/cropped-proyector_icono.png\",\"contentUrl\":\"https:\\\/\\\/proyector.info\\\/wp-content\\\/uploads\\\/2025\\\/07\\\/cropped-proyector_icono.png\",\"width\":512,\"height\":512,\"caption\":\"PROYECTOR\"},\"image\":{\"@id\":\"https:\\\/\\\/proyector.info\\\/en\\\/#\\\/schema\\\/logo\\\/image\\\/\"},\"sameAs\":[\"https:\\\/\\\/www.facebook.com\\\/proyectorvideoartfestival\\\/\",\"https:\\\/\\\/x.com\\\/PROYECTOR_fest\",\"https:\\\/\\\/www.instagram.com\\\/proyector_videoartplatform\\\/\",\"https:\\\/\\\/www.tiktok.com\\\/@proyector_fest\",\"https:\\\/\\\/www.youtube.com\\\/user\\\/proyectorvideoart\",\"https:\\\/\\\/vimeo.com\\\/proyectorvideoart\",\"https:\\\/\\\/www.linkedin.com\\\/company\\\/proyector\\\/\"]}]}<\/script>\n<!-- \/ Yoast SEO plugin. -->","yoast_head_json":{"title":"Eunice Artur - PROYECTOR","robots":{"index":"index","follow":"follow","max-snippet":"max-snippet:-1","max-image-preview":"max-image-preview:large","max-video-preview":"max-video-preview:-1"},"canonical":"https:\/\/proyector.info\/en\/profile\/eunice-artur\/","og_locale":"en_US","og_type":"article","og_title":"Eunice Artur - PROYECTOR","og_description":"Lives and works in Lisbon. Graduated in Visual Arts by ESAD.CR and Master in Contemporary Artistic Creation by UA with","og_url":"https:\/\/proyector.info\/en\/profile\/eunice-artur\/","og_site_name":"PROYECTOR","article_publisher":"https:\/\/www.facebook.com\/proyectorvideoartfestival\/","article_modified_time":"2025-07-22T10:05:27+00:00","og_image":[{"width":818,"height":818,"url":"https:\/\/proyector.info\/wp-content\/uploads\/2025\/07\/euniceartur.jpg","type":"image\/jpeg"}],"twitter_card":"summary_large_image","twitter_site":"@PROYECTOR_fest","twitter_misc":{"Est. reading time":"1 minute"},"schema":{"@context":"https:\/\/schema.org","@graph":[{"@type":"WebPage","@id":"https:\/\/proyector.info\/en\/profile\/eunice-artur\/","url":"https:\/\/proyector.info\/en\/profile\/eunice-artur\/","name":"Eunice Artur - PROYECTOR","isPartOf":{"@id":"https:\/\/proyector.info\/en\/#website"},"primaryImageOfPage":{"@id":"https:\/\/proyector.info\/en\/profile\/eunice-artur\/#primaryimage"},"image":{"@id":"https:\/\/proyector.info\/en\/profile\/eunice-artur\/#primaryimage"},"thumbnailUrl":"https:\/\/proyector.info\/wp-content\/uploads\/2025\/07\/euniceartur.jpg","datePublished":"2025-07-22T10:03:48+00:00","dateModified":"2025-07-22T10:05:27+00:00","breadcrumb":{"@id":"https:\/\/proyector.info\/en\/profile\/eunice-artur\/#breadcrumb"},"inLanguage":"en-US","potentialAction":[{"@type":"ReadAction","target":["https:\/\/proyector.info\/en\/profile\/eunice-artur\/"]}]},{"@type":"ImageObject","inLanguage":"en-US","@id":"https:\/\/proyector.info\/en\/profile\/eunice-artur\/#primaryimage","url":"https:\/\/proyector.info\/wp-content\/uploads\/2025\/07\/euniceartur.jpg","contentUrl":"https:\/\/proyector.info\/wp-content\/uploads\/2025\/07\/euniceartur.jpg","width":818,"height":818},{"@type":"BreadcrumbList","@id":"https:\/\/proyector.info\/en\/profile\/eunice-artur\/#breadcrumb","itemListElement":[{"@type":"ListItem","position":1,"name":"Portada","item":"https:\/\/proyector.info\/en\/"},{"@type":"ListItem","position":2,"name":"Profiles","item":"https:\/\/proyector.info\/en\/profiles\/"},{"@type":"ListItem","position":3,"name":"Eunice Artur"}]},{"@type":"WebSite","@id":"https:\/\/proyector.info\/en\/#website","url":"https:\/\/proyector.info\/en\/","name":"PROYECTOR","description":"Plataforma de Imagen en Movimiento","publisher":{"@id":"https:\/\/proyector.info\/en\/#organization"},"potentialAction":[{"@type":"SearchAction","target":{"@type":"EntryPoint","urlTemplate":"https:\/\/proyector.info\/en\/?s={search_term_string}"},"query-input":{"@type":"PropertyValueSpecification","valueRequired":true,"valueName":"search_term_string"}}],"inLanguage":"en-US"},{"@type":"Organization","@id":"https:\/\/proyector.info\/en\/#organization","name":"PROYECTOR","url":"https:\/\/proyector.info\/en\/","logo":{"@type":"ImageObject","inLanguage":"en-US","@id":"https:\/\/proyector.info\/en\/#\/schema\/logo\/image\/","url":"https:\/\/proyector.info\/wp-content\/uploads\/2025\/07\/cropped-proyector_icono.png","contentUrl":"https:\/\/proyector.info\/wp-content\/uploads\/2025\/07\/cropped-proyector_icono.png","width":512,"height":512,"caption":"PROYECTOR"},"image":{"@id":"https:\/\/proyector.info\/en\/#\/schema\/logo\/image\/"},"sameAs":["https:\/\/www.facebook.com\/proyectorvideoartfestival\/","https:\/\/x.com\/PROYECTOR_fest","https:\/\/www.instagram.com\/proyector_videoartplatform\/","https:\/\/www.tiktok.com\/@proyector_fest","https:\/\/www.youtube.com\/user\/proyectorvideoart","https:\/\/vimeo.com\/proyectorvideoart","https:\/\/www.linkedin.com\/company\/proyector\/"]}]}},"_links":{"self":[{"href":"https:\/\/proyector.info\/en\/wp-json\/wp\/v2\/person\/10354","targetHints":{"allow":["GET"]}}],"collection":[{"href":"https:\/\/proyector.info\/en\/wp-json\/wp\/v2\/person"}],"about":[{"href":"https:\/\/proyector.info\/en\/wp-json\/wp\/v2\/types\/person"}],"author":[{"embeddable":true,"href":"https:\/\/proyector.info\/en\/wp-json\/wp\/v2\/users\/2"}],"wp:featuredmedia":[{"embeddable":true,"href":"https:\/\/proyector.info\/en\/wp-json\/wp\/v2\/media\/10353"}],"wp:attachment":[{"href":"https:\/\/proyector.info\/en\/wp-json\/wp\/v2\/media?parent=10354"}],"wp:term":[{"taxonomy":"person_cat","embeddable":true,"href":"https:\/\/proyector.info\/en\/wp-json\/wp\/v2\/person_cat?post=10354"},{"taxonomy":"person_tag","embeddable":true,"href":"https:\/\/proyector.info\/en\/wp-json\/wp\/v2\/person_tag?post=10354"}],"curies":[{"name":"wp","href":"https:\/\/api.w.org\/{rel}","templated":true}]}}

<pre id="tw-target-text" class="wp-block-preformatted">Lives and works in Lisbon. Graduated in Visual Arts by ESAD.CR and Master in Contemporary Artistic Creation by UA with the thesis ‘Errância Nómada – o desenho como reencontro de um lugar’, 2017. Was resident artist in Biennale Internationale du Lin de Portneuf in Québec, where she has developed an investigation on wandering around and travelling. In 2017 she wins the 1st Prémio Instituto Confúcio, in the category of art, Lendas da China. Collaborated on the paper ‘ Sound as a medium, the performer as a medium’ in the International Conference Electroacoustic Winds 2017: Synchresis – Audio Vision Tales, a conference centred in the relation between sound and image. She works with photography, sound, drawing, video, sculpture, installation and performance and has been present in several individual and collective in Portugal, Spain, United Kingdom, Italy, Greece and Canada.<br></pre>



<pre id="tw-target-rmn" class="wp-block-preformatted"></pre>



<p class="wp-block-paragraph"></p>
