{"id":24662,"date":"2026-09-03T00:47:07","date_gmt":"2026-09-02T22:47:07","guid":{"rendered":"https:\/\/proyector.info\/?post_type=movie&#038;p=24662"},"modified":"2026-09-03T00:49:39","modified_gmt":"2026-09-02T22:49:39","slug":"retro","status":"publish","type":"movie","link":"https:\/\/proyector.info\/en\/work\/retro\/","title":{"rendered":"Retro"},"content":{"rendered":"\n<p class=\"wp-block-paragraph\">Retro es un proyecto que compone una serie de investigaciones que configuran una arqueolog\u00eda personal en las que el artista utiliza la performance como medio para explorar y exorcizar hechos que dan origen a un trauma originario de dimensi\u00f3n universal. La muerte de su padre en circunstancias a\u00fan no aclaradas es el disparador de una deriva en la que el arte<\/p>\n\n\n\n<p class=\"wp-block-paragraph\">funciona como una herramienta de inmersi\u00f3n ontol\u00f3gica en el misterio de lo indecible de la condici\u00f3n humana; de lo que somos capaces de infligir y padecer, as\u00ed como de resistir, empatizar, producir afecto y generar comunidad.<\/p>\n\n\n\n<p class=\"wp-block-paragraph\">El hallazgo de una carta escrita a sus 8 a\u00f1os, expresando las impresiones del viaje y una descripci\u00f3n exhaustiva adem\u00e1s de un dibujo de la casa en la que la familia vivir\u00e1 durante sus siete a\u00f1os de exilio entre1 978 y 1986 funcion\u00f3 como punto de partida. La acci\u00f3n del cuerpo adulto del artista destruyendo selectivamente ese documento de su infancia redimensionado, es el disparador de una serie de performances que conforman la trilog\u00eda Retro, siendo esta su primer video performance.<\/p>\n","protected":false},"excerpt":{"rendered":"<p>Retro es un proyecto que compone una serie de investigaciones que configuran una arqueolog\u00eda personal en las que el artista<\/p>\n","protected":false},"author":3,"featured_media":24632,"template":"","meta":[],"movie_genre":[343],"movie_tag":[772,1249],"class_list":["post-24662","movie","type-movie","status-publish","has-post-thumbnail","hentry","movie_genre-video-es","movie_tag-festival-2026","movie_tag-off"],"yoast_head":"<!-- This site is optimized with the Yoast SEO plugin v27.4 - https:\/\/yoast.com\/product\/yoast-seo-wordpress\/ -->\n<title>Retro - PROYECTOR<\/title>\n<meta name=\"robots\" content=\"index, follow, max-snippet:-1, max-image-preview:large, max-video-preview:-1\" \/>\n<link rel=\"canonical\" href=\"https:\/\/proyector.info\/obra\/retro\/\" \/>\n<meta property=\"og:locale\" content=\"en_US\" \/>\n<meta property=\"og:type\" content=\"article\" \/>\n<meta property=\"og:title\" content=\"Retro - PROYECTOR\" \/>\n<meta property=\"og:description\" content=\"Retro es un proyecto que compone una serie de investigaciones que configuran una arqueolog\u00eda personal en las que el artista\" \/>\n<meta property=\"og:url\" content=\"https:\/\/proyector.info\/obra\/retro\/\" \/>\n<meta property=\"og:site_name\" content=\"PROYECTOR\" \/>\n<meta property=\"article:publisher\" content=\"https:\/\/www.facebook.com\/proyectorvideoartfestival\/\" \/>\n<meta property=\"article:modified_time\" content=\"2026-09-02T22:49:39+00:00\" \/>\n<meta property=\"og:image\" content=\"https:\/\/proyector.info\/wp-content\/uploads\/2026\/09\/Federico-Arnaud_Retro.jpg\" \/>\n\t<meta property=\"og:image:width\" content=\"2560\" \/>\n\t<meta property=\"og:image:height\" content=\"1600\" \/>\n\t<meta property=\"og:image:type\" content=\"image\/jpeg\" \/>\n<meta name=\"twitter:card\" content=\"summary_large_image\" \/>\n<meta name=\"twitter:site\" content=\"@PROYECTOR_fest\" \/>\n<meta name=\"twitter:label1\" content=\"Est. reading time\" \/>\n\t<meta name=\"twitter:data1\" content=\"2 minutes\" \/>\n<script type=\"application\/ld+json\" class=\"yoast-schema-graph\">{\"@context\":\"https:\\\/\\\/schema.org\",\"@graph\":[{\"@type\":\"WebPage\",\"@id\":\"https:\\\/\\\/proyector.info\\\/obra\\\/retro\\\/\",\"url\":\"https:\\\/\\\/proyector.info\\\/obra\\\/retro\\\/\",\"name\":\"Retro - PROYECTOR\",\"isPartOf\":{\"@id\":\"https:\\\/\\\/proyector.info\\\/en\\\/#website\"},\"primaryImageOfPage\":{\"@id\":\"https:\\\/\\\/proyector.info\\\/obra\\\/retro\\\/#primaryimage\"},\"image\":{\"@id\":\"https:\\\/\\\/proyector.info\\\/obra\\\/retro\\\/#primaryimage\"},\"thumbnailUrl\":\"https:\\\/\\\/proyector.info\\\/wp-content\\\/uploads\\\/2026\\\/09\\\/Federico-Arnaud_Retro.jpg\",\"datePublished\":\"2026-09-02T22:47:07+00:00\",\"dateModified\":\"2026-09-02T22:49:39+00:00\",\"breadcrumb\":{\"@id\":\"https:\\\/\\\/proyector.info\\\/obra\\\/retro\\\/#breadcrumb\"},\"inLanguage\":\"en-US\",\"potentialAction\":[{\"@type\":\"ReadAction\",\"target\":[\"https:\\\/\\\/proyector.info\\\/obra\\\/retro\\\/\"]}]},{\"@type\":\"ImageObject\",\"inLanguage\":\"en-US\",\"@id\":\"https:\\\/\\\/proyector.info\\\/obra\\\/retro\\\/#primaryimage\",\"url\":\"https:\\\/\\\/proyector.info\\\/wp-content\\\/uploads\\\/2026\\\/09\\\/Federico-Arnaud_Retro.jpg\",\"contentUrl\":\"https:\\\/\\\/proyector.info\\\/wp-content\\\/uploads\\\/2026\\\/09\\\/Federico-Arnaud_Retro.jpg\",\"width\":2560,\"height\":1600},{\"@type\":\"BreadcrumbList\",\"@id\":\"https:\\\/\\\/proyector.info\\\/obra\\\/retro\\\/#breadcrumb\",\"itemListElement\":[{\"@type\":\"ListItem\",\"position\":1,\"name\":\"Portada\",\"item\":\"https:\\\/\\\/proyector.info\\\/en\\\/\"},{\"@type\":\"ListItem\",\"position\":2,\"name\":\"Obras\",\"item\":\"https:\\\/\\\/proyector.info\\\/works\\\/\"},{\"@type\":\"ListItem\",\"position\":3,\"name\":\"Retro\"}]},{\"@type\":\"WebSite\",\"@id\":\"https:\\\/\\\/proyector.info\\\/en\\\/#website\",\"url\":\"https:\\\/\\\/proyector.info\\\/en\\\/\",\"name\":\"PROYECTOR\",\"description\":\"Plataforma de Imagen en Movimiento\",\"publisher\":{\"@id\":\"https:\\\/\\\/proyector.info\\\/en\\\/#organization\"},\"potentialAction\":[{\"@type\":\"SearchAction\",\"target\":{\"@type\":\"EntryPoint\",\"urlTemplate\":\"https:\\\/\\\/proyector.info\\\/en\\\/?s={search_term_string}\"},\"query-input\":{\"@type\":\"PropertyValueSpecification\",\"valueRequired\":true,\"valueName\":\"search_term_string\"}}],\"inLanguage\":\"en-US\"},{\"@type\":\"Organization\",\"@id\":\"https:\\\/\\\/proyector.info\\\/en\\\/#organization\",\"name\":\"PROYECTOR\",\"url\":\"https:\\\/\\\/proyector.info\\\/en\\\/\",\"logo\":{\"@type\":\"ImageObject\",\"inLanguage\":\"en-US\",\"@id\":\"https:\\\/\\\/proyector.info\\\/en\\\/#\\\/schema\\\/logo\\\/image\\\/\",\"url\":\"https:\\\/\\\/proyector.info\\\/wp-content\\\/uploads\\\/2025\\\/07\\\/cropped-proyector_icono.png\",\"contentUrl\":\"https:\\\/\\\/proyector.info\\\/wp-content\\\/uploads\\\/2025\\\/07\\\/cropped-proyector_icono.png\",\"width\":512,\"height\":512,\"caption\":\"PROYECTOR\"},\"image\":{\"@id\":\"https:\\\/\\\/proyector.info\\\/en\\\/#\\\/schema\\\/logo\\\/image\\\/\"},\"sameAs\":[\"https:\\\/\\\/www.facebook.com\\\/proyectorvideoartfestival\\\/\",\"https:\\\/\\\/x.com\\\/PROYECTOR_fest\",\"https:\\\/\\\/www.instagram.com\\\/proyector_videoartplatform\\\/\",\"https:\\\/\\\/www.tiktok.com\\\/@proyector_fest\",\"https:\\\/\\\/www.youtube.com\\\/user\\\/proyectorvideoart\",\"https:\\\/\\\/vimeo.com\\\/proyectorvideoart\",\"https:\\\/\\\/www.linkedin.com\\\/company\\\/proyector\\\/\"]}]}<\/script>\n<!-- \/ Yoast SEO plugin. -->","yoast_head_json":{"title":"Retro - PROYECTOR","robots":{"index":"index","follow":"follow","max-snippet":"max-snippet:-1","max-image-preview":"max-image-preview:large","max-video-preview":"max-video-preview:-1"},"canonical":"https:\/\/proyector.info\/obra\/retro\/","og_locale":"en_US","og_type":"article","og_title":"Retro - PROYECTOR","og_description":"Retro es un proyecto que compone una serie de investigaciones que configuran una arqueolog\u00eda personal en las que el artista","og_url":"https:\/\/proyector.info\/obra\/retro\/","og_site_name":"PROYECTOR","article_publisher":"https:\/\/www.facebook.com\/proyectorvideoartfestival\/","article_modified_time":"2026-09-02T22:49:39+00:00","og_image":[{"width":2560,"height":1600,"url":"https:\/\/proyector.info\/wp-content\/uploads\/2026\/09\/Federico-Arnaud_Retro.jpg","type":"image\/jpeg"}],"twitter_card":"summary_large_image","twitter_site":"@PROYECTOR_fest","twitter_misc":{"Est. reading time":"2 minutes"},"schema":{"@context":"https:\/\/schema.org","@graph":[{"@type":"WebPage","@id":"https:\/\/proyector.info\/obra\/retro\/","url":"https:\/\/proyector.info\/obra\/retro\/","name":"Retro - PROYECTOR","isPartOf":{"@id":"https:\/\/proyector.info\/en\/#website"},"primaryImageOfPage":{"@id":"https:\/\/proyector.info\/obra\/retro\/#primaryimage"},"image":{"@id":"https:\/\/proyector.info\/obra\/retro\/#primaryimage"},"thumbnailUrl":"https:\/\/proyector.info\/wp-content\/uploads\/2026\/09\/Federico-Arnaud_Retro.jpg","datePublished":"2026-09-02T22:47:07+00:00","dateModified":"2026-09-02T22:49:39+00:00","breadcrumb":{"@id":"https:\/\/proyector.info\/obra\/retro\/#breadcrumb"},"inLanguage":"en-US","potentialAction":[{"@type":"ReadAction","target":["https:\/\/proyector.info\/obra\/retro\/"]}]},{"@type":"ImageObject","inLanguage":"en-US","@id":"https:\/\/proyector.info\/obra\/retro\/#primaryimage","url":"https:\/\/proyector.info\/wp-content\/uploads\/2026\/09\/Federico-Arnaud_Retro.jpg","contentUrl":"https:\/\/proyector.info\/wp-content\/uploads\/2026\/09\/Federico-Arnaud_Retro.jpg","width":2560,"height":1600},{"@type":"BreadcrumbList","@id":"https:\/\/proyector.info\/obra\/retro\/#breadcrumb","itemListElement":[{"@type":"ListItem","position":1,"name":"Portada","item":"https:\/\/proyector.info\/en\/"},{"@type":"ListItem","position":2,"name":"Obras","item":"https:\/\/proyector.info\/works\/"},{"@type":"ListItem","position":3,"name":"Retro"}]},{"@type":"WebSite","@id":"https:\/\/proyector.info\/en\/#website","url":"https:\/\/proyector.info\/en\/","name":"PROYECTOR","description":"Plataforma de Imagen en Movimiento","publisher":{"@id":"https:\/\/proyector.info\/en\/#organization"},"potentialAction":[{"@type":"SearchAction","target":{"@type":"EntryPoint","urlTemplate":"https:\/\/proyector.info\/en\/?s={search_term_string}"},"query-input":{"@type":"PropertyValueSpecification","valueRequired":true,"valueName":"search_term_string"}}],"inLanguage":"en-US"},{"@type":"Organization","@id":"https:\/\/proyector.info\/en\/#organization","name":"PROYECTOR","url":"https:\/\/proyector.info\/en\/","logo":{"@type":"ImageObject","inLanguage":"en-US","@id":"https:\/\/proyector.info\/en\/#\/schema\/logo\/image\/","url":"https:\/\/proyector.info\/wp-content\/uploads\/2025\/07\/cropped-proyector_icono.png","contentUrl":"https:\/\/proyector.info\/wp-content\/uploads\/2025\/07\/cropped-proyector_icono.png","width":512,"height":512,"caption":"PROYECTOR"},"image":{"@id":"https:\/\/proyector.info\/en\/#\/schema\/logo\/image\/"},"sameAs":["https:\/\/www.facebook.com\/proyectorvideoartfestival\/","https:\/\/x.com\/PROYECTOR_fest","https:\/\/www.instagram.com\/proyector_videoartplatform\/","https:\/\/www.tiktok.com\/@proyector_fest","https:\/\/www.youtube.com\/user\/proyectorvideoart","https:\/\/vimeo.com\/proyectorvideoart","https:\/\/www.linkedin.com\/company\/proyector\/"]}]}},"_links":{"self":[{"href":"https:\/\/proyector.info\/en\/wp-json\/wp\/v2\/movie\/24662","targetHints":{"allow":["GET"]}}],"collection":[{"href":"https:\/\/proyector.info\/en\/wp-json\/wp\/v2\/movie"}],"about":[{"href":"https:\/\/proyector.info\/en\/wp-json\/wp\/v2\/types\/movie"}],"author":[{"embeddable":true,"href":"https:\/\/proyector.info\/en\/wp-json\/wp\/v2\/users\/3"}],"wp:featuredmedia":[{"embeddable":true,"href":"https:\/\/proyector.info\/en\/wp-json\/wp\/v2\/media\/24632"}],"wp:attachment":[{"href":"https:\/\/proyector.info\/en\/wp-json\/wp\/v2\/media?parent=24662"}],"wp:term":[{"taxonomy":"movie_genre","embeddable":true,"href":"https:\/\/proyector.info\/en\/wp-json\/wp\/v2\/movie_genre?post=24662"},{"taxonomy":"movie_tag","embeddable":true,"href":"https:\/\/proyector.info\/en\/wp-json\/wp\/v2\/movie_tag?post=24662"}],"curies":[{"name":"wp","href":"https:\/\/api.w.org\/{rel}","templated":true}]}}

<p class="wp-block-paragraph">Retro es un proyecto que compone una serie de investigaciones que configuran una arqueología personal en las que el artista utiliza la performance como medio para explorar y exorcizar hechos que dan origen a un trauma originario de dimensión universal. La muerte de su padre en circunstancias aún no aclaradas es el disparador de una deriva en la que el arte</p>



<p class="wp-block-paragraph">funciona como una herramienta de inmersión ontológica en el misterio de lo indecible de la condición humana; de lo que somos capaces de infligir y padecer, así como de resistir, empatizar, producir afecto y generar comunidad.</p>



<p class="wp-block-paragraph">El hallazgo de una carta escrita a sus 8 años, expresando las impresiones del viaje y una descripción exhaustiva además de un dibujo de la casa en la que la familia vivirá durante sus siete años de exilio entre1 978 y 1986 funcionó como punto de partida. La acción del cuerpo adulto del artista destruyendo selectivamente ese documento de su infancia redimensionado, es el disparador de una serie de performances que conforman la trilogía Retro, siendo esta su primer video performance.</p>

<p>Retro es un proyecto que compone una serie de investigaciones que configuran una arqueología personal en las que el artista</p>

<!-- This site is optimized with the Yoast SEO plugin v27.4 - https://yoast.com/product/yoast-seo-wordpress/ -->
<title>Retro - PROYECTOR</title>
<meta name="robots" content="index, follow, max-snippet:-1, max-image-preview:large, max-video-preview:-1" />
<link rel="canonical" href="https://proyector.info/obra/retro/" />
<meta property="og:locale" content="en_US" />
<meta property="og:type" content="article" />
<meta property="og:title" content="Retro - PROYECTOR" />
<meta property="og:description" content="Retro es un proyecto que compone una serie de investigaciones que configuran una arqueología personal en las que el artista" />
<meta property="og:url" content="https://proyector.info/obra/retro/" />
<meta property="og:site_name" content="PROYECTOR" />
<meta property="article:publisher" content="https://www.facebook.com/proyectorvideoartfestival/" />
<meta property="article:modified_time" content="2026-09-02T22:49:39+00:00" />
<meta property="og:image" content="https://proyector.info/wp-content/uploads/2026/09/Federico-Arnaud_Retro.jpg" />
	<meta property="og:image:width" content="2560" />
	<meta property="og:image:height" content="1600" />
	<meta property="og:image:type" content="image/jpeg" />
<meta name="twitter:card" content="summary_large_image" />
<meta name="twitter:site" content="@PROYECTOR_fest" />
<meta name="twitter:label1" content="Est. reading time" />
	<meta name="twitter:data1" content="2 minutes" />
<script type="application/ld+json" class="yoast-schema-graph">{"@context":"https:\/\/schema.org","@graph":[{"@type":"WebPage","@id":"https:\/\/proyector.info\/obra\/retro\/","url":"https:\/\/proyector.info\/obra\/retro\/","name":"Retro - PROYECTOR","isPartOf":{"@id":"https:\/\/proyector.info\/en\/#website"},"primaryImageOfPage":{"@id":"https:\/\/proyector.info\/obra\/retro\/#primaryimage"},"image":{"@id":"https:\/\/proyector.info\/obra\/retro\/#primaryimage"},"thumbnailUrl":"https:\/\/proyector.info\/wp-content\/uploads\/2026\/09\/Federico-Arnaud_Retro.jpg","datePublished":"2026-09-02T22:47:07+00:00","dateModified":"2026-09-02T22:49:39+00:00","breadcrumb":{"@id":"https:\/\/proyector.info\/obra\/retro\/#breadcrumb"},"inLanguage":"en-US","potentialAction":[{"@type":"ReadAction","target":["https:\/\/proyector.info\/obra\/retro\/"]}]},{"@type":"ImageObject","inLanguage":"en-US","@id":"https:\/\/proyector.info\/obra\/retro\/#primaryimage","url":"https:\/\/proyector.info\/wp-content\/uploads\/2026\/09\/Federico-Arnaud_Retro.jpg","contentUrl":"https:\/\/proyector.info\/wp-content\/uploads\/2026\/09\/Federico-Arnaud_Retro.jpg","width":2560,"height":1600},{"@type":"BreadcrumbList","@id":"https:\/\/proyector.info\/obra\/retro\/#breadcrumb","itemListElement":[{"@type":"ListItem","position":1,"name":"Portada","item":"https:\/\/proyector.info\/en\/"},{"@type":"ListItem","position":2,"name":"Obras","item":"https:\/\/proyector.info\/works\/"},{"@type":"ListItem","position":3,"name":"Retro"}]},{"@type":"WebSite","@id":"https:\/\/proyector.info\/en\/#website","url":"https:\/\/proyector.info\/en\/","name":"PROYECTOR","description":"Plataforma de Imagen en Movimiento","publisher":{"@id":"https:\/\/proyector.info\/en\/#organization"},"potentialAction":[{"@type":"SearchAction","target":{"@type":"EntryPoint","urlTemplate":"https:\/\/proyector.info\/en\/?s={search_term_string}"},"query-input":{"@type":"PropertyValueSpecification","valueRequired":true,"valueName":"search_term_string"}}],"inLanguage":"en-US"},{"@type":"Organization","@id":"https:\/\/proyector.info\/en\/#organization","name":"PROYECTOR","url":"https:\/\/proyector.info\/en\/","logo":{"@type":"ImageObject","inLanguage":"en-US","@id":"https:\/\/proyector.info\/en\/#\/schema\/logo\/image\/","url":"https:\/\/proyector.info\/wp-content\/uploads\/2025\/07\/cropped-proyector_icono.png","contentUrl":"https:\/\/proyector.info\/wp-content\/uploads\/2025\/07\/cropped-proyector_icono.png","width":512,"height":512,"caption":"PROYECTOR"},"image":{"@id":"https:\/\/proyector.info\/en\/#\/schema\/logo\/image\/"},"sameAs":["https:\/\/www.facebook.com\/proyectorvideoartfestival\/","https:\/\/x.com\/PROYECTOR_fest","https:\/\/www.instagram.com\/proyector_videoartplatform\/","https:\/\/www.tiktok.com\/@proyector_fest","https:\/\/www.youtube.com\/user\/proyectorvideoart","https:\/\/vimeo.com\/proyectorvideoart","https:\/\/www.linkedin.com\/company\/proyector\/"]}]}</script>
<!-- / Yoast SEO plugin. -->

Retro es un proyecto que compone una serie de investigaciones que configuran una arqueología personal en las que el artista
