{"id":24566,"date":"2026-09-02T19:55:59","date_gmt":"2026-09-02T17:55:59","guid":{"rendered":"https:\/\/proyector.info\/?post_type=movie&#038;p=24566"},"modified":"2026-09-02T20:07:32","modified_gmt":"2026-09-02T18:07:32","slug":"as-time-swallows-time","status":"publish","type":"movie","link":"https:\/\/proyector.info\/en\/work\/as-time-swallows-time\/","title":{"rendered":"As Time Swallows Time"},"content":{"rendered":"\n<p class=\"wp-block-paragraph\">As Time Swallows Time es el primer largometraje de El Ultimo Grito, encargado para la Bienal BIO28 de Liubliana y dirigido por Rosario Hurtado, Roberto Feo y Stuart Bannocks. Conocidos por su trabajo en la intersecci\u00f3n entre el dise\u00f1o, la arquitectura y los medios de comunicaci\u00f3n, este proyecto ampl\u00eda su exploraci\u00f3n en curso de los l\u00edmites del lenguaje cinematogr\u00e1fico a trav\u00e9s de lo que ellos denominan filmoides: obras<br>h\u00edbridas multimedia y espaciales que funcionan como pel\u00edculas sin ce\u00f1irse a la forma cinematogr\u00e1fica convencional.<br><br>Esta obra surge de un di\u00e1logo con el tema curatorial de la Bienal, \u201cDo You Speak Flower?\u201d, comisariada por Alexandra Midal. El tema investiga los contextos hist\u00f3ricos en los que las mujeres se han vinculado simb\u00f3licamente a las flores \u2014s\u00edmbolos de fragilidad, sensualidad y cosificaci\u00f3n\u2014 y c\u00f3mo esas asociaciones han sido reivindicadas y subvertidas. En lugar de interpretar este tema de forma directa, lo ponen en di\u00e1logo con otra l\u00ednea narrativa: una exploraci\u00f3n especulativa del tiempo y la percepci\u00f3n temporal, extra\u00edda de su metaverso en desarrollo, creado en obras anteriores como Earth: A Retrospective (Valencia, 2022- 23) y Visitants (Madrid, 2024).<br><br>El resultado es una pel\u00edcula construida a partir de la yuxtaposici\u00f3n de fragmentos narrativos, escenas superpuestas de tal manera que invitan a los espectadores a construir el significado a trav\u00e9s de su propio recorrido por la pel\u00edcula. Al igual que una instalaci\u00f3n espacial, As Time Swallows Time se resiste a la progresi\u00f3n lineal y, en su lugar, produce una especie de \u201cefecto Kuleshov\u201d narrativo, en el que las asociaciones surgen en los<br>huecos entre las historias m\u00e1s que dentro de ellas.<br>Crearon este filmoide como un experimento en el lenguaje en expansi\u00f3n del cine, donde la narrativa, la instalaci\u00f3n y la ficci\u00f3n especulativa chocan entre s\u00ed.<br><\/p>\n","protected":false},"excerpt":{"rendered":"<p>As Time Swallows Time es el primer largometraje de El Ultimo Grito, encargado para la Bienal BIO28 de Liubliana y<\/p>\n","protected":false},"author":3,"featured_media":24551,"template":"","meta":[],"movie_genre":[343],"movie_tag":[772],"class_list":["post-24566","movie","type-movie","status-publish","has-post-thumbnail","hentry","movie_genre-video-es","movie_tag-festival-2026"],"yoast_head":"<!-- This site is optimized with the Yoast SEO plugin v27.4 - https:\/\/yoast.com\/product\/yoast-seo-wordpress\/ -->\n<title>As Time Swallows Time - PROYECTOR<\/title>\n<meta name=\"robots\" content=\"index, follow, max-snippet:-1, max-image-preview:large, max-video-preview:-1\" \/>\n<link rel=\"canonical\" href=\"https:\/\/proyector.info\/obra\/as-time-swallows-time\/\" \/>\n<meta property=\"og:locale\" content=\"en_US\" \/>\n<meta property=\"og:type\" content=\"article\" \/>\n<meta property=\"og:title\" content=\"As Time Swallows Time - PROYECTOR\" \/>\n<meta property=\"og:description\" content=\"As Time Swallows Time es el primer largometraje de El Ultimo Grito, encargado para la Bienal BIO28 de Liubliana y\" \/>\n<meta property=\"og:url\" content=\"https:\/\/proyector.info\/obra\/as-time-swallows-time\/\" \/>\n<meta property=\"og:site_name\" content=\"PROYECTOR\" \/>\n<meta property=\"article:publisher\" content=\"https:\/\/www.facebook.com\/proyectorvideoartfestival\/\" \/>\n<meta property=\"article:modified_time\" content=\"2026-09-02T18:07:32+00:00\" \/>\n<meta property=\"og:image\" content=\"https:\/\/proyector.info\/wp-content\/uploads\/2026\/09\/EBUEG_AsTimeSwallowsTime_Still_5.webp\" \/>\n\t<meta property=\"og:image:width\" content=\"2500\" \/>\n\t<meta property=\"og:image:height\" content=\"1065\" \/>\n\t<meta property=\"og:image:type\" content=\"image\/webp\" \/>\n<meta name=\"twitter:card\" content=\"summary_large_image\" \/>\n<meta name=\"twitter:site\" content=\"@PROYECTOR_fest\" \/>\n<meta name=\"twitter:label1\" content=\"Est. reading time\" \/>\n\t<meta name=\"twitter:data1\" content=\"2 minutes\" \/>\n<script type=\"application\/ld+json\" class=\"yoast-schema-graph\">{\"@context\":\"https:\\\/\\\/schema.org\",\"@graph\":[{\"@type\":\"WebPage\",\"@id\":\"https:\\\/\\\/proyector.info\\\/obra\\\/as-time-swallows-time\\\/\",\"url\":\"https:\\\/\\\/proyector.info\\\/obra\\\/as-time-swallows-time\\\/\",\"name\":\"As Time Swallows Time - PROYECTOR\",\"isPartOf\":{\"@id\":\"https:\\\/\\\/proyector.info\\\/en\\\/#website\"},\"primaryImageOfPage\":{\"@id\":\"https:\\\/\\\/proyector.info\\\/obra\\\/as-time-swallows-time\\\/#primaryimage\"},\"image\":{\"@id\":\"https:\\\/\\\/proyector.info\\\/obra\\\/as-time-swallows-time\\\/#primaryimage\"},\"thumbnailUrl\":\"https:\\\/\\\/proyector.info\\\/wp-content\\\/uploads\\\/2026\\\/09\\\/EBUEG_AsTimeSwallowsTime_Still_5.webp\",\"datePublished\":\"2026-09-02T17:55:59+00:00\",\"dateModified\":\"2026-09-02T18:07:32+00:00\",\"breadcrumb\":{\"@id\":\"https:\\\/\\\/proyector.info\\\/obra\\\/as-time-swallows-time\\\/#breadcrumb\"},\"inLanguage\":\"en-US\",\"potentialAction\":[{\"@type\":\"ReadAction\",\"target\":[\"https:\\\/\\\/proyector.info\\\/obra\\\/as-time-swallows-time\\\/\"]}]},{\"@type\":\"ImageObject\",\"inLanguage\":\"en-US\",\"@id\":\"https:\\\/\\\/proyector.info\\\/obra\\\/as-time-swallows-time\\\/#primaryimage\",\"url\":\"https:\\\/\\\/proyector.info\\\/wp-content\\\/uploads\\\/2026\\\/09\\\/EBUEG_AsTimeSwallowsTime_Still_5.webp\",\"contentUrl\":\"https:\\\/\\\/proyector.info\\\/wp-content\\\/uploads\\\/2026\\\/09\\\/EBUEG_AsTimeSwallowsTime_Still_5.webp\",\"width\":2500,\"height\":1065},{\"@type\":\"BreadcrumbList\",\"@id\":\"https:\\\/\\\/proyector.info\\\/obra\\\/as-time-swallows-time\\\/#breadcrumb\",\"itemListElement\":[{\"@type\":\"ListItem\",\"position\":1,\"name\":\"Portada\",\"item\":\"https:\\\/\\\/proyector.info\\\/en\\\/\"},{\"@type\":\"ListItem\",\"position\":2,\"name\":\"Obras\",\"item\":\"https:\\\/\\\/proyector.info\\\/works\\\/\"},{\"@type\":\"ListItem\",\"position\":3,\"name\":\"As Time Swallows Time\"}]},{\"@type\":\"WebSite\",\"@id\":\"https:\\\/\\\/proyector.info\\\/en\\\/#website\",\"url\":\"https:\\\/\\\/proyector.info\\\/en\\\/\",\"name\":\"PROYECTOR\",\"description\":\"Plataforma de Imagen en Movimiento\",\"publisher\":{\"@id\":\"https:\\\/\\\/proyector.info\\\/en\\\/#organization\"},\"potentialAction\":[{\"@type\":\"SearchAction\",\"target\":{\"@type\":\"EntryPoint\",\"urlTemplate\":\"https:\\\/\\\/proyector.info\\\/en\\\/?s={search_term_string}\"},\"query-input\":{\"@type\":\"PropertyValueSpecification\",\"valueRequired\":true,\"valueName\":\"search_term_string\"}}],\"inLanguage\":\"en-US\"},{\"@type\":\"Organization\",\"@id\":\"https:\\\/\\\/proyector.info\\\/en\\\/#organization\",\"name\":\"PROYECTOR\",\"url\":\"https:\\\/\\\/proyector.info\\\/en\\\/\",\"logo\":{\"@type\":\"ImageObject\",\"inLanguage\":\"en-US\",\"@id\":\"https:\\\/\\\/proyector.info\\\/en\\\/#\\\/schema\\\/logo\\\/image\\\/\",\"url\":\"https:\\\/\\\/proyector.info\\\/wp-content\\\/uploads\\\/2025\\\/07\\\/cropped-proyector_icono.png\",\"contentUrl\":\"https:\\\/\\\/proyector.info\\\/wp-content\\\/uploads\\\/2025\\\/07\\\/cropped-proyector_icono.png\",\"width\":512,\"height\":512,\"caption\":\"PROYECTOR\"},\"image\":{\"@id\":\"https:\\\/\\\/proyector.info\\\/en\\\/#\\\/schema\\\/logo\\\/image\\\/\"},\"sameAs\":[\"https:\\\/\\\/www.facebook.com\\\/proyectorvideoartfestival\\\/\",\"https:\\\/\\\/x.com\\\/PROYECTOR_fest\",\"https:\\\/\\\/www.instagram.com\\\/proyector_videoartplatform\\\/\",\"https:\\\/\\\/www.tiktok.com\\\/@proyector_fest\",\"https:\\\/\\\/www.youtube.com\\\/user\\\/proyectorvideoart\",\"https:\\\/\\\/vimeo.com\\\/proyectorvideoart\",\"https:\\\/\\\/www.linkedin.com\\\/company\\\/proyector\\\/\"]}]}<\/script>\n<!-- \/ Yoast SEO plugin. -->","yoast_head_json":{"title":"As Time Swallows Time - PROYECTOR","robots":{"index":"index","follow":"follow","max-snippet":"max-snippet:-1","max-image-preview":"max-image-preview:large","max-video-preview":"max-video-preview:-1"},"canonical":"https:\/\/proyector.info\/obra\/as-time-swallows-time\/","og_locale":"en_US","og_type":"article","og_title":"As Time Swallows Time - PROYECTOR","og_description":"As Time Swallows Time es el primer largometraje de El Ultimo Grito, encargado para la Bienal BIO28 de Liubliana y","og_url":"https:\/\/proyector.info\/obra\/as-time-swallows-time\/","og_site_name":"PROYECTOR","article_publisher":"https:\/\/www.facebook.com\/proyectorvideoartfestival\/","article_modified_time":"2026-09-02T18:07:32+00:00","og_image":[{"width":2500,"height":1065,"url":"https:\/\/proyector.info\/wp-content\/uploads\/2026\/09\/EBUEG_AsTimeSwallowsTime_Still_5.webp","type":"image\/webp"}],"twitter_card":"summary_large_image","twitter_site":"@PROYECTOR_fest","twitter_misc":{"Est. reading time":"2 minutes"},"schema":{"@context":"https:\/\/schema.org","@graph":[{"@type":"WebPage","@id":"https:\/\/proyector.info\/obra\/as-time-swallows-time\/","url":"https:\/\/proyector.info\/obra\/as-time-swallows-time\/","name":"As Time Swallows Time - PROYECTOR","isPartOf":{"@id":"https:\/\/proyector.info\/en\/#website"},"primaryImageOfPage":{"@id":"https:\/\/proyector.info\/obra\/as-time-swallows-time\/#primaryimage"},"image":{"@id":"https:\/\/proyector.info\/obra\/as-time-swallows-time\/#primaryimage"},"thumbnailUrl":"https:\/\/proyector.info\/wp-content\/uploads\/2026\/09\/EBUEG_AsTimeSwallowsTime_Still_5.webp","datePublished":"2026-09-02T17:55:59+00:00","dateModified":"2026-09-02T18:07:32+00:00","breadcrumb":{"@id":"https:\/\/proyector.info\/obra\/as-time-swallows-time\/#breadcrumb"},"inLanguage":"en-US","potentialAction":[{"@type":"ReadAction","target":["https:\/\/proyector.info\/obra\/as-time-swallows-time\/"]}]},{"@type":"ImageObject","inLanguage":"en-US","@id":"https:\/\/proyector.info\/obra\/as-time-swallows-time\/#primaryimage","url":"https:\/\/proyector.info\/wp-content\/uploads\/2026\/09\/EBUEG_AsTimeSwallowsTime_Still_5.webp","contentUrl":"https:\/\/proyector.info\/wp-content\/uploads\/2026\/09\/EBUEG_AsTimeSwallowsTime_Still_5.webp","width":2500,"height":1065},{"@type":"BreadcrumbList","@id":"https:\/\/proyector.info\/obra\/as-time-swallows-time\/#breadcrumb","itemListElement":[{"@type":"ListItem","position":1,"name":"Portada","item":"https:\/\/proyector.info\/en\/"},{"@type":"ListItem","position":2,"name":"Obras","item":"https:\/\/proyector.info\/works\/"},{"@type":"ListItem","position":3,"name":"As Time Swallows Time"}]},{"@type":"WebSite","@id":"https:\/\/proyector.info\/en\/#website","url":"https:\/\/proyector.info\/en\/","name":"PROYECTOR","description":"Plataforma de Imagen en Movimiento","publisher":{"@id":"https:\/\/proyector.info\/en\/#organization"},"potentialAction":[{"@type":"SearchAction","target":{"@type":"EntryPoint","urlTemplate":"https:\/\/proyector.info\/en\/?s={search_term_string}"},"query-input":{"@type":"PropertyValueSpecification","valueRequired":true,"valueName":"search_term_string"}}],"inLanguage":"en-US"},{"@type":"Organization","@id":"https:\/\/proyector.info\/en\/#organization","name":"PROYECTOR","url":"https:\/\/proyector.info\/en\/","logo":{"@type":"ImageObject","inLanguage":"en-US","@id":"https:\/\/proyector.info\/en\/#\/schema\/logo\/image\/","url":"https:\/\/proyector.info\/wp-content\/uploads\/2025\/07\/cropped-proyector_icono.png","contentUrl":"https:\/\/proyector.info\/wp-content\/uploads\/2025\/07\/cropped-proyector_icono.png","width":512,"height":512,"caption":"PROYECTOR"},"image":{"@id":"https:\/\/proyector.info\/en\/#\/schema\/logo\/image\/"},"sameAs":["https:\/\/www.facebook.com\/proyectorvideoartfestival\/","https:\/\/x.com\/PROYECTOR_fest","https:\/\/www.instagram.com\/proyector_videoartplatform\/","https:\/\/www.tiktok.com\/@proyector_fest","https:\/\/www.youtube.com\/user\/proyectorvideoart","https:\/\/vimeo.com\/proyectorvideoart","https:\/\/www.linkedin.com\/company\/proyector\/"]}]}},"_links":{"self":[{"href":"https:\/\/proyector.info\/en\/wp-json\/wp\/v2\/movie\/24566","targetHints":{"allow":["GET"]}}],"collection":[{"href":"https:\/\/proyector.info\/en\/wp-json\/wp\/v2\/movie"}],"about":[{"href":"https:\/\/proyector.info\/en\/wp-json\/wp\/v2\/types\/movie"}],"author":[{"embeddable":true,"href":"https:\/\/proyector.info\/en\/wp-json\/wp\/v2\/users\/3"}],"wp:featuredmedia":[{"embeddable":true,"href":"https:\/\/proyector.info\/en\/wp-json\/wp\/v2\/media\/24551"}],"wp:attachment":[{"href":"https:\/\/proyector.info\/en\/wp-json\/wp\/v2\/media?parent=24566"}],"wp:term":[{"taxonomy":"movie_genre","embeddable":true,"href":"https:\/\/proyector.info\/en\/wp-json\/wp\/v2\/movie_genre?post=24566"},{"taxonomy":"movie_tag","embeddable":true,"href":"https:\/\/proyector.info\/en\/wp-json\/wp\/v2\/movie_tag?post=24566"}],"curies":[{"name":"wp","href":"https:\/\/api.w.org\/{rel}","templated":true}]}}

<p class="wp-block-paragraph">As Time Swallows Time es el primer largometraje de El Ultimo Grito, encargado para la Bienal BIO28 de Liubliana y dirigido por Rosario Hurtado, Roberto Feo y Stuart Bannocks. Conocidos por su trabajo en la intersección entre el diseño, la arquitectura y los medios de comunicación, este proyecto amplía su exploración en curso de los límites del lenguaje cinematográfico a través de lo que ellos denominan filmoides: obras<br>híbridas multimedia y espaciales que funcionan como películas sin ceñirse a la forma cinematográfica convencional.<br><br>Esta obra surge de un diálogo con el tema curatorial de la Bienal, “Do You Speak Flower?”, comisariada por Alexandra Midal. El tema investiga los contextos históricos en los que las mujeres se han vinculado simbólicamente a las flores —símbolos de fragilidad, sensualidad y cosificación— y cómo esas asociaciones han sido reivindicadas y subvertidas. En lugar de interpretar este tema de forma directa, lo ponen en diálogo con otra línea narrativa: una exploración especulativa del tiempo y la percepción temporal, extraída de su metaverso en desarrollo, creado en obras anteriores como Earth: A Retrospective (Valencia, 2022- 23) y Visitants (Madrid, 2024).<br><br>El resultado es una película construida a partir de la yuxtaposición de fragmentos narrativos, escenas superpuestas de tal manera que invitan a los espectadores a construir el significado a través de su propio recorrido por la película. Al igual que una instalación espacial, As Time Swallows Time se resiste a la progresión lineal y, en su lugar, produce una especie de “efecto Kuleshov” narrativo, en el que las asociaciones surgen en los<br>huecos entre las historias más que dentro de ellas.<br>Crearon este filmoide como un experimento en el lenguaje en expansión del cine, donde la narrativa, la instalación y la ficción especulativa chocan entre sí.<br></p>
