{"id":24370,"date":"2026-08-27T01:05:53","date_gmt":"2026-08-26T23:05:53","guid":{"rendered":"https:\/\/proyector.info\/?post_type=movie&#038;p=24370"},"modified":"2026-09-03T01:11:44","modified_gmt":"2026-09-02T23:11:44","slug":"el-vuelo-de-mboi-tui","status":"publish","type":"movie","link":"https:\/\/proyector.info\/en\/work\/el-vuelo-de-mboi-tui\/","title":{"rendered":"El vuelo de Mb\u00f3i Tu\u2019\u0129"},"content":{"rendered":"\n<p class=\"wp-block-paragraph\">Sumergida en las aguas, se me apareci\u00f3 Mb\u00f3i Tu&#8217;\u0129, el m\u00edtico papagayo serpiente guaran\u00ed. El protector de las aguas vino aqu\u00ed. Recorri\u00f3 con tristeza la seca represa de Paso Severino, vio el r\u00edo Negro contaminado, la presi\u00f3n del agro negocio sobre el territorio. Muy triste, dice que se va, pero volver\u00e1.<\/p>\n\n\n\n<p class=\"wp-block-paragraph\">Mi pr\u00e1ctica art\u00edstica se despliega como un proceso continuo e interdisciplinario que habita las fronteras entre el arte contempor\u00e1neo, las ciencias, la arqueolog\u00eda y la memoria ancestral. Tomando como eje el r\u00edo Uruguay \u2014aquel que nos nombra como pa\u00eds\u2014, mi trabajo busca desmantelar la narrativa oficial del &#8220;pa\u00eds sin indios&#8221; y reactivar los v\u00ednculos profundos, \u00e9ticos y espirituales con el territorio. A trav\u00e9s de una metodolog\u00eda basada en la deriva consciente, la investigaci\u00f3n de campo y la creaci\u00f3n colaborativa, construyo contracartograf\u00edas que interrogan los paisajes fluviales no como recursos extractivistas, sino como contenedores vivos de memorias subterr\u00e1neas, corporalidades en resistencia y saberes relacionales que desbordan las fronteras modernas.<\/p>\n\n\n\n<p class=\"wp-block-paragraph\"><\/p>\n","protected":false},"excerpt":{"rendered":"<p>Sumergida en las aguas, se me apareci\u00f3 Mb\u00f3i Tu&#8217;\u0129, el m\u00edtico papagayo serpiente guaran\u00ed. El protector de las aguas vino<\/p>\n","protected":false},"author":3,"featured_media":24671,"template":"","meta":[],"movie_genre":[343],"movie_tag":[1212,772],"class_list":["post-24370","movie","type-movie","status-publish","has-post-thumbnail","hentry","movie_genre-video-es","movie_tag-2026-es","movie_tag-festival-2026"],"yoast_head":"<!-- This site is optimized with the Yoast SEO plugin v27.4 - https:\/\/yoast.com\/product\/yoast-seo-wordpress\/ -->\n<title>El vuelo de Mb\u00f3i Tu\u2019\u0129 - PROYECTOR<\/title>\n<meta name=\"robots\" content=\"index, follow, max-snippet:-1, max-image-preview:large, max-video-preview:-1\" \/>\n<link rel=\"canonical\" href=\"https:\/\/proyector.info\/obra\/el-vuelo-de-mboi-tui\/\" \/>\n<meta property=\"og:locale\" content=\"en_US\" \/>\n<meta property=\"og:type\" content=\"article\" \/>\n<meta property=\"og:title\" content=\"El vuelo de Mb\u00f3i Tu\u2019\u0129 - PROYECTOR\" \/>\n<meta property=\"og:description\" content=\"Sumergida en las aguas, se me apareci\u00f3 Mb\u00f3i Tu&#8217;\u0129, el m\u00edtico papagayo serpiente guaran\u00ed. El protector de las aguas vino\" \/>\n<meta property=\"og:url\" content=\"https:\/\/proyector.info\/obra\/el-vuelo-de-mboi-tui\/\" \/>\n<meta property=\"og:site_name\" content=\"PROYECTOR\" \/>\n<meta property=\"article:publisher\" content=\"https:\/\/www.facebook.com\/proyectorvideoartfestival\/\" \/>\n<meta property=\"article:modified_time\" content=\"2026-09-02T23:11:44+00:00\" \/>\n<meta property=\"og:image\" content=\"https:\/\/proyector.info\/wp-content\/uploads\/2026\/08\/Adentro-hay-un-rio_Martha-Castillo_El-vuelo-de-Mboi-Tui.jpg\" \/>\n\t<meta property=\"og:image:width\" content=\"2560\" \/>\n\t<meta property=\"og:image:height\" content=\"1600\" \/>\n\t<meta property=\"og:image:type\" content=\"image\/jpeg\" \/>\n<meta name=\"twitter:card\" content=\"summary_large_image\" \/>\n<meta name=\"twitter:site\" content=\"@PROYECTOR_fest\" \/>\n<meta name=\"twitter:label1\" content=\"Est. reading time\" \/>\n\t<meta name=\"twitter:data1\" content=\"1 minute\" \/>\n<script type=\"application\/ld+json\" class=\"yoast-schema-graph\">{\"@context\":\"https:\\\/\\\/schema.org\",\"@graph\":[{\"@type\":\"WebPage\",\"@id\":\"https:\\\/\\\/proyector.info\\\/obra\\\/el-vuelo-de-mboi-tui\\\/\",\"url\":\"https:\\\/\\\/proyector.info\\\/obra\\\/el-vuelo-de-mboi-tui\\\/\",\"name\":\"El vuelo de Mb\u00f3i Tu\u2019\u0129 - PROYECTOR\",\"isPartOf\":{\"@id\":\"https:\\\/\\\/proyector.info\\\/en\\\/#website\"},\"primaryImageOfPage\":{\"@id\":\"https:\\\/\\\/proyector.info\\\/obra\\\/el-vuelo-de-mboi-tui\\\/#primaryimage\"},\"image\":{\"@id\":\"https:\\\/\\\/proyector.info\\\/obra\\\/el-vuelo-de-mboi-tui\\\/#primaryimage\"},\"thumbnailUrl\":\"https:\\\/\\\/proyector.info\\\/wp-content\\\/uploads\\\/2026\\\/08\\\/Adentro-hay-un-rio_Martha-Castillo_El-vuelo-de-Mboi-Tui.jpg\",\"datePublished\":\"2026-08-26T23:05:53+00:00\",\"dateModified\":\"2026-09-02T23:11:44+00:00\",\"breadcrumb\":{\"@id\":\"https:\\\/\\\/proyector.info\\\/obra\\\/el-vuelo-de-mboi-tui\\\/#breadcrumb\"},\"inLanguage\":\"en-US\",\"potentialAction\":[{\"@type\":\"ReadAction\",\"target\":[\"https:\\\/\\\/proyector.info\\\/obra\\\/el-vuelo-de-mboi-tui\\\/\"]}]},{\"@type\":\"ImageObject\",\"inLanguage\":\"en-US\",\"@id\":\"https:\\\/\\\/proyector.info\\\/obra\\\/el-vuelo-de-mboi-tui\\\/#primaryimage\",\"url\":\"https:\\\/\\\/proyector.info\\\/wp-content\\\/uploads\\\/2026\\\/08\\\/Adentro-hay-un-rio_Martha-Castillo_El-vuelo-de-Mboi-Tui.jpg\",\"contentUrl\":\"https:\\\/\\\/proyector.info\\\/wp-content\\\/uploads\\\/2026\\\/08\\\/Adentro-hay-un-rio_Martha-Castillo_El-vuelo-de-Mboi-Tui.jpg\",\"width\":2560,\"height\":1600},{\"@type\":\"BreadcrumbList\",\"@id\":\"https:\\\/\\\/proyector.info\\\/obra\\\/el-vuelo-de-mboi-tui\\\/#breadcrumb\",\"itemListElement\":[{\"@type\":\"ListItem\",\"position\":1,\"name\":\"Portada\",\"item\":\"https:\\\/\\\/proyector.info\\\/en\\\/\"},{\"@type\":\"ListItem\",\"position\":2,\"name\":\"Obras\",\"item\":\"https:\\\/\\\/proyector.info\\\/works\\\/\"},{\"@type\":\"ListItem\",\"position\":3,\"name\":\"El vuelo de Mb\u00f3i Tu\u2019\u0129\"}]},{\"@type\":\"WebSite\",\"@id\":\"https:\\\/\\\/proyector.info\\\/en\\\/#website\",\"url\":\"https:\\\/\\\/proyector.info\\\/en\\\/\",\"name\":\"PROYECTOR\",\"description\":\"Plataforma de Imagen en Movimiento\",\"publisher\":{\"@id\":\"https:\\\/\\\/proyector.info\\\/en\\\/#organization\"},\"potentialAction\":[{\"@type\":\"SearchAction\",\"target\":{\"@type\":\"EntryPoint\",\"urlTemplate\":\"https:\\\/\\\/proyector.info\\\/en\\\/?s={search_term_string}\"},\"query-input\":{\"@type\":\"PropertyValueSpecification\",\"valueRequired\":true,\"valueName\":\"search_term_string\"}}],\"inLanguage\":\"en-US\"},{\"@type\":\"Organization\",\"@id\":\"https:\\\/\\\/proyector.info\\\/en\\\/#organization\",\"name\":\"PROYECTOR\",\"url\":\"https:\\\/\\\/proyector.info\\\/en\\\/\",\"logo\":{\"@type\":\"ImageObject\",\"inLanguage\":\"en-US\",\"@id\":\"https:\\\/\\\/proyector.info\\\/en\\\/#\\\/schema\\\/logo\\\/image\\\/\",\"url\":\"https:\\\/\\\/proyector.info\\\/wp-content\\\/uploads\\\/2025\\\/07\\\/cropped-proyector_icono.png\",\"contentUrl\":\"https:\\\/\\\/proyector.info\\\/wp-content\\\/uploads\\\/2025\\\/07\\\/cropped-proyector_icono.png\",\"width\":512,\"height\":512,\"caption\":\"PROYECTOR\"},\"image\":{\"@id\":\"https:\\\/\\\/proyector.info\\\/en\\\/#\\\/schema\\\/logo\\\/image\\\/\"},\"sameAs\":[\"https:\\\/\\\/www.facebook.com\\\/proyectorvideoartfestival\\\/\",\"https:\\\/\\\/x.com\\\/PROYECTOR_fest\",\"https:\\\/\\\/www.instagram.com\\\/proyector_videoartplatform\\\/\",\"https:\\\/\\\/www.tiktok.com\\\/@proyector_fest\",\"https:\\\/\\\/www.youtube.com\\\/user\\\/proyectorvideoart\",\"https:\\\/\\\/vimeo.com\\\/proyectorvideoart\",\"https:\\\/\\\/www.linkedin.com\\\/company\\\/proyector\\\/\"]}]}<\/script>\n<!-- \/ Yoast SEO plugin. -->","yoast_head_json":{"title":"El vuelo de Mb\u00f3i Tu\u2019\u0129 - PROYECTOR","robots":{"index":"index","follow":"follow","max-snippet":"max-snippet:-1","max-image-preview":"max-image-preview:large","max-video-preview":"max-video-preview:-1"},"canonical":"https:\/\/proyector.info\/obra\/el-vuelo-de-mboi-tui\/","og_locale":"en_US","og_type":"article","og_title":"El vuelo de Mb\u00f3i Tu\u2019\u0129 - PROYECTOR","og_description":"Sumergida en las aguas, se me apareci\u00f3 Mb\u00f3i Tu&#8217;\u0129, el m\u00edtico papagayo serpiente guaran\u00ed. El protector de las aguas vino","og_url":"https:\/\/proyector.info\/obra\/el-vuelo-de-mboi-tui\/","og_site_name":"PROYECTOR","article_publisher":"https:\/\/www.facebook.com\/proyectorvideoartfestival\/","article_modified_time":"2026-09-02T23:11:44+00:00","og_image":[{"width":2560,"height":1600,"url":"https:\/\/proyector.info\/wp-content\/uploads\/2026\/08\/Adentro-hay-un-rio_Martha-Castillo_El-vuelo-de-Mboi-Tui.jpg","type":"image\/jpeg"}],"twitter_card":"summary_large_image","twitter_site":"@PROYECTOR_fest","twitter_misc":{"Est. reading time":"1 minute"},"schema":{"@context":"https:\/\/schema.org","@graph":[{"@type":"WebPage","@id":"https:\/\/proyector.info\/obra\/el-vuelo-de-mboi-tui\/","url":"https:\/\/proyector.info\/obra\/el-vuelo-de-mboi-tui\/","name":"El vuelo de Mb\u00f3i Tu\u2019\u0129 - PROYECTOR","isPartOf":{"@id":"https:\/\/proyector.info\/en\/#website"},"primaryImageOfPage":{"@id":"https:\/\/proyector.info\/obra\/el-vuelo-de-mboi-tui\/#primaryimage"},"image":{"@id":"https:\/\/proyector.info\/obra\/el-vuelo-de-mboi-tui\/#primaryimage"},"thumbnailUrl":"https:\/\/proyector.info\/wp-content\/uploads\/2026\/08\/Adentro-hay-un-rio_Martha-Castillo_El-vuelo-de-Mboi-Tui.jpg","datePublished":"2026-08-26T23:05:53+00:00","dateModified":"2026-09-02T23:11:44+00:00","breadcrumb":{"@id":"https:\/\/proyector.info\/obra\/el-vuelo-de-mboi-tui\/#breadcrumb"},"inLanguage":"en-US","potentialAction":[{"@type":"ReadAction","target":["https:\/\/proyector.info\/obra\/el-vuelo-de-mboi-tui\/"]}]},{"@type":"ImageObject","inLanguage":"en-US","@id":"https:\/\/proyector.info\/obra\/el-vuelo-de-mboi-tui\/#primaryimage","url":"https:\/\/proyector.info\/wp-content\/uploads\/2026\/08\/Adentro-hay-un-rio_Martha-Castillo_El-vuelo-de-Mboi-Tui.jpg","contentUrl":"https:\/\/proyector.info\/wp-content\/uploads\/2026\/08\/Adentro-hay-un-rio_Martha-Castillo_El-vuelo-de-Mboi-Tui.jpg","width":2560,"height":1600},{"@type":"BreadcrumbList","@id":"https:\/\/proyector.info\/obra\/el-vuelo-de-mboi-tui\/#breadcrumb","itemListElement":[{"@type":"ListItem","position":1,"name":"Portada","item":"https:\/\/proyector.info\/en\/"},{"@type":"ListItem","position":2,"name":"Obras","item":"https:\/\/proyector.info\/works\/"},{"@type":"ListItem","position":3,"name":"El vuelo de Mb\u00f3i Tu\u2019\u0129"}]},{"@type":"WebSite","@id":"https:\/\/proyector.info\/en\/#website","url":"https:\/\/proyector.info\/en\/","name":"PROYECTOR","description":"Plataforma de Imagen en Movimiento","publisher":{"@id":"https:\/\/proyector.info\/en\/#organization"},"potentialAction":[{"@type":"SearchAction","target":{"@type":"EntryPoint","urlTemplate":"https:\/\/proyector.info\/en\/?s={search_term_string}"},"query-input":{"@type":"PropertyValueSpecification","valueRequired":true,"valueName":"search_term_string"}}],"inLanguage":"en-US"},{"@type":"Organization","@id":"https:\/\/proyector.info\/en\/#organization","name":"PROYECTOR","url":"https:\/\/proyector.info\/en\/","logo":{"@type":"ImageObject","inLanguage":"en-US","@id":"https:\/\/proyector.info\/en\/#\/schema\/logo\/image\/","url":"https:\/\/proyector.info\/wp-content\/uploads\/2025\/07\/cropped-proyector_icono.png","contentUrl":"https:\/\/proyector.info\/wp-content\/uploads\/2025\/07\/cropped-proyector_icono.png","width":512,"height":512,"caption":"PROYECTOR"},"image":{"@id":"https:\/\/proyector.info\/en\/#\/schema\/logo\/image\/"},"sameAs":["https:\/\/www.facebook.com\/proyectorvideoartfestival\/","https:\/\/x.com\/PROYECTOR_fest","https:\/\/www.instagram.com\/proyector_videoartplatform\/","https:\/\/www.tiktok.com\/@proyector_fest","https:\/\/www.youtube.com\/user\/proyectorvideoart","https:\/\/vimeo.com\/proyectorvideoart","https:\/\/www.linkedin.com\/company\/proyector\/"]}]}},"_links":{"self":[{"href":"https:\/\/proyector.info\/en\/wp-json\/wp\/v2\/movie\/24370","targetHints":{"allow":["GET"]}}],"collection":[{"href":"https:\/\/proyector.info\/en\/wp-json\/wp\/v2\/movie"}],"about":[{"href":"https:\/\/proyector.info\/en\/wp-json\/wp\/v2\/types\/movie"}],"author":[{"embeddable":true,"href":"https:\/\/proyector.info\/en\/wp-json\/wp\/v2\/users\/3"}],"wp:featuredmedia":[{"embeddable":true,"href":"https:\/\/proyector.info\/en\/wp-json\/wp\/v2\/media\/24671"}],"wp:attachment":[{"href":"https:\/\/proyector.info\/en\/wp-json\/wp\/v2\/media?parent=24370"}],"wp:term":[{"taxonomy":"movie_genre","embeddable":true,"href":"https:\/\/proyector.info\/en\/wp-json\/wp\/v2\/movie_genre?post=24370"},{"taxonomy":"movie_tag","embeddable":true,"href":"https:\/\/proyector.info\/en\/wp-json\/wp\/v2\/movie_tag?post=24370"}],"curies":[{"name":"wp","href":"https:\/\/api.w.org\/{rel}","templated":true}]}}

El vuelo de Mbói Tu’ĩ

<p class="wp-block-paragraph">Sumergida en las aguas, se me apareció Mbói Tu&#8217;ĩ, el mítico papagayo serpiente guaraní. El protector de las aguas vino aquí. Recorrió con tristeza la seca represa de Paso Severino, vio el río Negro contaminado, la presión del agro negocio sobre el territorio. Muy triste, dice que se va, pero volverá.</p>



<p class="wp-block-paragraph">Mi práctica artística se despliega como un proceso continuo e interdisciplinario que habita las fronteras entre el arte contemporáneo, las ciencias, la arqueología y la memoria ancestral. Tomando como eje el río Uruguay —aquel que nos nombra como país—, mi trabajo busca desmantelar la narrativa oficial del &#8220;país sin indios&#8221; y reactivar los vínculos profundos, éticos y espirituales con el territorio. A través de una metodología basada en la deriva consciente, la investigación de campo y la creación colaborativa, construyo contracartografías que interrogan los paisajes fluviales no como recursos extractivistas, sino como contenedores vivos de memorias subterráneas, corporalidades en resistencia y saberes relacionales que desbordan las fronteras modernas.</p>



<p class="wp-block-paragraph"></p>

<p>Sumergida en las aguas, se me apareció Mbói Tu&#8217;ĩ, el mítico papagayo serpiente guaraní. El protector de las aguas vino</p>

<!-- This site is optimized with the Yoast SEO plugin v27.4 - https://yoast.com/product/yoast-seo-wordpress/ -->
<title>El vuelo de Mbói Tu’ĩ - PROYECTOR</title>
<meta name="robots" content="index, follow, max-snippet:-1, max-image-preview:large, max-video-preview:-1" />
<link rel="canonical" href="https://proyector.info/obra/el-vuelo-de-mboi-tui/" />
<meta property="og:locale" content="en_US" />
<meta property="og:type" content="article" />
<meta property="og:title" content="El vuelo de Mbói Tu’ĩ - PROYECTOR" />
<meta property="og:description" content="Sumergida en las aguas, se me apareció Mbói Tu&#8217;ĩ, el mítico papagayo serpiente guaraní. El protector de las aguas vino" />
<meta property="og:url" content="https://proyector.info/obra/el-vuelo-de-mboi-tui/" />
<meta property="og:site_name" content="PROYECTOR" />
<meta property="article:publisher" content="https://www.facebook.com/proyectorvideoartfestival/" />
<meta property="article:modified_time" content="2026-09-02T23:11:44+00:00" />
<meta property="og:image" content="https://proyector.info/wp-content/uploads/2026/08/Adentro-hay-un-rio_Martha-Castillo_El-vuelo-de-Mboi-Tui.jpg" />
	<meta property="og:image:width" content="2560" />
	<meta property="og:image:height" content="1600" />
	<meta property="og:image:type" content="image/jpeg" />
<meta name="twitter:card" content="summary_large_image" />
<meta name="twitter:site" content="@PROYECTOR_fest" />
<meta name="twitter:label1" content="Est. reading time" />
	<meta name="twitter:data1" content="1 minute" />
<script type="application/ld+json" class="yoast-schema-graph">{"@context":"https:\/\/schema.org","@graph":[{"@type":"WebPage","@id":"https:\/\/proyector.info\/obra\/el-vuelo-de-mboi-tui\/","url":"https:\/\/proyector.info\/obra\/el-vuelo-de-mboi-tui\/","name":"El vuelo de Mbói Tu’ĩ - PROYECTOR","isPartOf":{"@id":"https:\/\/proyector.info\/en\/#website"},"primaryImageOfPage":{"@id":"https:\/\/proyector.info\/obra\/el-vuelo-de-mboi-tui\/#primaryimage"},"image":{"@id":"https:\/\/proyector.info\/obra\/el-vuelo-de-mboi-tui\/#primaryimage"},"thumbnailUrl":"https:\/\/proyector.info\/wp-content\/uploads\/2026\/08\/Adentro-hay-un-rio_Martha-Castillo_El-vuelo-de-Mboi-Tui.jpg","datePublished":"2026-08-26T23:05:53+00:00","dateModified":"2026-09-02T23:11:44+00:00","breadcrumb":{"@id":"https:\/\/proyector.info\/obra\/el-vuelo-de-mboi-tui\/#breadcrumb"},"inLanguage":"en-US","potentialAction":[{"@type":"ReadAction","target":["https:\/\/proyector.info\/obra\/el-vuelo-de-mboi-tui\/"]}]},{"@type":"ImageObject","inLanguage":"en-US","@id":"https:\/\/proyector.info\/obra\/el-vuelo-de-mboi-tui\/#primaryimage","url":"https:\/\/proyector.info\/wp-content\/uploads\/2026\/08\/Adentro-hay-un-rio_Martha-Castillo_El-vuelo-de-Mboi-Tui.jpg","contentUrl":"https:\/\/proyector.info\/wp-content\/uploads\/2026\/08\/Adentro-hay-un-rio_Martha-Castillo_El-vuelo-de-Mboi-Tui.jpg","width":2560,"height":1600},{"@type":"BreadcrumbList","@id":"https:\/\/proyector.info\/obra\/el-vuelo-de-mboi-tui\/#breadcrumb","itemListElement":[{"@type":"ListItem","position":1,"name":"Portada","item":"https:\/\/proyector.info\/en\/"},{"@type":"ListItem","position":2,"name":"Obras","item":"https:\/\/proyector.info\/works\/"},{"@type":"ListItem","position":3,"name":"El vuelo de Mbói Tu’ĩ"}]},{"@type":"WebSite","@id":"https:\/\/proyector.info\/en\/#website","url":"https:\/\/proyector.info\/en\/","name":"PROYECTOR","description":"Plataforma de Imagen en Movimiento","publisher":{"@id":"https:\/\/proyector.info\/en\/#organization"},"potentialAction":[{"@type":"SearchAction","target":{"@type":"EntryPoint","urlTemplate":"https:\/\/proyector.info\/en\/?s={search_term_string}"},"query-input":{"@type":"PropertyValueSpecification","valueRequired":true,"valueName":"search_term_string"}}],"inLanguage":"en-US"},{"@type":"Organization","@id":"https:\/\/proyector.info\/en\/#organization","name":"PROYECTOR","url":"https:\/\/proyector.info\/en\/","logo":{"@type":"ImageObject","inLanguage":"en-US","@id":"https:\/\/proyector.info\/en\/#\/schema\/logo\/image\/","url":"https:\/\/proyector.info\/wp-content\/uploads\/2025\/07\/cropped-proyector_icono.png","contentUrl":"https:\/\/proyector.info\/wp-content\/uploads\/2025\/07\/cropped-proyector_icono.png","width":512,"height":512,"caption":"PROYECTOR"},"image":{"@id":"https:\/\/proyector.info\/en\/#\/schema\/logo\/image\/"},"sameAs":["https:\/\/www.facebook.com\/proyectorvideoartfestival\/","https:\/\/x.com\/PROYECTOR_fest","https:\/\/www.instagram.com\/proyector_videoartplatform\/","https:\/\/www.tiktok.com\/@proyector_fest","https:\/\/www.youtube.com\/user\/proyectorvideoart","https:\/\/vimeo.com\/proyectorvideoart","https:\/\/www.linkedin.com\/company\/proyector\/"]}]}</script>
<!-- / Yoast SEO plugin. -->

El vuelo de Mbói Tu’ĩ - PROYECTOR

Sumergida en las aguas, se me apareció Mbói Tu&#8217;ĩ, el mítico papagayo serpiente guaraní. El protector de las aguas vino
