{"id":24354,"date":"2026-08-27T00:56:08","date_gmt":"2026-08-26T22:56:08","guid":{"rendered":"https:\/\/proyector.info\/?post_type=movie&#038;p=24354"},"modified":"2026-09-03T01:02:31","modified_gmt":"2026-09-02T23:02:31","slug":"mundo-interior","status":"publish","type":"movie","link":"https:\/\/proyector.info\/en\/work\/mundo-interior\/","title":{"rendered":"Mundo interior"},"content":{"rendered":"\n<p class=\"wp-block-paragraph\">Las im\u00e1genes que se suceden, son registros visuales del proceso de la vida presente en unas biocajas que gener\u00e9 en 2021. En estos sistemas cerrados, el agua se recicla continuamente mediante evaporaci\u00f3n, condensaci\u00f3n y precipitaci\u00f3n. <strong><\/strong>Ranciere (2011) define tres reg\u00edmenes en el arte: el \u00e9tico, el representativo y el est\u00e9tico. Aunque directamente vincula el \u00e9tico a la producci\u00f3n de simulacros, lo que importa es el contenido de verdad, sus usos y efectos ficciones que nos acercan a la verdad, aunque sea desconocida, incierta. Esto est\u00e1 vinculado a la idea de lo sublime de Lyotard donde el arte puede representar lo irrepresentable. En este sentido, <em>Mundo interior<\/em> registra simulacros que son met\u00e1foras de nuestro mundo y de la atm\u00f3sfera, im\u00e1genes generadas en un sistema autosustentable, que solo depende de la luz. La obra propone una reflexi\u00f3n sobre la relaci\u00f3n entre el individuo, su subjetividad y su pertenencia a un ciclo vital y social.<\/p>\n\n\n\n<p class=\"wp-block-paragraph\">El mundo en el interior de las cajas cerradas herm\u00e9ticamente, es reflejo de procesos de la vida con una visi\u00f3n esperanzadora, donde el v\u00ednculo con lo no humano pueda ser de relaci\u00f3n y no de explotaci\u00f3n. Estos micromundos ofrecen la posibilidad de imaginar otro mundo posible: formas de convivencia que no est\u00e9n fundadas en la dominaci\u00f3n, la opresi\u00f3n o el extractivismo, sino en la cooperaci\u00f3n, la interdependencia y el cuidado de la vida.<\/p>\n\n\n\n<p class=\"wp-block-paragraph\">Aparece tambi\u00e9n una escena del exterior, que se hace cada vez m\u00e1s n\u00edtida: mi mano, con el vestigio de pintura en las u\u00f1as, actuando como una met\u00e1fora de la pertenencia al mundo contempor\u00e1neo, en una dial\u00e9ctica entre el estar y el intervenir, generando una paradoja visual. Como afirma Puleo (2011), pertenecemos a la naturaleza y a la cultura.<\/p>\n\n\n\n<p class=\"wp-block-paragraph\">La m\u00fasica tiene una progresi\u00f3n de acordes larga, con distintas sonoridades que enfatizan la idea de cambio. Las varias etapas que tiene, siempre vuelven al principio generando una repetici\u00f3n que se alinea con la idea de ciclo.<\/p>\n\n\n\n<p class=\"wp-block-paragraph\">Cada fotograma registra un momento irrepetible, es el testigo de lo ocurrido en el tiempo, capturando el aura de la obra, construyendo un relato inacabado.<\/p>\n\n\n\n<p class=\"wp-block-paragraph\">Referencias.<\/p>\n\n\n\n<p class=\"wp-block-paragraph\">Puleo, A. (2011). <em>Ecofeminismo para otro mundo posible.<\/em> C\u00e1tedra.<\/p>\n\n\n\n<p class=\"wp-block-paragraph\">Ranci\u00e8re, J. (2011). <em>El destino de las im\u00e1genes.<\/em> Prometeo.<\/p>\n\n\n\n<p class=\"wp-block-paragraph\"><\/p>\n\n\n\n<p class=\"wp-block-paragraph\"><\/p>\n","protected":false},"excerpt":{"rendered":"<p>Las im\u00e1genes que se suceden, son registros visuales del proceso de la vida presente en unas biocajas que gener\u00e9 en<\/p>\n","protected":false},"author":3,"featured_media":24679,"template":"","meta":[],"movie_genre":[343],"movie_tag":[1212,772],"class_list":["post-24354","movie","type-movie","status-publish","has-post-thumbnail","hentry","movie_genre-video-es","movie_tag-2026-es","movie_tag-festival-2026"],"yoast_head":"<!-- This site is optimized with the Yoast SEO plugin v27.4 - https:\/\/yoast.com\/product\/yoast-seo-wordpress\/ -->\n<title>Mundo interior - PROYECTOR<\/title>\n<meta name=\"robots\" content=\"index, follow, max-snippet:-1, max-image-preview:large, max-video-preview:-1\" \/>\n<link rel=\"canonical\" href=\"https:\/\/proyector.info\/obra\/mundo-interior\/\" \/>\n<meta property=\"og:locale\" content=\"en_US\" \/>\n<meta property=\"og:type\" content=\"article\" \/>\n<meta property=\"og:title\" content=\"Mundo interior - PROYECTOR\" \/>\n<meta property=\"og:description\" content=\"Las im\u00e1genes que se suceden, son registros visuales del proceso de la vida presente en unas biocajas que gener\u00e9 en\" \/>\n<meta property=\"og:url\" content=\"https:\/\/proyector.info\/obra\/mundo-interior\/\" \/>\n<meta property=\"og:site_name\" content=\"PROYECTOR\" \/>\n<meta property=\"article:publisher\" content=\"https:\/\/www.facebook.com\/proyectorvideoartfestival\/\" \/>\n<meta property=\"article:modified_time\" content=\"2026-09-02T23:02:31+00:00\" \/>\n<meta property=\"og:image\" content=\"https:\/\/proyector.info\/wp-content\/uploads\/2026\/08\/Adentro-hay-un-rio_Elisa-Rios_Mundo-interior.jpg\" \/>\n\t<meta property=\"og:image:width\" content=\"1920\" \/>\n\t<meta property=\"og:image:height\" content=\"1080\" \/>\n\t<meta property=\"og:image:type\" content=\"image\/jpeg\" \/>\n<meta name=\"twitter:card\" content=\"summary_large_image\" \/>\n<meta name=\"twitter:site\" content=\"@PROYECTOR_fest\" \/>\n<meta name=\"twitter:label1\" content=\"Est. reading time\" \/>\n\t<meta name=\"twitter:data1\" content=\"2 minutes\" \/>\n<script type=\"application\/ld+json\" class=\"yoast-schema-graph\">{\"@context\":\"https:\\\/\\\/schema.org\",\"@graph\":[{\"@type\":\"WebPage\",\"@id\":\"https:\\\/\\\/proyector.info\\\/obra\\\/mundo-interior\\\/\",\"url\":\"https:\\\/\\\/proyector.info\\\/obra\\\/mundo-interior\\\/\",\"name\":\"Mundo interior - PROYECTOR\",\"isPartOf\":{\"@id\":\"https:\\\/\\\/proyector.info\\\/en\\\/#website\"},\"primaryImageOfPage\":{\"@id\":\"https:\\\/\\\/proyector.info\\\/obra\\\/mundo-interior\\\/#primaryimage\"},\"image\":{\"@id\":\"https:\\\/\\\/proyector.info\\\/obra\\\/mundo-interior\\\/#primaryimage\"},\"thumbnailUrl\":\"https:\\\/\\\/proyector.info\\\/wp-content\\\/uploads\\\/2026\\\/08\\\/Adentro-hay-un-rio_Elisa-Rios_Mundo-interior.jpg\",\"datePublished\":\"2026-08-26T22:56:08+00:00\",\"dateModified\":\"2026-09-02T23:02:31+00:00\",\"breadcrumb\":{\"@id\":\"https:\\\/\\\/proyector.info\\\/obra\\\/mundo-interior\\\/#breadcrumb\"},\"inLanguage\":\"en-US\",\"potentialAction\":[{\"@type\":\"ReadAction\",\"target\":[\"https:\\\/\\\/proyector.info\\\/obra\\\/mundo-interior\\\/\"]}]},{\"@type\":\"ImageObject\",\"inLanguage\":\"en-US\",\"@id\":\"https:\\\/\\\/proyector.info\\\/obra\\\/mundo-interior\\\/#primaryimage\",\"url\":\"https:\\\/\\\/proyector.info\\\/wp-content\\\/uploads\\\/2026\\\/08\\\/Adentro-hay-un-rio_Elisa-Rios_Mundo-interior.jpg\",\"contentUrl\":\"https:\\\/\\\/proyector.info\\\/wp-content\\\/uploads\\\/2026\\\/08\\\/Adentro-hay-un-rio_Elisa-Rios_Mundo-interior.jpg\",\"width\":1920,\"height\":1080},{\"@type\":\"BreadcrumbList\",\"@id\":\"https:\\\/\\\/proyector.info\\\/obra\\\/mundo-interior\\\/#breadcrumb\",\"itemListElement\":[{\"@type\":\"ListItem\",\"position\":1,\"name\":\"Portada\",\"item\":\"https:\\\/\\\/proyector.info\\\/en\\\/\"},{\"@type\":\"ListItem\",\"position\":2,\"name\":\"Obras\",\"item\":\"https:\\\/\\\/proyector.info\\\/works\\\/\"},{\"@type\":\"ListItem\",\"position\":3,\"name\":\"Mundo interior\"}]},{\"@type\":\"WebSite\",\"@id\":\"https:\\\/\\\/proyector.info\\\/en\\\/#website\",\"url\":\"https:\\\/\\\/proyector.info\\\/en\\\/\",\"name\":\"PROYECTOR\",\"description\":\"Plataforma de Imagen en Movimiento\",\"publisher\":{\"@id\":\"https:\\\/\\\/proyector.info\\\/en\\\/#organization\"},\"potentialAction\":[{\"@type\":\"SearchAction\",\"target\":{\"@type\":\"EntryPoint\",\"urlTemplate\":\"https:\\\/\\\/proyector.info\\\/en\\\/?s={search_term_string}\"},\"query-input\":{\"@type\":\"PropertyValueSpecification\",\"valueRequired\":true,\"valueName\":\"search_term_string\"}}],\"inLanguage\":\"en-US\"},{\"@type\":\"Organization\",\"@id\":\"https:\\\/\\\/proyector.info\\\/en\\\/#organization\",\"name\":\"PROYECTOR\",\"url\":\"https:\\\/\\\/proyector.info\\\/en\\\/\",\"logo\":{\"@type\":\"ImageObject\",\"inLanguage\":\"en-US\",\"@id\":\"https:\\\/\\\/proyector.info\\\/en\\\/#\\\/schema\\\/logo\\\/image\\\/\",\"url\":\"https:\\\/\\\/proyector.info\\\/wp-content\\\/uploads\\\/2025\\\/07\\\/cropped-proyector_icono.png\",\"contentUrl\":\"https:\\\/\\\/proyector.info\\\/wp-content\\\/uploads\\\/2025\\\/07\\\/cropped-proyector_icono.png\",\"width\":512,\"height\":512,\"caption\":\"PROYECTOR\"},\"image\":{\"@id\":\"https:\\\/\\\/proyector.info\\\/en\\\/#\\\/schema\\\/logo\\\/image\\\/\"},\"sameAs\":[\"https:\\\/\\\/www.facebook.com\\\/proyectorvideoartfestival\\\/\",\"https:\\\/\\\/x.com\\\/PROYECTOR_fest\",\"https:\\\/\\\/www.instagram.com\\\/proyector_videoartplatform\\\/\",\"https:\\\/\\\/www.tiktok.com\\\/@proyector_fest\",\"https:\\\/\\\/www.youtube.com\\\/user\\\/proyectorvideoart\",\"https:\\\/\\\/vimeo.com\\\/proyectorvideoart\",\"https:\\\/\\\/www.linkedin.com\\\/company\\\/proyector\\\/\"]}]}<\/script>\n<!-- \/ Yoast SEO plugin. -->","yoast_head_json":{"title":"Mundo interior - PROYECTOR","robots":{"index":"index","follow":"follow","max-snippet":"max-snippet:-1","max-image-preview":"max-image-preview:large","max-video-preview":"max-video-preview:-1"},"canonical":"https:\/\/proyector.info\/obra\/mundo-interior\/","og_locale":"en_US","og_type":"article","og_title":"Mundo interior - PROYECTOR","og_description":"Las im\u00e1genes que se suceden, son registros visuales del proceso de la vida presente en unas biocajas que gener\u00e9 en","og_url":"https:\/\/proyector.info\/obra\/mundo-interior\/","og_site_name":"PROYECTOR","article_publisher":"https:\/\/www.facebook.com\/proyectorvideoartfestival\/","article_modified_time":"2026-09-02T23:02:31+00:00","og_image":[{"width":1920,"height":1080,"url":"https:\/\/proyector.info\/wp-content\/uploads\/2026\/08\/Adentro-hay-un-rio_Elisa-Rios_Mundo-interior.jpg","type":"image\/jpeg"}],"twitter_card":"summary_large_image","twitter_site":"@PROYECTOR_fest","twitter_misc":{"Est. reading time":"2 minutes"},"schema":{"@context":"https:\/\/schema.org","@graph":[{"@type":"WebPage","@id":"https:\/\/proyector.info\/obra\/mundo-interior\/","url":"https:\/\/proyector.info\/obra\/mundo-interior\/","name":"Mundo interior - PROYECTOR","isPartOf":{"@id":"https:\/\/proyector.info\/en\/#website"},"primaryImageOfPage":{"@id":"https:\/\/proyector.info\/obra\/mundo-interior\/#primaryimage"},"image":{"@id":"https:\/\/proyector.info\/obra\/mundo-interior\/#primaryimage"},"thumbnailUrl":"https:\/\/proyector.info\/wp-content\/uploads\/2026\/08\/Adentro-hay-un-rio_Elisa-Rios_Mundo-interior.jpg","datePublished":"2026-08-26T22:56:08+00:00","dateModified":"2026-09-02T23:02:31+00:00","breadcrumb":{"@id":"https:\/\/proyector.info\/obra\/mundo-interior\/#breadcrumb"},"inLanguage":"en-US","potentialAction":[{"@type":"ReadAction","target":["https:\/\/proyector.info\/obra\/mundo-interior\/"]}]},{"@type":"ImageObject","inLanguage":"en-US","@id":"https:\/\/proyector.info\/obra\/mundo-interior\/#primaryimage","url":"https:\/\/proyector.info\/wp-content\/uploads\/2026\/08\/Adentro-hay-un-rio_Elisa-Rios_Mundo-interior.jpg","contentUrl":"https:\/\/proyector.info\/wp-content\/uploads\/2026\/08\/Adentro-hay-un-rio_Elisa-Rios_Mundo-interior.jpg","width":1920,"height":1080},{"@type":"BreadcrumbList","@id":"https:\/\/proyector.info\/obra\/mundo-interior\/#breadcrumb","itemListElement":[{"@type":"ListItem","position":1,"name":"Portada","item":"https:\/\/proyector.info\/en\/"},{"@type":"ListItem","position":2,"name":"Obras","item":"https:\/\/proyector.info\/works\/"},{"@type":"ListItem","position":3,"name":"Mundo interior"}]},{"@type":"WebSite","@id":"https:\/\/proyector.info\/en\/#website","url":"https:\/\/proyector.info\/en\/","name":"PROYECTOR","description":"Plataforma de Imagen en Movimiento","publisher":{"@id":"https:\/\/proyector.info\/en\/#organization"},"potentialAction":[{"@type":"SearchAction","target":{"@type":"EntryPoint","urlTemplate":"https:\/\/proyector.info\/en\/?s={search_term_string}"},"query-input":{"@type":"PropertyValueSpecification","valueRequired":true,"valueName":"search_term_string"}}],"inLanguage":"en-US"},{"@type":"Organization","@id":"https:\/\/proyector.info\/en\/#organization","name":"PROYECTOR","url":"https:\/\/proyector.info\/en\/","logo":{"@type":"ImageObject","inLanguage":"en-US","@id":"https:\/\/proyector.info\/en\/#\/schema\/logo\/image\/","url":"https:\/\/proyector.info\/wp-content\/uploads\/2025\/07\/cropped-proyector_icono.png","contentUrl":"https:\/\/proyector.info\/wp-content\/uploads\/2025\/07\/cropped-proyector_icono.png","width":512,"height":512,"caption":"PROYECTOR"},"image":{"@id":"https:\/\/proyector.info\/en\/#\/schema\/logo\/image\/"},"sameAs":["https:\/\/www.facebook.com\/proyectorvideoartfestival\/","https:\/\/x.com\/PROYECTOR_fest","https:\/\/www.instagram.com\/proyector_videoartplatform\/","https:\/\/www.tiktok.com\/@proyector_fest","https:\/\/www.youtube.com\/user\/proyectorvideoart","https:\/\/vimeo.com\/proyectorvideoart","https:\/\/www.linkedin.com\/company\/proyector\/"]}]}},"_links":{"self":[{"href":"https:\/\/proyector.info\/en\/wp-json\/wp\/v2\/movie\/24354","targetHints":{"allow":["GET"]}}],"collection":[{"href":"https:\/\/proyector.info\/en\/wp-json\/wp\/v2\/movie"}],"about":[{"href":"https:\/\/proyector.info\/en\/wp-json\/wp\/v2\/types\/movie"}],"author":[{"embeddable":true,"href":"https:\/\/proyector.info\/en\/wp-json\/wp\/v2\/users\/3"}],"wp:featuredmedia":[{"embeddable":true,"href":"https:\/\/proyector.info\/en\/wp-json\/wp\/v2\/media\/24679"}],"wp:attachment":[{"href":"https:\/\/proyector.info\/en\/wp-json\/wp\/v2\/media?parent=24354"}],"wp:term":[{"taxonomy":"movie_genre","embeddable":true,"href":"https:\/\/proyector.info\/en\/wp-json\/wp\/v2\/movie_genre?post=24354"},{"taxonomy":"movie_tag","embeddable":true,"href":"https:\/\/proyector.info\/en\/wp-json\/wp\/v2\/movie_tag?post=24354"}],"curies":[{"name":"wp","href":"https:\/\/api.w.org\/{rel}","templated":true}]}}

<p class="wp-block-paragraph">Las imágenes que se suceden, son registros visuales del proceso de la vida presente en unas biocajas que generé en 2021. En estos sistemas cerrados, el agua se recicla continuamente mediante evaporación, condensación y precipitación. <strong></strong>Ranciere (2011) define tres regímenes en el arte: el ético, el representativo y el estético. Aunque directamente vincula el ético a la producción de simulacros, lo que importa es el contenido de verdad, sus usos y efectos ficciones que nos acercan a la verdad, aunque sea desconocida, incierta. Esto está vinculado a la idea de lo sublime de Lyotard donde el arte puede representar lo irrepresentable. En este sentido, <em>Mundo interior</em> registra simulacros que son metáforas de nuestro mundo y de la atmósfera, imágenes generadas en un sistema autosustentable, que solo depende de la luz. La obra propone una reflexión sobre la relación entre el individuo, su subjetividad y su pertenencia a un ciclo vital y social.</p>



<p class="wp-block-paragraph">El mundo en el interior de las cajas cerradas herméticamente, es reflejo de procesos de la vida con una visión esperanzadora, donde el vínculo con lo no humano pueda ser de relación y no de explotación. Estos micromundos ofrecen la posibilidad de imaginar otro mundo posible: formas de convivencia que no estén fundadas en la dominación, la opresión o el extractivismo, sino en la cooperación, la interdependencia y el cuidado de la vida.</p>



<p class="wp-block-paragraph">Aparece también una escena del exterior, que se hace cada vez más nítida: mi mano, con el vestigio de pintura en las uñas, actuando como una metáfora de la pertenencia al mundo contemporáneo, en una dialéctica entre el estar y el intervenir, generando una paradoja visual. Como afirma Puleo (2011), pertenecemos a la naturaleza y a la cultura.</p>



<p class="wp-block-paragraph">La música tiene una progresión de acordes larga, con distintas sonoridades que enfatizan la idea de cambio. Las varias etapas que tiene, siempre vuelven al principio generando una repetición que se alinea con la idea de ciclo.</p>



<p class="wp-block-paragraph">Cada fotograma registra un momento irrepetible, es el testigo de lo ocurrido en el tiempo, capturando el aura de la obra, construyendo un relato inacabado.</p>



<p class="wp-block-paragraph">Referencias.</p>



<p class="wp-block-paragraph">Puleo, A. (2011). <em>Ecofeminismo para otro mundo posible.</em> Cátedra.</p>



<p class="wp-block-paragraph">Rancière, J. (2011). <em>El destino de las imágenes.</em> Prometeo.</p>



<p class="wp-block-paragraph"></p>



<p class="wp-block-paragraph"></p>

<p>Las imágenes que se suceden, son registros visuales del proceso de la vida presente en unas biocajas que generé en</p>

<!-- This site is optimized with the Yoast SEO plugin v27.4 - https://yoast.com/product/yoast-seo-wordpress/ -->
<title>Mundo interior - PROYECTOR</title>
<meta name="robots" content="index, follow, max-snippet:-1, max-image-preview:large, max-video-preview:-1" />
<link rel="canonical" href="https://proyector.info/obra/mundo-interior/" />
<meta property="og:locale" content="en_US" />
<meta property="og:type" content="article" />
<meta property="og:title" content="Mundo interior - PROYECTOR" />
<meta property="og:description" content="Las imágenes que se suceden, son registros visuales del proceso de la vida presente en unas biocajas que generé en" />
<meta property="og:url" content="https://proyector.info/obra/mundo-interior/" />
<meta property="og:site_name" content="PROYECTOR" />
<meta property="article:publisher" content="https://www.facebook.com/proyectorvideoartfestival/" />
<meta property="article:modified_time" content="2026-09-02T23:02:31+00:00" />
<meta property="og:image" content="https://proyector.info/wp-content/uploads/2026/08/Adentro-hay-un-rio_Elisa-Rios_Mundo-interior.jpg" />
	<meta property="og:image:width" content="1920" />
	<meta property="og:image:height" content="1080" />
	<meta property="og:image:type" content="image/jpeg" />
<meta name="twitter:card" content="summary_large_image" />
<meta name="twitter:site" content="@PROYECTOR_fest" />
<meta name="twitter:label1" content="Est. reading time" />
	<meta name="twitter:data1" content="2 minutes" />
<script type="application/ld+json" class="yoast-schema-graph">{"@context":"https:\/\/schema.org","@graph":[{"@type":"WebPage","@id":"https:\/\/proyector.info\/obra\/mundo-interior\/","url":"https:\/\/proyector.info\/obra\/mundo-interior\/","name":"Mundo interior - PROYECTOR","isPartOf":{"@id":"https:\/\/proyector.info\/en\/#website"},"primaryImageOfPage":{"@id":"https:\/\/proyector.info\/obra\/mundo-interior\/#primaryimage"},"image":{"@id":"https:\/\/proyector.info\/obra\/mundo-interior\/#primaryimage"},"thumbnailUrl":"https:\/\/proyector.info\/wp-content\/uploads\/2026\/08\/Adentro-hay-un-rio_Elisa-Rios_Mundo-interior.jpg","datePublished":"2026-08-26T22:56:08+00:00","dateModified":"2026-09-02T23:02:31+00:00","breadcrumb":{"@id":"https:\/\/proyector.info\/obra\/mundo-interior\/#breadcrumb"},"inLanguage":"en-US","potentialAction":[{"@type":"ReadAction","target":["https:\/\/proyector.info\/obra\/mundo-interior\/"]}]},{"@type":"ImageObject","inLanguage":"en-US","@id":"https:\/\/proyector.info\/obra\/mundo-interior\/#primaryimage","url":"https:\/\/proyector.info\/wp-content\/uploads\/2026\/08\/Adentro-hay-un-rio_Elisa-Rios_Mundo-interior.jpg","contentUrl":"https:\/\/proyector.info\/wp-content\/uploads\/2026\/08\/Adentro-hay-un-rio_Elisa-Rios_Mundo-interior.jpg","width":1920,"height":1080},{"@type":"BreadcrumbList","@id":"https:\/\/proyector.info\/obra\/mundo-interior\/#breadcrumb","itemListElement":[{"@type":"ListItem","position":1,"name":"Portada","item":"https:\/\/proyector.info\/en\/"},{"@type":"ListItem","position":2,"name":"Obras","item":"https:\/\/proyector.info\/works\/"},{"@type":"ListItem","position":3,"name":"Mundo interior"}]},{"@type":"WebSite","@id":"https:\/\/proyector.info\/en\/#website","url":"https:\/\/proyector.info\/en\/","name":"PROYECTOR","description":"Plataforma de Imagen en Movimiento","publisher":{"@id":"https:\/\/proyector.info\/en\/#organization"},"potentialAction":[{"@type":"SearchAction","target":{"@type":"EntryPoint","urlTemplate":"https:\/\/proyector.info\/en\/?s={search_term_string}"},"query-input":{"@type":"PropertyValueSpecification","valueRequired":true,"valueName":"search_term_string"}}],"inLanguage":"en-US"},{"@type":"Organization","@id":"https:\/\/proyector.info\/en\/#organization","name":"PROYECTOR","url":"https:\/\/proyector.info\/en\/","logo":{"@type":"ImageObject","inLanguage":"en-US","@id":"https:\/\/proyector.info\/en\/#\/schema\/logo\/image\/","url":"https:\/\/proyector.info\/wp-content\/uploads\/2025\/07\/cropped-proyector_icono.png","contentUrl":"https:\/\/proyector.info\/wp-content\/uploads\/2025\/07\/cropped-proyector_icono.png","width":512,"height":512,"caption":"PROYECTOR"},"image":{"@id":"https:\/\/proyector.info\/en\/#\/schema\/logo\/image\/"},"sameAs":["https:\/\/www.facebook.com\/proyectorvideoartfestival\/","https:\/\/x.com\/PROYECTOR_fest","https:\/\/www.instagram.com\/proyector_videoartplatform\/","https:\/\/www.tiktok.com\/@proyector_fest","https:\/\/www.youtube.com\/user\/proyectorvideoart","https:\/\/vimeo.com\/proyectorvideoart","https:\/\/www.linkedin.com\/company\/proyector\/"]}]}</script>
<!-- / Yoast SEO plugin. -->

Las imágenes que se suceden, son registros visuales del proceso de la vida presente en unas biocajas que generé en
