{"id":24302,"date":"2026-08-26T19:35:40","date_gmt":"2026-08-26T17:35:40","guid":{"rendered":"https:\/\/proyector.info\/?post_type=movie&#038;p=24302"},"modified":"2026-08-26T19:35:41","modified_gmt":"2026-08-26T17:35:41","slug":"la-ropa-mojada-en-mi","status":"publish","type":"movie","link":"https:\/\/proyector.info\/en\/work\/la-ropa-mojada-en-mi\/","title":{"rendered":"La ropa mojada en m\u00ed"},"content":{"rendered":"\n<p class=\"wp-block-paragraph\">Tender la ropa es uno de esos gestos invisibles que sostienen la vida.\u00a0<br>Durante tres a\u00f1os convert\u00ed ese gesto en un ritual y transform\u00e9 esta acci\u00f3n en una pr\u00e1ctica de observaci\u00f3n sobre la creatividad en relaci\u00f3n con el cuerpo en movimiento.<br>\u00a1Intuir, experimentar y transitar un duelo fueron las bases de este proceso creativo.\u00a0<br>Mi ceremonia, tras tender la ropa, era detenerme un instante, ocupar el lugar de una prenda, olvidar las \u00f3rdenes de mi mente y esperar a ser movida por el viento. O la quietud; y experimentar, tambi\u00e9n, el no movimiento para encontrar en \u00e9l, el impulso de mi propia naturaleza.\u00a0<br>Este video poema es el fruto de mi investigaci\u00f3n sobre la creatividad como estado de consciencia. Y de preguntarme:\u00bfY si dejo de moverme a voluntad para dejar que la vida me mueva, que sea el cuerpo quien me gu\u00ede, no mis pensamientos?<br>Creo, por mi propia experiencia, que la creatividad no nace solo de la imaginaci\u00f3n o de la habilidad de relacionar conceptos. Sino de la capacidad de sentir, de percibir el mundo, de aumentar la atenci\u00f3n y de desarrollar una relaci\u00f3n m\u00e1s \u00edntima con el cuerpo y con el estado de presencia.<br>Vivimos en una cultura que premia la velocidad, el rendimiento y la productividad. En este proyecto investigu\u00e9 otra posibilidad: detenerme para habitar el cuerpo y recuperar la capacidad de sentirme afectada.<br>Creo en el cuerpo, esa otra inteligencia que nos permite abrirnos a la percepci\u00f3n, en aquello que emerge cuando dejamos de imponer una forma y escuchamos sin prejuicios.\u00a0<br>Soy toalla mojada, calcet\u00edn descosido, un jersey que pica. Y desde ah\u00ed encontrar una nueva predisposici\u00f3n para crear. La creatividad no aparece solo cuando buscamos respuestas, sino cuando ampliamos nuestra capacidad de asombro.<br>Convertirme en ropa tendida e\u00a0invocar el movimiento\u00a0es una pr\u00e1ctica de disponibilidad. Un ejercicio de atenci\u00f3n. Una forma de recordar que tambi\u00e9n somos materia sensible. Y el movimiento y la creatividad, nos transforma.<br>Desde entonces, antes de cualquier proceso creativo, no me pregunto qu\u00e9 quiero hacer. Me pregunto: \u00bfA qu\u00e9 estoy disponible, hoy?<br>Si el cos no hi \u00e9s, la idea no neix!<br>Sin cuerpo no hay presencia. Sin presencia no hay creaci\u00f3n.<br>Anna Guasch Vandell\u00f2s<br>Creaci\u00f3n de 2026<\/p>\n","protected":false},"excerpt":{"rendered":"<p>Tender la ropa es uno de esos gestos invisibles que sostienen la vida.\u00a0Durante tres a\u00f1os convert\u00ed ese gesto en un<\/p>\n","protected":false},"author":3,"featured_media":24303,"template":"","meta":[],"movie_genre":[],"movie_tag":[],"class_list":["post-24302","movie","type-movie","status-publish","has-post-thumbnail","hentry"],"yoast_head":"<!-- This site is optimized with the Yoast SEO plugin v27.4 - https:\/\/yoast.com\/product\/yoast-seo-wordpress\/ -->\n<title>La ropa mojada en m\u00ed - PROYECTOR<\/title>\n<meta name=\"robots\" content=\"index, follow, max-snippet:-1, max-image-preview:large, max-video-preview:-1\" \/>\n<link rel=\"canonical\" href=\"https:\/\/proyector.info\/obra\/la-ropa-mojada-en-mi\/\" \/>\n<meta property=\"og:locale\" content=\"en_US\" \/>\n<meta property=\"og:type\" content=\"article\" \/>\n<meta property=\"og:title\" content=\"La ropa mojada en m\u00ed - PROYECTOR\" \/>\n<meta property=\"og:description\" content=\"Tender la ropa es uno de esos gestos invisibles que sostienen la vida.\u00a0Durante tres a\u00f1os convert\u00ed ese gesto en un\" \/>\n<meta property=\"og:url\" content=\"https:\/\/proyector.info\/obra\/la-ropa-mojada-en-mi\/\" \/>\n<meta property=\"og:site_name\" content=\"PROYECTOR\" \/>\n<meta property=\"article:publisher\" content=\"https:\/\/www.facebook.com\/proyectorvideoartfestival\/\" \/>\n<meta property=\"article:modified_time\" content=\"2026-08-26T17:35:41+00:00\" \/>\n<meta property=\"og:image\" content=\"https:\/\/proyector.info\/wp-content\/uploads\/2026\/08\/unnamed-2.jpg\" \/>\n\t<meta property=\"og:image:width\" content=\"920\" \/>\n\t<meta property=\"og:image:height\" content=\"1640\" \/>\n\t<meta property=\"og:image:type\" content=\"image\/jpeg\" \/>\n<meta name=\"twitter:card\" content=\"summary_large_image\" \/>\n<meta name=\"twitter:site\" content=\"@PROYECTOR_fest\" \/>\n<meta name=\"twitter:label1\" content=\"Est. reading time\" \/>\n\t<meta name=\"twitter:data1\" content=\"2 minutes\" \/>\n<script type=\"application\/ld+json\" class=\"yoast-schema-graph\">{\"@context\":\"https:\\\/\\\/schema.org\",\"@graph\":[{\"@type\":\"WebPage\",\"@id\":\"https:\\\/\\\/proyector.info\\\/obra\\\/la-ropa-mojada-en-mi\\\/\",\"url\":\"https:\\\/\\\/proyector.info\\\/obra\\\/la-ropa-mojada-en-mi\\\/\",\"name\":\"La ropa mojada en m\u00ed - PROYECTOR\",\"isPartOf\":{\"@id\":\"https:\\\/\\\/proyector.info\\\/en\\\/#website\"},\"primaryImageOfPage\":{\"@id\":\"https:\\\/\\\/proyector.info\\\/obra\\\/la-ropa-mojada-en-mi\\\/#primaryimage\"},\"image\":{\"@id\":\"https:\\\/\\\/proyector.info\\\/obra\\\/la-ropa-mojada-en-mi\\\/#primaryimage\"},\"thumbnailUrl\":\"https:\\\/\\\/proyector.info\\\/wp-content\\\/uploads\\\/2026\\\/08\\\/unnamed-2.jpg\",\"datePublished\":\"2026-08-26T17:35:40+00:00\",\"dateModified\":\"2026-08-26T17:35:41+00:00\",\"breadcrumb\":{\"@id\":\"https:\\\/\\\/proyector.info\\\/obra\\\/la-ropa-mojada-en-mi\\\/#breadcrumb\"},\"inLanguage\":\"en-US\",\"potentialAction\":[{\"@type\":\"ReadAction\",\"target\":[\"https:\\\/\\\/proyector.info\\\/obra\\\/la-ropa-mojada-en-mi\\\/\"]}]},{\"@type\":\"ImageObject\",\"inLanguage\":\"en-US\",\"@id\":\"https:\\\/\\\/proyector.info\\\/obra\\\/la-ropa-mojada-en-mi\\\/#primaryimage\",\"url\":\"https:\\\/\\\/proyector.info\\\/wp-content\\\/uploads\\\/2026\\\/08\\\/unnamed-2.jpg\",\"contentUrl\":\"https:\\\/\\\/proyector.info\\\/wp-content\\\/uploads\\\/2026\\\/08\\\/unnamed-2.jpg\",\"width\":920,\"height\":1640},{\"@type\":\"BreadcrumbList\",\"@id\":\"https:\\\/\\\/proyector.info\\\/obra\\\/la-ropa-mojada-en-mi\\\/#breadcrumb\",\"itemListElement\":[{\"@type\":\"ListItem\",\"position\":1,\"name\":\"Portada\",\"item\":\"https:\\\/\\\/proyector.info\\\/en\\\/\"},{\"@type\":\"ListItem\",\"position\":2,\"name\":\"Obras\",\"item\":\"https:\\\/\\\/proyector.info\\\/works\\\/\"},{\"@type\":\"ListItem\",\"position\":3,\"name\":\"La ropa mojada en m\u00ed\"}]},{\"@type\":\"WebSite\",\"@id\":\"https:\\\/\\\/proyector.info\\\/en\\\/#website\",\"url\":\"https:\\\/\\\/proyector.info\\\/en\\\/\",\"name\":\"PROYECTOR\",\"description\":\"Plataforma de Imagen en Movimiento\",\"publisher\":{\"@id\":\"https:\\\/\\\/proyector.info\\\/en\\\/#organization\"},\"potentialAction\":[{\"@type\":\"SearchAction\",\"target\":{\"@type\":\"EntryPoint\",\"urlTemplate\":\"https:\\\/\\\/proyector.info\\\/en\\\/?s={search_term_string}\"},\"query-input\":{\"@type\":\"PropertyValueSpecification\",\"valueRequired\":true,\"valueName\":\"search_term_string\"}}],\"inLanguage\":\"en-US\"},{\"@type\":\"Organization\",\"@id\":\"https:\\\/\\\/proyector.info\\\/en\\\/#organization\",\"name\":\"PROYECTOR\",\"url\":\"https:\\\/\\\/proyector.info\\\/en\\\/\",\"logo\":{\"@type\":\"ImageObject\",\"inLanguage\":\"en-US\",\"@id\":\"https:\\\/\\\/proyector.info\\\/en\\\/#\\\/schema\\\/logo\\\/image\\\/\",\"url\":\"https:\\\/\\\/proyector.info\\\/wp-content\\\/uploads\\\/2025\\\/07\\\/cropped-proyector_icono.png\",\"contentUrl\":\"https:\\\/\\\/proyector.info\\\/wp-content\\\/uploads\\\/2025\\\/07\\\/cropped-proyector_icono.png\",\"width\":512,\"height\":512,\"caption\":\"PROYECTOR\"},\"image\":{\"@id\":\"https:\\\/\\\/proyector.info\\\/en\\\/#\\\/schema\\\/logo\\\/image\\\/\"},\"sameAs\":[\"https:\\\/\\\/www.facebook.com\\\/proyectorvideoartfestival\\\/\",\"https:\\\/\\\/x.com\\\/PROYECTOR_fest\",\"https:\\\/\\\/www.instagram.com\\\/proyector_videoartplatform\\\/\",\"https:\\\/\\\/www.tiktok.com\\\/@proyector_fest\",\"https:\\\/\\\/www.youtube.com\\\/user\\\/proyectorvideoart\",\"https:\\\/\\\/vimeo.com\\\/proyectorvideoart\",\"https:\\\/\\\/www.linkedin.com\\\/company\\\/proyector\\\/\"]}]}<\/script>\n<!-- \/ Yoast SEO plugin. -->","yoast_head_json":{"title":"La ropa mojada en m\u00ed - PROYECTOR","robots":{"index":"index","follow":"follow","max-snippet":"max-snippet:-1","max-image-preview":"max-image-preview:large","max-video-preview":"max-video-preview:-1"},"canonical":"https:\/\/proyector.info\/obra\/la-ropa-mojada-en-mi\/","og_locale":"en_US","og_type":"article","og_title":"La ropa mojada en m\u00ed - PROYECTOR","og_description":"Tender la ropa es uno de esos gestos invisibles que sostienen la vida.\u00a0Durante tres a\u00f1os convert\u00ed ese gesto en un","og_url":"https:\/\/proyector.info\/obra\/la-ropa-mojada-en-mi\/","og_site_name":"PROYECTOR","article_publisher":"https:\/\/www.facebook.com\/proyectorvideoartfestival\/","article_modified_time":"2026-08-26T17:35:41+00:00","og_image":[{"width":920,"height":1640,"url":"https:\/\/proyector.info\/wp-content\/uploads\/2026\/08\/unnamed-2.jpg","type":"image\/jpeg"}],"twitter_card":"summary_large_image","twitter_site":"@PROYECTOR_fest","twitter_misc":{"Est. reading time":"2 minutes"},"schema":{"@context":"https:\/\/schema.org","@graph":[{"@type":"WebPage","@id":"https:\/\/proyector.info\/obra\/la-ropa-mojada-en-mi\/","url":"https:\/\/proyector.info\/obra\/la-ropa-mojada-en-mi\/","name":"La ropa mojada en m\u00ed - PROYECTOR","isPartOf":{"@id":"https:\/\/proyector.info\/en\/#website"},"primaryImageOfPage":{"@id":"https:\/\/proyector.info\/obra\/la-ropa-mojada-en-mi\/#primaryimage"},"image":{"@id":"https:\/\/proyector.info\/obra\/la-ropa-mojada-en-mi\/#primaryimage"},"thumbnailUrl":"https:\/\/proyector.info\/wp-content\/uploads\/2026\/08\/unnamed-2.jpg","datePublished":"2026-08-26T17:35:40+00:00","dateModified":"2026-08-26T17:35:41+00:00","breadcrumb":{"@id":"https:\/\/proyector.info\/obra\/la-ropa-mojada-en-mi\/#breadcrumb"},"inLanguage":"en-US","potentialAction":[{"@type":"ReadAction","target":["https:\/\/proyector.info\/obra\/la-ropa-mojada-en-mi\/"]}]},{"@type":"ImageObject","inLanguage":"en-US","@id":"https:\/\/proyector.info\/obra\/la-ropa-mojada-en-mi\/#primaryimage","url":"https:\/\/proyector.info\/wp-content\/uploads\/2026\/08\/unnamed-2.jpg","contentUrl":"https:\/\/proyector.info\/wp-content\/uploads\/2026\/08\/unnamed-2.jpg","width":920,"height":1640},{"@type":"BreadcrumbList","@id":"https:\/\/proyector.info\/obra\/la-ropa-mojada-en-mi\/#breadcrumb","itemListElement":[{"@type":"ListItem","position":1,"name":"Portada","item":"https:\/\/proyector.info\/en\/"},{"@type":"ListItem","position":2,"name":"Obras","item":"https:\/\/proyector.info\/works\/"},{"@type":"ListItem","position":3,"name":"La ropa mojada en m\u00ed"}]},{"@type":"WebSite","@id":"https:\/\/proyector.info\/en\/#website","url":"https:\/\/proyector.info\/en\/","name":"PROYECTOR","description":"Plataforma de Imagen en Movimiento","publisher":{"@id":"https:\/\/proyector.info\/en\/#organization"},"potentialAction":[{"@type":"SearchAction","target":{"@type":"EntryPoint","urlTemplate":"https:\/\/proyector.info\/en\/?s={search_term_string}"},"query-input":{"@type":"PropertyValueSpecification","valueRequired":true,"valueName":"search_term_string"}}],"inLanguage":"en-US"},{"@type":"Organization","@id":"https:\/\/proyector.info\/en\/#organization","name":"PROYECTOR","url":"https:\/\/proyector.info\/en\/","logo":{"@type":"ImageObject","inLanguage":"en-US","@id":"https:\/\/proyector.info\/en\/#\/schema\/logo\/image\/","url":"https:\/\/proyector.info\/wp-content\/uploads\/2025\/07\/cropped-proyector_icono.png","contentUrl":"https:\/\/proyector.info\/wp-content\/uploads\/2025\/07\/cropped-proyector_icono.png","width":512,"height":512,"caption":"PROYECTOR"},"image":{"@id":"https:\/\/proyector.info\/en\/#\/schema\/logo\/image\/"},"sameAs":["https:\/\/www.facebook.com\/proyectorvideoartfestival\/","https:\/\/x.com\/PROYECTOR_fest","https:\/\/www.instagram.com\/proyector_videoartplatform\/","https:\/\/www.tiktok.com\/@proyector_fest","https:\/\/www.youtube.com\/user\/proyectorvideoart","https:\/\/vimeo.com\/proyectorvideoart","https:\/\/www.linkedin.com\/company\/proyector\/"]}]}},"_links":{"self":[{"href":"https:\/\/proyector.info\/en\/wp-json\/wp\/v2\/movie\/24302","targetHints":{"allow":["GET"]}}],"collection":[{"href":"https:\/\/proyector.info\/en\/wp-json\/wp\/v2\/movie"}],"about":[{"href":"https:\/\/proyector.info\/en\/wp-json\/wp\/v2\/types\/movie"}],"author":[{"embeddable":true,"href":"https:\/\/proyector.info\/en\/wp-json\/wp\/v2\/users\/3"}],"wp:featuredmedia":[{"embeddable":true,"href":"https:\/\/proyector.info\/en\/wp-json\/wp\/v2\/media\/24303"}],"wp:attachment":[{"href":"https:\/\/proyector.info\/en\/wp-json\/wp\/v2\/media?parent=24302"}],"wp:term":[{"taxonomy":"movie_genre","embeddable":true,"href":"https:\/\/proyector.info\/en\/wp-json\/wp\/v2\/movie_genre?post=24302"},{"taxonomy":"movie_tag","embeddable":true,"href":"https:\/\/proyector.info\/en\/wp-json\/wp\/v2\/movie_tag?post=24302"}],"curies":[{"name":"wp","href":"https:\/\/api.w.org\/{rel}","templated":true}]}}

La ropa mojada en mí

<p class="wp-block-paragraph">Tender la ropa es uno de esos gestos invisibles que sostienen la vida. <br>Durante tres años convertí ese gesto en un ritual y transformé esta acción en una práctica de observación sobre la creatividad en relación con el cuerpo en movimiento.<br>¡Intuir, experimentar y transitar un duelo fueron las bases de este proceso creativo. <br>Mi ceremonia, tras tender la ropa, era detenerme un instante, ocupar el lugar de una prenda, olvidar las órdenes de mi mente y esperar a ser movida por el viento. O la quietud; y experimentar, también, el no movimiento para encontrar en él, el impulso de mi propia naturaleza. <br>Este video poema es el fruto de mi investigación sobre la creatividad como estado de consciencia. Y de preguntarme:¿Y si dejo de moverme a voluntad para dejar que la vida me mueva, que sea el cuerpo quien me guíe, no mis pensamientos?<br>Creo, por mi propia experiencia, que la creatividad no nace solo de la imaginación o de la habilidad de relacionar conceptos. Sino de la capacidad de sentir, de percibir el mundo, de aumentar la atención y de desarrollar una relación más íntima con el cuerpo y con el estado de presencia.<br>Vivimos en una cultura que premia la velocidad, el rendimiento y la productividad. En este proyecto investigué otra posibilidad: detenerme para habitar el cuerpo y recuperar la capacidad de sentirme afectada.<br>Creo en el cuerpo, esa otra inteligencia que nos permite abrirnos a la percepción, en aquello que emerge cuando dejamos de imponer una forma y escuchamos sin prejuicios. <br>Soy toalla mojada, calcetín descosido, un jersey que pica. Y desde ahí encontrar una nueva predisposición para crear. La creatividad no aparece solo cuando buscamos respuestas, sino cuando ampliamos nuestra capacidad de asombro.<br>Convertirme en ropa tendida e invocar el movimiento es una práctica de disponibilidad. Un ejercicio de atención. Una forma de recordar que también somos materia sensible. Y el movimiento y la creatividad, nos transforma.<br>Desde entonces, antes de cualquier proceso creativo, no me pregunto qué quiero hacer. Me pregunto: ¿A qué estoy disponible, hoy?<br>Si el cos no hi és, la idea no neix!<br>Sin cuerpo no hay presencia. Sin presencia no hay creación.<br>Anna Guasch Vandellòs<br>Creación de 2026</p>

<p>Tender la ropa es uno de esos gestos invisibles que sostienen la vida. Durante tres años convertí ese gesto en un</p>

<!-- This site is optimized with the Yoast SEO plugin v27.4 - https://yoast.com/product/yoast-seo-wordpress/ -->
<title>La ropa mojada en mí - PROYECTOR</title>
<meta name="robots" content="index, follow, max-snippet:-1, max-image-preview:large, max-video-preview:-1" />
<link rel="canonical" href="https://proyector.info/obra/la-ropa-mojada-en-mi/" />
<meta property="og:locale" content="en_US" />
<meta property="og:type" content="article" />
<meta property="og:title" content="La ropa mojada en mí - PROYECTOR" />
<meta property="og:description" content="Tender la ropa es uno de esos gestos invisibles que sostienen la vida. Durante tres años convertí ese gesto en un" />
<meta property="og:url" content="https://proyector.info/obra/la-ropa-mojada-en-mi/" />
<meta property="og:site_name" content="PROYECTOR" />
<meta property="article:publisher" content="https://www.facebook.com/proyectorvideoartfestival/" />
<meta property="article:modified_time" content="2026-08-26T17:35:41+00:00" />
<meta property="og:image" content="https://proyector.info/wp-content/uploads/2026/08/unnamed-2.jpg" />
	<meta property="og:image:width" content="920" />
	<meta property="og:image:height" content="1640" />
	<meta property="og:image:type" content="image/jpeg" />
<meta name="twitter:card" content="summary_large_image" />
<meta name="twitter:site" content="@PROYECTOR_fest" />
<meta name="twitter:label1" content="Est. reading time" />
	<meta name="twitter:data1" content="2 minutes" />
<script type="application/ld+json" class="yoast-schema-graph">{"@context":"https:\/\/schema.org","@graph":[{"@type":"WebPage","@id":"https:\/\/proyector.info\/obra\/la-ropa-mojada-en-mi\/","url":"https:\/\/proyector.info\/obra\/la-ropa-mojada-en-mi\/","name":"La ropa mojada en mí - PROYECTOR","isPartOf":{"@id":"https:\/\/proyector.info\/en\/#website"},"primaryImageOfPage":{"@id":"https:\/\/proyector.info\/obra\/la-ropa-mojada-en-mi\/#primaryimage"},"image":{"@id":"https:\/\/proyector.info\/obra\/la-ropa-mojada-en-mi\/#primaryimage"},"thumbnailUrl":"https:\/\/proyector.info\/wp-content\/uploads\/2026\/08\/unnamed-2.jpg","datePublished":"2026-08-26T17:35:40+00:00","dateModified":"2026-08-26T17:35:41+00:00","breadcrumb":{"@id":"https:\/\/proyector.info\/obra\/la-ropa-mojada-en-mi\/#breadcrumb"},"inLanguage":"en-US","potentialAction":[{"@type":"ReadAction","target":["https:\/\/proyector.info\/obra\/la-ropa-mojada-en-mi\/"]}]},{"@type":"ImageObject","inLanguage":"en-US","@id":"https:\/\/proyector.info\/obra\/la-ropa-mojada-en-mi\/#primaryimage","url":"https:\/\/proyector.info\/wp-content\/uploads\/2026\/08\/unnamed-2.jpg","contentUrl":"https:\/\/proyector.info\/wp-content\/uploads\/2026\/08\/unnamed-2.jpg","width":920,"height":1640},{"@type":"BreadcrumbList","@id":"https:\/\/proyector.info\/obra\/la-ropa-mojada-en-mi\/#breadcrumb","itemListElement":[{"@type":"ListItem","position":1,"name":"Portada","item":"https:\/\/proyector.info\/en\/"},{"@type":"ListItem","position":2,"name":"Obras","item":"https:\/\/proyector.info\/works\/"},{"@type":"ListItem","position":3,"name":"La ropa mojada en mí"}]},{"@type":"WebSite","@id":"https:\/\/proyector.info\/en\/#website","url":"https:\/\/proyector.info\/en\/","name":"PROYECTOR","description":"Plataforma de Imagen en Movimiento","publisher":{"@id":"https:\/\/proyector.info\/en\/#organization"},"potentialAction":[{"@type":"SearchAction","target":{"@type":"EntryPoint","urlTemplate":"https:\/\/proyector.info\/en\/?s={search_term_string}"},"query-input":{"@type":"PropertyValueSpecification","valueRequired":true,"valueName":"search_term_string"}}],"inLanguage":"en-US"},{"@type":"Organization","@id":"https:\/\/proyector.info\/en\/#organization","name":"PROYECTOR","url":"https:\/\/proyector.info\/en\/","logo":{"@type":"ImageObject","inLanguage":"en-US","@id":"https:\/\/proyector.info\/en\/#\/schema\/logo\/image\/","url":"https:\/\/proyector.info\/wp-content\/uploads\/2025\/07\/cropped-proyector_icono.png","contentUrl":"https:\/\/proyector.info\/wp-content\/uploads\/2025\/07\/cropped-proyector_icono.png","width":512,"height":512,"caption":"PROYECTOR"},"image":{"@id":"https:\/\/proyector.info\/en\/#\/schema\/logo\/image\/"},"sameAs":["https:\/\/www.facebook.com\/proyectorvideoartfestival\/","https:\/\/x.com\/PROYECTOR_fest","https:\/\/www.instagram.com\/proyector_videoartplatform\/","https:\/\/www.tiktok.com\/@proyector_fest","https:\/\/www.youtube.com\/user\/proyectorvideoart","https:\/\/vimeo.com\/proyectorvideoart","https:\/\/www.linkedin.com\/company\/proyector\/"]}]}</script>
<!-- / Yoast SEO plugin. -->

La ropa mojada en mí - PROYECTOR

Tender la ropa es uno de esos gestos invisibles que sostienen la vida. Durante tres años convertí ese gesto en un
