{"id":20212,"date":"2026-02-27T01:11:12","date_gmt":"2026-02-27T00:11:12","guid":{"rendered":"https:\/\/proyector.info\/?post_type=movie&#038;p=20212"},"modified":"2026-02-27T10:05:11","modified_gmt":"2026-02-27T09:05:11","slug":"onhairwomen","status":"publish","type":"movie","link":"https:\/\/proyector.info\/en\/work\/onhairwomen\/","title":{"rendered":"OnHair(&amp;women)"},"content":{"rendered":"\n<p class=\"wp-block-paragraph\">V\u00eddeo<br>2025<\/p>\n\n\n\n<p class=\"wp-block-paragraph\">Era el mes de diciembre de 2014, paseaba por la plaza Victor Hugo de Par\u00eds, cuando vi a esta se\u00f1ora e instant\u00e1neamente decid\u00ed seguirla hasta poder retratarla. Dimos la vuelta a la plaza, giramos ligeramente a la derecha, me fij\u00e9 en una obra, y tan r\u00e1pido como pude, le hice la foto antes de que fuera demasiado tarde. As\u00ed empez\u00f3 mi obsesi\u00f3n por las mujeres y su pelo.<\/p>\n\n\n\n<p class=\"wp-block-paragraph\">De ni\u00f1a era t\u00edmida. Ten\u00eda el pelo largo, detr\u00e1s del cual escond\u00eda mi cara. De adolescente, me lo cort\u00e9 muy corto, copiando ciegamente lo que hac\u00eda mi hermana mayor, y lo odiaba. Recuerdo que una vez, actuando en un recital de piano, lo primero que me dijo mi hermano al acabar fue: \u00abAlguien te ha llamado t\u00edo con vestido\u00bb.<\/p>\n\n\n\n<p class=\"wp-block-paragraph\">Hoy, amo mi pelo: es una parte de m\u00ed que no puedo pensar en perder, me da poder, me viste, expresa lo que siento en cada momento de mi vida.<\/p>\n\n\n\n<p class=\"wp-block-paragraph\">Me he encontrado deambulando por las calles parisinas, mirando a mi alrededor cada vez que me cruzaba con una mujer y comprobaba su peinado. Cada una tiene su esp\u00edritu, su identidad. Dice mucho de la persona sin siquiera revelar su rostro. En nuestras sociedades en las que las mujeres sucumben a menudo a la cirug\u00eda est\u00e9tica, intento encontrar un v\u00ednculo com\u00fan a todas nosotras, el cabello, \u00bfqu\u00e9 representa? Esta serie empez\u00f3 en Par\u00eds, porque vivo all\u00ed. Seguramente hay un efecto cultural y social debido a la propia ciudad. Las personas fotografiadas en la calle no son necesariamente francesas ni parisinas. El anonimato en el momento de la toma es crucial. Hay en este gesto, una cierta simbiosis entre mi acto y mi sujeto.<\/p>\n\n\n\n<p class=\"wp-block-paragraph\">Paralelamente a estas fotos de calle, prosigo este estudio entrevistando a otros candidatos, cada uno con una historia que contar, esta vez tomada y encontrada en su espacio \u00edntimo. El trabajo es una especie de introspecci\u00f3n, otra forma de entender a la mujer de hoy: \u00bfqu\u00e9 nos convierte en mujer? \u00bfC\u00f3mo nos enfrentamos a las normas dentro de una sociedad cuando nos vemos obligadas a perder uno de nuestros rasgos femeninos? \u00bfPodemos tener un aspecto diferente y ser aceptadas? \u00bfQu\u00e9 bagaje cultural aporta el pelo a nuestra identidad? \u00bfDelata qui\u00e9nes somos, de d\u00f3nde venimos? \u00bfY la edad? \u00bfTodos damos la bienvenida a nuestros cabellos blancos? \u00bfEs el pelo largo o corto un signo de nuestro g\u00e9nero y orientaci\u00f3n sexual?<\/p>\n\n\n\n<p class=\"wp-block-paragraph\">A trav\u00e9s de estas preguntas y de las personas a las que seguir\u00e9 fotografiando, mi esperanza es romper algunas de estas normas convencionales que nos afectan a todos, hombres o mujeres, donde la mayor\u00eda de las veces acabamos atascados, sin saber qui\u00e9nes somos, s\u00f3lo porque no encajamos.<\/p>\n\n\n\n<h1 class=\"wp-block-heading\"><\/h1>\n\n\n\n<p class=\"wp-block-paragraph\"><\/p>\n","protected":false},"excerpt":{"rendered":"<p>V\u00eddeo2025 Era el mes de diciembre de 2014, paseaba por la plaza Victor Hugo de Par\u00eds, cuando vi a esta<\/p>\n","protected":false},"author":3,"featured_media":20197,"template":"","meta":[],"movie_genre":[1120,733,343],"movie_tag":[1112,1119],"class_list":["post-20212","movie","type-movie","status-publish","has-post-thumbnail","hentry","movie_genre-obliquo","movie_genre-vertical","movie_genre-video-es","movie_tag-hybrid2026","movie_tag-obliquo"],"yoast_head":"<!-- This site is optimized with the Yoast SEO plugin v27.4 - https:\/\/yoast.com\/product\/yoast-seo-wordpress\/ -->\n<title>OnHair(&amp;women) - PROYECTOR<\/title>\n<meta name=\"robots\" content=\"index, follow, max-snippet:-1, max-image-preview:large, max-video-preview:-1\" \/>\n<link rel=\"canonical\" href=\"https:\/\/proyector.info\/obra\/onhairwomen\/\" \/>\n<meta property=\"og:locale\" content=\"en_US\" \/>\n<meta property=\"og:type\" content=\"article\" \/>\n<meta property=\"og:title\" content=\"OnHair(&amp;women) - PROYECTOR\" \/>\n<meta property=\"og:description\" content=\"V\u00eddeo2025 Era el mes de diciembre de 2014, paseaba por la plaza Victor Hugo de Par\u00eds, cuando vi a esta\" \/>\n<meta property=\"og:url\" content=\"https:\/\/proyector.info\/obra\/onhairwomen\/\" \/>\n<meta property=\"og:site_name\" content=\"PROYECTOR\" \/>\n<meta property=\"article:publisher\" content=\"https:\/\/www.facebook.com\/proyectorvideoartfestival\/\" \/>\n<meta property=\"article:modified_time\" content=\"2026-02-27T09:05:11+00:00\" \/>\n<meta property=\"og:image\" content=\"https:\/\/proyector.info\/wp-content\/uploads\/2026\/02\/CAN_OnHairWomen_08.jpg\" \/>\n\t<meta property=\"og:image:width\" content=\"682\" \/>\n\t<meta property=\"og:image:height\" content=\"1024\" \/>\n\t<meta property=\"og:image:type\" content=\"image\/jpeg\" \/>\n<meta name=\"twitter:card\" content=\"summary_large_image\" \/>\n<meta name=\"twitter:site\" content=\"@PROYECTOR_fest\" \/>\n<meta name=\"twitter:label1\" content=\"Est. reading time\" \/>\n\t<meta name=\"twitter:data1\" content=\"3 minutes\" \/>\n<script type=\"application\/ld+json\" class=\"yoast-schema-graph\">{\"@context\":\"https:\\\/\\\/schema.org\",\"@graph\":[{\"@type\":\"WebPage\",\"@id\":\"https:\\\/\\\/proyector.info\\\/obra\\\/onhairwomen\\\/\",\"url\":\"https:\\\/\\\/proyector.info\\\/obra\\\/onhairwomen\\\/\",\"name\":\"OnHair(&amp;women) - PROYECTOR\",\"isPartOf\":{\"@id\":\"https:\\\/\\\/proyector.info\\\/en\\\/#website\"},\"primaryImageOfPage\":{\"@id\":\"https:\\\/\\\/proyector.info\\\/obra\\\/onhairwomen\\\/#primaryimage\"},\"image\":{\"@id\":\"https:\\\/\\\/proyector.info\\\/obra\\\/onhairwomen\\\/#primaryimage\"},\"thumbnailUrl\":\"https:\\\/\\\/proyector.info\\\/wp-content\\\/uploads\\\/2026\\\/02\\\/CAN_OnHairWomen_08.jpg\",\"datePublished\":\"2026-02-27T00:11:12+00:00\",\"dateModified\":\"2026-02-27T09:05:11+00:00\",\"breadcrumb\":{\"@id\":\"https:\\\/\\\/proyector.info\\\/obra\\\/onhairwomen\\\/#breadcrumb\"},\"inLanguage\":\"en-US\",\"potentialAction\":[{\"@type\":\"ReadAction\",\"target\":[\"https:\\\/\\\/proyector.info\\\/obra\\\/onhairwomen\\\/\"]}]},{\"@type\":\"ImageObject\",\"inLanguage\":\"en-US\",\"@id\":\"https:\\\/\\\/proyector.info\\\/obra\\\/onhairwomen\\\/#primaryimage\",\"url\":\"https:\\\/\\\/proyector.info\\\/wp-content\\\/uploads\\\/2026\\\/02\\\/CAN_OnHairWomen_08.jpg\",\"contentUrl\":\"https:\\\/\\\/proyector.info\\\/wp-content\\\/uploads\\\/2026\\\/02\\\/CAN_OnHairWomen_08.jpg\",\"width\":682,\"height\":1024},{\"@type\":\"BreadcrumbList\",\"@id\":\"https:\\\/\\\/proyector.info\\\/obra\\\/onhairwomen\\\/#breadcrumb\",\"itemListElement\":[{\"@type\":\"ListItem\",\"position\":1,\"name\":\"Portada\",\"item\":\"https:\\\/\\\/proyector.info\\\/en\\\/\"},{\"@type\":\"ListItem\",\"position\":2,\"name\":\"Obras\",\"item\":\"https:\\\/\\\/proyector.info\\\/works\\\/\"},{\"@type\":\"ListItem\",\"position\":3,\"name\":\"OnHair(&amp;women)\"}]},{\"@type\":\"WebSite\",\"@id\":\"https:\\\/\\\/proyector.info\\\/en\\\/#website\",\"url\":\"https:\\\/\\\/proyector.info\\\/en\\\/\",\"name\":\"PROYECTOR\",\"description\":\"Plataforma de Imagen en Movimiento\",\"publisher\":{\"@id\":\"https:\\\/\\\/proyector.info\\\/en\\\/#organization\"},\"potentialAction\":[{\"@type\":\"SearchAction\",\"target\":{\"@type\":\"EntryPoint\",\"urlTemplate\":\"https:\\\/\\\/proyector.info\\\/en\\\/?s={search_term_string}\"},\"query-input\":{\"@type\":\"PropertyValueSpecification\",\"valueRequired\":true,\"valueName\":\"search_term_string\"}}],\"inLanguage\":\"en-US\"},{\"@type\":\"Organization\",\"@id\":\"https:\\\/\\\/proyector.info\\\/en\\\/#organization\",\"name\":\"PROYECTOR\",\"url\":\"https:\\\/\\\/proyector.info\\\/en\\\/\",\"logo\":{\"@type\":\"ImageObject\",\"inLanguage\":\"en-US\",\"@id\":\"https:\\\/\\\/proyector.info\\\/en\\\/#\\\/schema\\\/logo\\\/image\\\/\",\"url\":\"https:\\\/\\\/proyector.info\\\/wp-content\\\/uploads\\\/2025\\\/07\\\/cropped-proyector_icono.png\",\"contentUrl\":\"https:\\\/\\\/proyector.info\\\/wp-content\\\/uploads\\\/2025\\\/07\\\/cropped-proyector_icono.png\",\"width\":512,\"height\":512,\"caption\":\"PROYECTOR\"},\"image\":{\"@id\":\"https:\\\/\\\/proyector.info\\\/en\\\/#\\\/schema\\\/logo\\\/image\\\/\"},\"sameAs\":[\"https:\\\/\\\/www.facebook.com\\\/proyectorvideoartfestival\\\/\",\"https:\\\/\\\/x.com\\\/PROYECTOR_fest\",\"https:\\\/\\\/www.instagram.com\\\/proyector_videoartplatform\\\/\",\"https:\\\/\\\/www.tiktok.com\\\/@proyector_fest\",\"https:\\\/\\\/www.youtube.com\\\/user\\\/proyectorvideoart\",\"https:\\\/\\\/vimeo.com\\\/proyectorvideoart\",\"https:\\\/\\\/www.linkedin.com\\\/company\\\/proyector\\\/\"]}]}<\/script>\n<!-- \/ Yoast SEO plugin. -->","yoast_head_json":{"title":"OnHair(&amp;women) - PROYECTOR","robots":{"index":"index","follow":"follow","max-snippet":"max-snippet:-1","max-image-preview":"max-image-preview:large","max-video-preview":"max-video-preview:-1"},"canonical":"https:\/\/proyector.info\/obra\/onhairwomen\/","og_locale":"en_US","og_type":"article","og_title":"OnHair(&amp;women) - PROYECTOR","og_description":"V\u00eddeo2025 Era el mes de diciembre de 2014, paseaba por la plaza Victor Hugo de Par\u00eds, cuando vi a esta","og_url":"https:\/\/proyector.info\/obra\/onhairwomen\/","og_site_name":"PROYECTOR","article_publisher":"https:\/\/www.facebook.com\/proyectorvideoartfestival\/","article_modified_time":"2026-02-27T09:05:11+00:00","og_image":[{"width":682,"height":1024,"url":"https:\/\/proyector.info\/wp-content\/uploads\/2026\/02\/CAN_OnHairWomen_08.jpg","type":"image\/jpeg"}],"twitter_card":"summary_large_image","twitter_site":"@PROYECTOR_fest","twitter_misc":{"Est. reading time":"3 minutes"},"schema":{"@context":"https:\/\/schema.org","@graph":[{"@type":"WebPage","@id":"https:\/\/proyector.info\/obra\/onhairwomen\/","url":"https:\/\/proyector.info\/obra\/onhairwomen\/","name":"OnHair(&amp;women) - PROYECTOR","isPartOf":{"@id":"https:\/\/proyector.info\/en\/#website"},"primaryImageOfPage":{"@id":"https:\/\/proyector.info\/obra\/onhairwomen\/#primaryimage"},"image":{"@id":"https:\/\/proyector.info\/obra\/onhairwomen\/#primaryimage"},"thumbnailUrl":"https:\/\/proyector.info\/wp-content\/uploads\/2026\/02\/CAN_OnHairWomen_08.jpg","datePublished":"2026-02-27T00:11:12+00:00","dateModified":"2026-02-27T09:05:11+00:00","breadcrumb":{"@id":"https:\/\/proyector.info\/obra\/onhairwomen\/#breadcrumb"},"inLanguage":"en-US","potentialAction":[{"@type":"ReadAction","target":["https:\/\/proyector.info\/obra\/onhairwomen\/"]}]},{"@type":"ImageObject","inLanguage":"en-US","@id":"https:\/\/proyector.info\/obra\/onhairwomen\/#primaryimage","url":"https:\/\/proyector.info\/wp-content\/uploads\/2026\/02\/CAN_OnHairWomen_08.jpg","contentUrl":"https:\/\/proyector.info\/wp-content\/uploads\/2026\/02\/CAN_OnHairWomen_08.jpg","width":682,"height":1024},{"@type":"BreadcrumbList","@id":"https:\/\/proyector.info\/obra\/onhairwomen\/#breadcrumb","itemListElement":[{"@type":"ListItem","position":1,"name":"Portada","item":"https:\/\/proyector.info\/en\/"},{"@type":"ListItem","position":2,"name":"Obras","item":"https:\/\/proyector.info\/works\/"},{"@type":"ListItem","position":3,"name":"OnHair(&amp;women)"}]},{"@type":"WebSite","@id":"https:\/\/proyector.info\/en\/#website","url":"https:\/\/proyector.info\/en\/","name":"PROYECTOR","description":"Plataforma de Imagen en Movimiento","publisher":{"@id":"https:\/\/proyector.info\/en\/#organization"},"potentialAction":[{"@type":"SearchAction","target":{"@type":"EntryPoint","urlTemplate":"https:\/\/proyector.info\/en\/?s={search_term_string}"},"query-input":{"@type":"PropertyValueSpecification","valueRequired":true,"valueName":"search_term_string"}}],"inLanguage":"en-US"},{"@type":"Organization","@id":"https:\/\/proyector.info\/en\/#organization","name":"PROYECTOR","url":"https:\/\/proyector.info\/en\/","logo":{"@type":"ImageObject","inLanguage":"en-US","@id":"https:\/\/proyector.info\/en\/#\/schema\/logo\/image\/","url":"https:\/\/proyector.info\/wp-content\/uploads\/2025\/07\/cropped-proyector_icono.png","contentUrl":"https:\/\/proyector.info\/wp-content\/uploads\/2025\/07\/cropped-proyector_icono.png","width":512,"height":512,"caption":"PROYECTOR"},"image":{"@id":"https:\/\/proyector.info\/en\/#\/schema\/logo\/image\/"},"sameAs":["https:\/\/www.facebook.com\/proyectorvideoartfestival\/","https:\/\/x.com\/PROYECTOR_fest","https:\/\/www.instagram.com\/proyector_videoartplatform\/","https:\/\/www.tiktok.com\/@proyector_fest","https:\/\/www.youtube.com\/user\/proyectorvideoart","https:\/\/vimeo.com\/proyectorvideoart","https:\/\/www.linkedin.com\/company\/proyector\/"]}]}},"_links":{"self":[{"href":"https:\/\/proyector.info\/en\/wp-json\/wp\/v2\/movie\/20212","targetHints":{"allow":["GET"]}}],"collection":[{"href":"https:\/\/proyector.info\/en\/wp-json\/wp\/v2\/movie"}],"about":[{"href":"https:\/\/proyector.info\/en\/wp-json\/wp\/v2\/types\/movie"}],"author":[{"embeddable":true,"href":"https:\/\/proyector.info\/en\/wp-json\/wp\/v2\/users\/3"}],"wp:featuredmedia":[{"embeddable":true,"href":"https:\/\/proyector.info\/en\/wp-json\/wp\/v2\/media\/20197"}],"wp:attachment":[{"href":"https:\/\/proyector.info\/en\/wp-json\/wp\/v2\/media?parent=20212"}],"wp:term":[{"taxonomy":"movie_genre","embeddable":true,"href":"https:\/\/proyector.info\/en\/wp-json\/wp\/v2\/movie_genre?post=20212"},{"taxonomy":"movie_tag","embeddable":true,"href":"https:\/\/proyector.info\/en\/wp-json\/wp\/v2\/movie_tag?post=20212"}],"curies":[{"name":"wp","href":"https:\/\/api.w.org\/{rel}","templated":true}]}}

<p class="wp-block-paragraph">Vídeo<br>2025</p>



<p class="wp-block-paragraph">Era el mes de diciembre de 2014, paseaba por la plaza Victor Hugo de París, cuando vi a esta señora e instantáneamente decidí seguirla hasta poder retratarla. Dimos la vuelta a la plaza, giramos ligeramente a la derecha, me fijé en una obra, y tan rápido como pude, le hice la foto antes de que fuera demasiado tarde. Así empezó mi obsesión por las mujeres y su pelo.</p>



<p class="wp-block-paragraph">De niña era tímida. Tenía el pelo largo, detrás del cual escondía mi cara. De adolescente, me lo corté muy corto, copiando ciegamente lo que hacía mi hermana mayor, y lo odiaba. Recuerdo que una vez, actuando en un recital de piano, lo primero que me dijo mi hermano al acabar fue: «Alguien te ha llamado tío con vestido».</p>



<p class="wp-block-paragraph">Hoy, amo mi pelo: es una parte de mí que no puedo pensar en perder, me da poder, me viste, expresa lo que siento en cada momento de mi vida.</p>



<p class="wp-block-paragraph">Me he encontrado deambulando por las calles parisinas, mirando a mi alrededor cada vez que me cruzaba con una mujer y comprobaba su peinado. Cada una tiene su espíritu, su identidad. Dice mucho de la persona sin siquiera revelar su rostro. En nuestras sociedades en las que las mujeres sucumben a menudo a la cirugía estética, intento encontrar un vínculo común a todas nosotras, el cabello, ¿qué representa? Esta serie empezó en París, porque vivo allí. Seguramente hay un efecto cultural y social debido a la propia ciudad. Las personas fotografiadas en la calle no son necesariamente francesas ni parisinas. El anonimato en el momento de la toma es crucial. Hay en este gesto, una cierta simbiosis entre mi acto y mi sujeto.</p>



<p class="wp-block-paragraph">Paralelamente a estas fotos de calle, prosigo este estudio entrevistando a otros candidatos, cada uno con una historia que contar, esta vez tomada y encontrada en su espacio íntimo. El trabajo es una especie de introspección, otra forma de entender a la mujer de hoy: ¿qué nos convierte en mujer? ¿Cómo nos enfrentamos a las normas dentro de una sociedad cuando nos vemos obligadas a perder uno de nuestros rasgos femeninos? ¿Podemos tener un aspecto diferente y ser aceptadas? ¿Qué bagaje cultural aporta el pelo a nuestra identidad? ¿Delata quiénes somos, de dónde venimos? ¿Y la edad? ¿Todos damos la bienvenida a nuestros cabellos blancos? ¿Es el pelo largo o corto un signo de nuestro género y orientación sexual?</p>



<p class="wp-block-paragraph">A través de estas preguntas y de las personas a las que seguiré fotografiando, mi esperanza es romper algunas de estas normas convencionales que nos afectan a todos, hombres o mujeres, donde la mayoría de las veces acabamos atascados, sin saber quiénes somos, sólo porque no encajamos.</p>



<h1 class="wp-block-heading"></h1>



<p class="wp-block-paragraph"></p>

<p>Vídeo2025 Era el mes de diciembre de 2014, paseaba por la plaza Victor Hugo de París, cuando vi a esta</p>

<!-- This site is optimized with the Yoast SEO plugin v27.4 - https://yoast.com/product/yoast-seo-wordpress/ -->
<title>OnHair(&amp;women) - PROYECTOR</title>
<meta name="robots" content="index, follow, max-snippet:-1, max-image-preview:large, max-video-preview:-1" />
<link rel="canonical" href="https://proyector.info/obra/onhairwomen/" />
<meta property="og:locale" content="en_US" />
<meta property="og:type" content="article" />
<meta property="og:title" content="OnHair(&amp;women) - PROYECTOR" />
<meta property="og:description" content="Vídeo2025 Era el mes de diciembre de 2014, paseaba por la plaza Victor Hugo de París, cuando vi a esta" />
<meta property="og:url" content="https://proyector.info/obra/onhairwomen/" />
<meta property="og:site_name" content="PROYECTOR" />
<meta property="article:publisher" content="https://www.facebook.com/proyectorvideoartfestival/" />
<meta property="article:modified_time" content="2026-02-27T09:05:11+00:00" />
<meta property="og:image" content="https://proyector.info/wp-content/uploads/2026/02/CAN_OnHairWomen_08.jpg" />
	<meta property="og:image:width" content="682" />
	<meta property="og:image:height" content="1024" />
	<meta property="og:image:type" content="image/jpeg" />
<meta name="twitter:card" content="summary_large_image" />
<meta name="twitter:site" content="@PROYECTOR_fest" />
<meta name="twitter:label1" content="Est. reading time" />
	<meta name="twitter:data1" content="3 minutes" />
<script type="application/ld+json" class="yoast-schema-graph">{"@context":"https:\/\/schema.org","@graph":[{"@type":"WebPage","@id":"https:\/\/proyector.info\/obra\/onhairwomen\/","url":"https:\/\/proyector.info\/obra\/onhairwomen\/","name":"OnHair(&amp;women) - PROYECTOR","isPartOf":{"@id":"https:\/\/proyector.info\/en\/#website"},"primaryImageOfPage":{"@id":"https:\/\/proyector.info\/obra\/onhairwomen\/#primaryimage"},"image":{"@id":"https:\/\/proyector.info\/obra\/onhairwomen\/#primaryimage"},"thumbnailUrl":"https:\/\/proyector.info\/wp-content\/uploads\/2026\/02\/CAN_OnHairWomen_08.jpg","datePublished":"2026-02-27T00:11:12+00:00","dateModified":"2026-02-27T09:05:11+00:00","breadcrumb":{"@id":"https:\/\/proyector.info\/obra\/onhairwomen\/#breadcrumb"},"inLanguage":"en-US","potentialAction":[{"@type":"ReadAction","target":["https:\/\/proyector.info\/obra\/onhairwomen\/"]}]},{"@type":"ImageObject","inLanguage":"en-US","@id":"https:\/\/proyector.info\/obra\/onhairwomen\/#primaryimage","url":"https:\/\/proyector.info\/wp-content\/uploads\/2026\/02\/CAN_OnHairWomen_08.jpg","contentUrl":"https:\/\/proyector.info\/wp-content\/uploads\/2026\/02\/CAN_OnHairWomen_08.jpg","width":682,"height":1024},{"@type":"BreadcrumbList","@id":"https:\/\/proyector.info\/obra\/onhairwomen\/#breadcrumb","itemListElement":[{"@type":"ListItem","position":1,"name":"Portada","item":"https:\/\/proyector.info\/en\/"},{"@type":"ListItem","position":2,"name":"Obras","item":"https:\/\/proyector.info\/works\/"},{"@type":"ListItem","position":3,"name":"OnHair(&amp;women)"}]},{"@type":"WebSite","@id":"https:\/\/proyector.info\/en\/#website","url":"https:\/\/proyector.info\/en\/","name":"PROYECTOR","description":"Plataforma de Imagen en Movimiento","publisher":{"@id":"https:\/\/proyector.info\/en\/#organization"},"potentialAction":[{"@type":"SearchAction","target":{"@type":"EntryPoint","urlTemplate":"https:\/\/proyector.info\/en\/?s={search_term_string}"},"query-input":{"@type":"PropertyValueSpecification","valueRequired":true,"valueName":"search_term_string"}}],"inLanguage":"en-US"},{"@type":"Organization","@id":"https:\/\/proyector.info\/en\/#organization","name":"PROYECTOR","url":"https:\/\/proyector.info\/en\/","logo":{"@type":"ImageObject","inLanguage":"en-US","@id":"https:\/\/proyector.info\/en\/#\/schema\/logo\/image\/","url":"https:\/\/proyector.info\/wp-content\/uploads\/2025\/07\/cropped-proyector_icono.png","contentUrl":"https:\/\/proyector.info\/wp-content\/uploads\/2025\/07\/cropped-proyector_icono.png","width":512,"height":512,"caption":"PROYECTOR"},"image":{"@id":"https:\/\/proyector.info\/en\/#\/schema\/logo\/image\/"},"sameAs":["https:\/\/www.facebook.com\/proyectorvideoartfestival\/","https:\/\/x.com\/PROYECTOR_fest","https:\/\/www.instagram.com\/proyector_videoartplatform\/","https:\/\/www.tiktok.com\/@proyector_fest","https:\/\/www.youtube.com\/user\/proyectorvideoart","https:\/\/vimeo.com\/proyectorvideoart","https:\/\/www.linkedin.com\/company\/proyector\/"]}]}</script>
<!-- / Yoast SEO plugin. -->

Vídeo2025 Era el mes de diciembre de 2014, paseaba por la plaza Victor Hugo de París, cuando vi a esta
