{"id":19789,"date":"2025-12-08T15:01:14","date_gmt":"2025-12-08T14:01:14","guid":{"rendered":"https:\/\/proyector.info\/work\/joven-artista\/"},"modified":"2025-12-08T15:04:20","modified_gmt":"2025-12-08T14:04:20","slug":"joven-artista","status":"publish","type":"movie","link":"https:\/\/proyector.info\/en\/work\/joven-artista\/","title":{"rendered":"Joven artista"},"content":{"rendered":"\n<p class=\"wp-block-paragraph\">La singladura profesional de un reci\u00e9n licenciado en Espa\u00f1a no es f\u00e1cil. Lo m\u00e1s dif\u00edcil es sin duda el comienzo, plagado de dudas y desvar\u00edos. Afectado por la \u201cmarca de Ca\u00edn\u201d en una sociedad que ni quiere ni pretende asimilar a aquellos que piensan distinto, por considerarlos peligrosos u obtusos.<br>El video solo hace referencia a ese trayecto que implica el subirse a una escalera que va en direcci\u00f3n contraria, como ser\u00eda montarse en un veh\u00edculo en marcha, o subirse a un avi\u00f3n en pleno vuelo. El problema no es el medio, sino la forma de subirnos.<\/p>\n\n\n\n<p class=\"wp-block-paragraph\">Todos los m\u00e9dicos, arquitectos, abogados, etc., se integrar\u00e1n en el sistema que les est\u00e1 esperando y podr\u00e1n ejercer sus oficios y adecuarse a esta sociedad que nos rodea, pero, \u00bfy el joven artista, debe hacer eso?<br>Para realizar esta pieza quise hacer una reflexi\u00f3n entre elegir el camino f\u00e1cil, de tal modo que ser\u00eda absorbido por el sistema, o elegir el camino de la lucha, de la rebeli\u00f3n. Por ello intentar subir por una escalera mec\u00e1nica, no es m\u00e1s que otra manera de enfrentarse contra lo establecido por la sociedad de una manera testaruda y rom\u00e1ntica. Algo as\u00ed como que \u00e9stas son las normas y que hay que intentar estar en contra.<\/p>\n","protected":false},"excerpt":{"rendered":"<p>La singladura profesional de un reci\u00e9n licenciado en Espa\u00f1a no es f\u00e1cil. Lo m\u00e1s dif\u00edcil es sin duda el comienzo,<\/p>\n","protected":false},"author":1,"featured_media":19785,"template":"","meta":[],"movie_genre":[869],"movie_tag":[1028,1034],"class_list":["post-19789","movie","type-movie","status-publish","has-post-thumbnail","hentry","movie_genre-videocreation","movie_tag-2011-en","movie_tag-festival-2011-en"],"yoast_head":"<!-- This site is optimized with the Yoast SEO plugin v27.4 - https:\/\/yoast.com\/product\/yoast-seo-wordpress\/ -->\n<title>Joven artista - PROYECTOR<\/title>\n<meta name=\"robots\" content=\"index, follow, max-snippet:-1, max-image-preview:large, max-video-preview:-1\" \/>\n<link rel=\"canonical\" href=\"https:\/\/proyector.info\/en\/work\/joven-artista\/\" \/>\n<meta property=\"og:locale\" content=\"en_US\" \/>\n<meta property=\"og:type\" content=\"article\" \/>\n<meta property=\"og:title\" content=\"Joven artista - PROYECTOR\" \/>\n<meta property=\"og:description\" content=\"La singladura profesional de un reci\u00e9n licenciado en Espa\u00f1a no es f\u00e1cil. Lo m\u00e1s dif\u00edcil es sin duda el comienzo,\" \/>\n<meta property=\"og:url\" content=\"https:\/\/proyector.info\/en\/work\/joven-artista\/\" \/>\n<meta property=\"og:site_name\" content=\"PROYECTOR\" \/>\n<meta property=\"article:publisher\" content=\"https:\/\/www.facebook.com\/proyectorvideoartfestival\/\" \/>\n<meta property=\"article:modified_time\" content=\"2025-12-08T14:04:20+00:00\" \/>\n<meta property=\"og:image\" content=\"https:\/\/proyector.info\/wp-content\/uploads\/2025\/12\/6mas1_jovenartista_ricardoalmendros.jpg\" \/>\n\t<meta property=\"og:image:width\" content=\"1067\" \/>\n\t<meta property=\"og:image:height\" content=\"1600\" \/>\n\t<meta property=\"og:image:type\" content=\"image\/jpeg\" \/>\n<meta name=\"twitter:card\" content=\"summary_large_image\" \/>\n<meta name=\"twitter:site\" content=\"@PROYECTOR_fest\" \/>\n<meta name=\"twitter:label1\" content=\"Est. reading time\" \/>\n\t<meta name=\"twitter:data1\" content=\"2 minutes\" \/>\n<script type=\"application\/ld+json\" class=\"yoast-schema-graph\">{\"@context\":\"https:\\\/\\\/schema.org\",\"@graph\":[{\"@type\":\"WebPage\",\"@id\":\"https:\\\/\\\/proyector.info\\\/en\\\/work\\\/joven-artista\\\/\",\"url\":\"https:\\\/\\\/proyector.info\\\/en\\\/work\\\/joven-artista\\\/\",\"name\":\"Joven artista - PROYECTOR\",\"isPartOf\":{\"@id\":\"https:\\\/\\\/proyector.info\\\/en\\\/#website\"},\"primaryImageOfPage\":{\"@id\":\"https:\\\/\\\/proyector.info\\\/en\\\/work\\\/joven-artista\\\/#primaryimage\"},\"image\":{\"@id\":\"https:\\\/\\\/proyector.info\\\/en\\\/work\\\/joven-artista\\\/#primaryimage\"},\"thumbnailUrl\":\"https:\\\/\\\/proyector.info\\\/wp-content\\\/uploads\\\/2025\\\/12\\\/6mas1_jovenartista_ricardoalmendros.jpg\",\"datePublished\":\"2025-12-08T14:01:14+00:00\",\"dateModified\":\"2025-12-08T14:04:20+00:00\",\"breadcrumb\":{\"@id\":\"https:\\\/\\\/proyector.info\\\/en\\\/work\\\/joven-artista\\\/#breadcrumb\"},\"inLanguage\":\"en-US\",\"potentialAction\":[{\"@type\":\"ReadAction\",\"target\":[\"https:\\\/\\\/proyector.info\\\/en\\\/work\\\/joven-artista\\\/\"]}]},{\"@type\":\"ImageObject\",\"inLanguage\":\"en-US\",\"@id\":\"https:\\\/\\\/proyector.info\\\/en\\\/work\\\/joven-artista\\\/#primaryimage\",\"url\":\"https:\\\/\\\/proyector.info\\\/wp-content\\\/uploads\\\/2025\\\/12\\\/6mas1_jovenartista_ricardoalmendros.jpg\",\"contentUrl\":\"https:\\\/\\\/proyector.info\\\/wp-content\\\/uploads\\\/2025\\\/12\\\/6mas1_jovenartista_ricardoalmendros.jpg\",\"width\":1067,\"height\":1600},{\"@type\":\"BreadcrumbList\",\"@id\":\"https:\\\/\\\/proyector.info\\\/en\\\/work\\\/joven-artista\\\/#breadcrumb\",\"itemListElement\":[{\"@type\":\"ListItem\",\"position\":1,\"name\":\"Portada\",\"item\":\"https:\\\/\\\/proyector.info\\\/en\\\/\"},{\"@type\":\"ListItem\",\"position\":2,\"name\":\"Obras\",\"item\":\"https:\\\/\\\/proyector.info\\\/works\\\/\"},{\"@type\":\"ListItem\",\"position\":3,\"name\":\"Joven artista\"}]},{\"@type\":\"WebSite\",\"@id\":\"https:\\\/\\\/proyector.info\\\/en\\\/#website\",\"url\":\"https:\\\/\\\/proyector.info\\\/en\\\/\",\"name\":\"PROYECTOR\",\"description\":\"Plataforma de Imagen en Movimiento\",\"publisher\":{\"@id\":\"https:\\\/\\\/proyector.info\\\/en\\\/#organization\"},\"potentialAction\":[{\"@type\":\"SearchAction\",\"target\":{\"@type\":\"EntryPoint\",\"urlTemplate\":\"https:\\\/\\\/proyector.info\\\/en\\\/?s={search_term_string}\"},\"query-input\":{\"@type\":\"PropertyValueSpecification\",\"valueRequired\":true,\"valueName\":\"search_term_string\"}}],\"inLanguage\":\"en-US\"},{\"@type\":\"Organization\",\"@id\":\"https:\\\/\\\/proyector.info\\\/en\\\/#organization\",\"name\":\"PROYECTOR\",\"url\":\"https:\\\/\\\/proyector.info\\\/en\\\/\",\"logo\":{\"@type\":\"ImageObject\",\"inLanguage\":\"en-US\",\"@id\":\"https:\\\/\\\/proyector.info\\\/en\\\/#\\\/schema\\\/logo\\\/image\\\/\",\"url\":\"https:\\\/\\\/proyector.info\\\/wp-content\\\/uploads\\\/2025\\\/07\\\/cropped-proyector_icono.png\",\"contentUrl\":\"https:\\\/\\\/proyector.info\\\/wp-content\\\/uploads\\\/2025\\\/07\\\/cropped-proyector_icono.png\",\"width\":512,\"height\":512,\"caption\":\"PROYECTOR\"},\"image\":{\"@id\":\"https:\\\/\\\/proyector.info\\\/en\\\/#\\\/schema\\\/logo\\\/image\\\/\"},\"sameAs\":[\"https:\\\/\\\/www.facebook.com\\\/proyectorvideoartfestival\\\/\",\"https:\\\/\\\/x.com\\\/PROYECTOR_fest\",\"https:\\\/\\\/www.instagram.com\\\/proyector_videoartplatform\\\/\",\"https:\\\/\\\/www.tiktok.com\\\/@proyector_fest\",\"https:\\\/\\\/www.youtube.com\\\/user\\\/proyectorvideoart\",\"https:\\\/\\\/vimeo.com\\\/proyectorvideoart\",\"https:\\\/\\\/www.linkedin.com\\\/company\\\/proyector\\\/\"]}]}<\/script>\n<!-- \/ Yoast SEO plugin. -->","yoast_head_json":{"title":"Joven artista - PROYECTOR","robots":{"index":"index","follow":"follow","max-snippet":"max-snippet:-1","max-image-preview":"max-image-preview:large","max-video-preview":"max-video-preview:-1"},"canonical":"https:\/\/proyector.info\/en\/work\/joven-artista\/","og_locale":"en_US","og_type":"article","og_title":"Joven artista - PROYECTOR","og_description":"La singladura profesional de un reci\u00e9n licenciado en Espa\u00f1a no es f\u00e1cil. Lo m\u00e1s dif\u00edcil es sin duda el comienzo,","og_url":"https:\/\/proyector.info\/en\/work\/joven-artista\/","og_site_name":"PROYECTOR","article_publisher":"https:\/\/www.facebook.com\/proyectorvideoartfestival\/","article_modified_time":"2025-12-08T14:04:20+00:00","og_image":[{"width":1067,"height":1600,"url":"https:\/\/proyector.info\/wp-content\/uploads\/2025\/12\/6mas1_jovenartista_ricardoalmendros.jpg","type":"image\/jpeg"}],"twitter_card":"summary_large_image","twitter_site":"@PROYECTOR_fest","twitter_misc":{"Est. reading time":"2 minutes"},"schema":{"@context":"https:\/\/schema.org","@graph":[{"@type":"WebPage","@id":"https:\/\/proyector.info\/en\/work\/joven-artista\/","url":"https:\/\/proyector.info\/en\/work\/joven-artista\/","name":"Joven artista - PROYECTOR","isPartOf":{"@id":"https:\/\/proyector.info\/en\/#website"},"primaryImageOfPage":{"@id":"https:\/\/proyector.info\/en\/work\/joven-artista\/#primaryimage"},"image":{"@id":"https:\/\/proyector.info\/en\/work\/joven-artista\/#primaryimage"},"thumbnailUrl":"https:\/\/proyector.info\/wp-content\/uploads\/2025\/12\/6mas1_jovenartista_ricardoalmendros.jpg","datePublished":"2025-12-08T14:01:14+00:00","dateModified":"2025-12-08T14:04:20+00:00","breadcrumb":{"@id":"https:\/\/proyector.info\/en\/work\/joven-artista\/#breadcrumb"},"inLanguage":"en-US","potentialAction":[{"@type":"ReadAction","target":["https:\/\/proyector.info\/en\/work\/joven-artista\/"]}]},{"@type":"ImageObject","inLanguage":"en-US","@id":"https:\/\/proyector.info\/en\/work\/joven-artista\/#primaryimage","url":"https:\/\/proyector.info\/wp-content\/uploads\/2025\/12\/6mas1_jovenartista_ricardoalmendros.jpg","contentUrl":"https:\/\/proyector.info\/wp-content\/uploads\/2025\/12\/6mas1_jovenartista_ricardoalmendros.jpg","width":1067,"height":1600},{"@type":"BreadcrumbList","@id":"https:\/\/proyector.info\/en\/work\/joven-artista\/#breadcrumb","itemListElement":[{"@type":"ListItem","position":1,"name":"Portada","item":"https:\/\/proyector.info\/en\/"},{"@type":"ListItem","position":2,"name":"Obras","item":"https:\/\/proyector.info\/works\/"},{"@type":"ListItem","position":3,"name":"Joven artista"}]},{"@type":"WebSite","@id":"https:\/\/proyector.info\/en\/#website","url":"https:\/\/proyector.info\/en\/","name":"PROYECTOR","description":"Plataforma de Imagen en Movimiento","publisher":{"@id":"https:\/\/proyector.info\/en\/#organization"},"potentialAction":[{"@type":"SearchAction","target":{"@type":"EntryPoint","urlTemplate":"https:\/\/proyector.info\/en\/?s={search_term_string}"},"query-input":{"@type":"PropertyValueSpecification","valueRequired":true,"valueName":"search_term_string"}}],"inLanguage":"en-US"},{"@type":"Organization","@id":"https:\/\/proyector.info\/en\/#organization","name":"PROYECTOR","url":"https:\/\/proyector.info\/en\/","logo":{"@type":"ImageObject","inLanguage":"en-US","@id":"https:\/\/proyector.info\/en\/#\/schema\/logo\/image\/","url":"https:\/\/proyector.info\/wp-content\/uploads\/2025\/07\/cropped-proyector_icono.png","contentUrl":"https:\/\/proyector.info\/wp-content\/uploads\/2025\/07\/cropped-proyector_icono.png","width":512,"height":512,"caption":"PROYECTOR"},"image":{"@id":"https:\/\/proyector.info\/en\/#\/schema\/logo\/image\/"},"sameAs":["https:\/\/www.facebook.com\/proyectorvideoartfestival\/","https:\/\/x.com\/PROYECTOR_fest","https:\/\/www.instagram.com\/proyector_videoartplatform\/","https:\/\/www.tiktok.com\/@proyector_fest","https:\/\/www.youtube.com\/user\/proyectorvideoart","https:\/\/vimeo.com\/proyectorvideoart","https:\/\/www.linkedin.com\/company\/proyector\/"]}]}},"_links":{"self":[{"href":"https:\/\/proyector.info\/en\/wp-json\/wp\/v2\/movie\/19789","targetHints":{"allow":["GET"]}}],"collection":[{"href":"https:\/\/proyector.info\/en\/wp-json\/wp\/v2\/movie"}],"about":[{"href":"https:\/\/proyector.info\/en\/wp-json\/wp\/v2\/types\/movie"}],"author":[{"embeddable":true,"href":"https:\/\/proyector.info\/en\/wp-json\/wp\/v2\/users\/1"}],"wp:featuredmedia":[{"embeddable":true,"href":"https:\/\/proyector.info\/en\/wp-json\/wp\/v2\/media\/19785"}],"wp:attachment":[{"href":"https:\/\/proyector.info\/en\/wp-json\/wp\/v2\/media?parent=19789"}],"wp:term":[{"taxonomy":"movie_genre","embeddable":true,"href":"https:\/\/proyector.info\/en\/wp-json\/wp\/v2\/movie_genre?post=19789"},{"taxonomy":"movie_tag","embeddable":true,"href":"https:\/\/proyector.info\/en\/wp-json\/wp\/v2\/movie_tag?post=19789"}],"curies":[{"name":"wp","href":"https:\/\/api.w.org\/{rel}","templated":true}]}}

<p class="wp-block-paragraph">La singladura profesional de un recién licenciado en España no es fácil. Lo más difícil es sin duda el comienzo, plagado de dudas y desvaríos. Afectado por la “marca de Caín” en una sociedad que ni quiere ni pretende asimilar a aquellos que piensan distinto, por considerarlos peligrosos u obtusos.<br>El video solo hace referencia a ese trayecto que implica el subirse a una escalera que va en dirección contraria, como sería montarse en un vehículo en marcha, o subirse a un avión en pleno vuelo. El problema no es el medio, sino la forma de subirnos.</p>



<p class="wp-block-paragraph">Todos los médicos, arquitectos, abogados, etc., se integrarán en el sistema que les está esperando y podrán ejercer sus oficios y adecuarse a esta sociedad que nos rodea, pero, ¿y el joven artista, debe hacer eso?<br>Para realizar esta pieza quise hacer una reflexión entre elegir el camino fácil, de tal modo que sería absorbido por el sistema, o elegir el camino de la lucha, de la rebelión. Por ello intentar subir por una escalera mecánica, no es más que otra manera de enfrentarse contra lo establecido por la sociedad de una manera testaruda y romántica. Algo así como que éstas son las normas y que hay que intentar estar en contra.</p>

<p>La singladura profesional de un recién licenciado en España no es fácil. Lo más difícil es sin duda el comienzo,</p>

<!-- This site is optimized with the Yoast SEO plugin v27.4 - https://yoast.com/product/yoast-seo-wordpress/ -->
<title>Joven artista - PROYECTOR</title>
<meta name="robots" content="index, follow, max-snippet:-1, max-image-preview:large, max-video-preview:-1" />
<link rel="canonical" href="https://proyector.info/en/work/joven-artista/" />
<meta property="og:locale" content="en_US" />
<meta property="og:type" content="article" />
<meta property="og:title" content="Joven artista - PROYECTOR" />
<meta property="og:description" content="La singladura profesional de un recién licenciado en España no es fácil. Lo más difícil es sin duda el comienzo," />
<meta property="og:url" content="https://proyector.info/en/work/joven-artista/" />
<meta property="og:site_name" content="PROYECTOR" />
<meta property="article:publisher" content="https://www.facebook.com/proyectorvideoartfestival/" />
<meta property="article:modified_time" content="2025-12-08T14:04:20+00:00" />
<meta property="og:image" content="https://proyector.info/wp-content/uploads/2025/12/6mas1_jovenartista_ricardoalmendros.jpg" />
	<meta property="og:image:width" content="1067" />
	<meta property="og:image:height" content="1600" />
	<meta property="og:image:type" content="image/jpeg" />
<meta name="twitter:card" content="summary_large_image" />
<meta name="twitter:site" content="@PROYECTOR_fest" />
<meta name="twitter:label1" content="Est. reading time" />
	<meta name="twitter:data1" content="2 minutes" />
<script type="application/ld+json" class="yoast-schema-graph">{"@context":"https:\/\/schema.org","@graph":[{"@type":"WebPage","@id":"https:\/\/proyector.info\/en\/work\/joven-artista\/","url":"https:\/\/proyector.info\/en\/work\/joven-artista\/","name":"Joven artista - PROYECTOR","isPartOf":{"@id":"https:\/\/proyector.info\/en\/#website"},"primaryImageOfPage":{"@id":"https:\/\/proyector.info\/en\/work\/joven-artista\/#primaryimage"},"image":{"@id":"https:\/\/proyector.info\/en\/work\/joven-artista\/#primaryimage"},"thumbnailUrl":"https:\/\/proyector.info\/wp-content\/uploads\/2025\/12\/6mas1_jovenartista_ricardoalmendros.jpg","datePublished":"2025-12-08T14:01:14+00:00","dateModified":"2025-12-08T14:04:20+00:00","breadcrumb":{"@id":"https:\/\/proyector.info\/en\/work\/joven-artista\/#breadcrumb"},"inLanguage":"en-US","potentialAction":[{"@type":"ReadAction","target":["https:\/\/proyector.info\/en\/work\/joven-artista\/"]}]},{"@type":"ImageObject","inLanguage":"en-US","@id":"https:\/\/proyector.info\/en\/work\/joven-artista\/#primaryimage","url":"https:\/\/proyector.info\/wp-content\/uploads\/2025\/12\/6mas1_jovenartista_ricardoalmendros.jpg","contentUrl":"https:\/\/proyector.info\/wp-content\/uploads\/2025\/12\/6mas1_jovenartista_ricardoalmendros.jpg","width":1067,"height":1600},{"@type":"BreadcrumbList","@id":"https:\/\/proyector.info\/en\/work\/joven-artista\/#breadcrumb","itemListElement":[{"@type":"ListItem","position":1,"name":"Portada","item":"https:\/\/proyector.info\/en\/"},{"@type":"ListItem","position":2,"name":"Obras","item":"https:\/\/proyector.info\/works\/"},{"@type":"ListItem","position":3,"name":"Joven artista"}]},{"@type":"WebSite","@id":"https:\/\/proyector.info\/en\/#website","url":"https:\/\/proyector.info\/en\/","name":"PROYECTOR","description":"Plataforma de Imagen en Movimiento","publisher":{"@id":"https:\/\/proyector.info\/en\/#organization"},"potentialAction":[{"@type":"SearchAction","target":{"@type":"EntryPoint","urlTemplate":"https:\/\/proyector.info\/en\/?s={search_term_string}"},"query-input":{"@type":"PropertyValueSpecification","valueRequired":true,"valueName":"search_term_string"}}],"inLanguage":"en-US"},{"@type":"Organization","@id":"https:\/\/proyector.info\/en\/#organization","name":"PROYECTOR","url":"https:\/\/proyector.info\/en\/","logo":{"@type":"ImageObject","inLanguage":"en-US","@id":"https:\/\/proyector.info\/en\/#\/schema\/logo\/image\/","url":"https:\/\/proyector.info\/wp-content\/uploads\/2025\/07\/cropped-proyector_icono.png","contentUrl":"https:\/\/proyector.info\/wp-content\/uploads\/2025\/07\/cropped-proyector_icono.png","width":512,"height":512,"caption":"PROYECTOR"},"image":{"@id":"https:\/\/proyector.info\/en\/#\/schema\/logo\/image\/"},"sameAs":["https:\/\/www.facebook.com\/proyectorvideoartfestival\/","https:\/\/x.com\/PROYECTOR_fest","https:\/\/www.instagram.com\/proyector_videoartplatform\/","https:\/\/www.tiktok.com\/@proyector_fest","https:\/\/www.youtube.com\/user\/proyectorvideoart","https:\/\/vimeo.com\/proyectorvideoart","https:\/\/www.linkedin.com\/company\/proyector\/"]}]}</script>
<!-- / Yoast SEO plugin. -->

La singladura profesional de un recién licenciado en España no es fácil. Lo más difícil es sin duda el comienzo,
