{"id":19678,"date":"2025-12-08T12:58:05","date_gmt":"2025-12-08T11:58:05","guid":{"rendered":"https:\/\/proyector.info\/work\/asaltos\/"},"modified":"2025-12-08T12:59:02","modified_gmt":"2025-12-08T11:59:02","slug":"asaltos","status":"publish","type":"movie","link":"https:\/\/proyector.info\/en\/work\/asaltos\/","title":{"rendered":"Asaltos"},"content":{"rendered":"\n<p class=\"wp-block-paragraph\">Su trayectoria expositiva, iniciada en 2001, se ha desarrollado en espacios como el Centro Internacional de Arte Contempor\u00e1neo Espacio C (Camargo, Cantabria, Espa\u00f1a), el Centro de Arte La Regenta de Las Palmas de Gran Canaria (Islas Canarias, Espa\u00f1a) o la Bienal de Arte Contempor\u00e1neo de Dakar (Senegal). En 2003 recibe el primer premio de fotogra- f\u00eda del Certamen Pancho Coss\u00edo de la Consejer\u00eda de Cultura del Gobierno de Canta- bria. Su trabajo ha sido publicado en cat\u00e1logos y revistas especializadas, y su obra forma parte de diversas colecciones p\u00fablicas y privadas. Su v\u00eddeo \u0308Asalto \u0308 ha sido seleccionado en el II Premio de Videoarte Ayuntamiento de Astillero-El Almac\u00e9n de las Artes, en el contexto del III Festival de Fotograf\u00eda y V\u00eddeo Foconorte.<\/p>\n\n\n\n<p class=\"wp-block-paragraph\"><em>Una mujer encerrada en el marco que delimita el v\u00eddeo salta constantemente intentando salir de \u00e9l, sobrepasarlo, escapar\u2026 El ambiente recreado, on\u00edrico, con referencias al cine mudo nos plantea la duda entre la realidad y la ficci\u00f3n de los sue\u00f1os. El audio acent\u00faa la tensi\u00f3n, al escucharse los latidos del coraz\u00f3n desde la lejan\u00eda del interior del cuerpo humano. El v\u00eddeo se ha mostrado en la exposicion De mil amores en Espaciomenosuno de Madrid y en la muestra colectiva (IN)DEPENDENCIAS en el Centro Cultural La Vidriera de Camargo (Cantabria) en formato de videoinstalacion, acompa\u00f1ado de una almohada y un bast\u00f3n. Ha sido asimismo seleccionado en el II Premio de Videoarte Ayuntamiento de Astillero-El Almac\u00e9n de las Artes, en el contexto del III Festival de Fotograf\u00eda y V\u00eddeo Foconorte.<\/em><\/p>\n","protected":false},"excerpt":{"rendered":"<p>Su trayectoria expositiva, iniciada en 2001, se ha desarrollado en espacios como el Centro Internacional de Arte Contempor\u00e1neo Espacio C<\/p>\n","protected":false},"author":1,"featured_media":19676,"template":"","meta":[],"movie_genre":[220],"movie_tag":[1029,1035],"class_list":["post-19678","movie","type-movie","status-publish","has-post-thumbnail","hentry","movie_genre-video-installation","movie_tag-2012-en","movie_tag-festival-2012-en"],"yoast_head":"<!-- This site is optimized with the Yoast SEO plugin v27.4 - https:\/\/yoast.com\/product\/yoast-seo-wordpress\/ -->\n<title>Asaltos - PROYECTOR<\/title>\n<meta name=\"robots\" content=\"index, follow, max-snippet:-1, max-image-preview:large, max-video-preview:-1\" \/>\n<link rel=\"canonical\" href=\"https:\/\/proyector.info\/en\/work\/asaltos\/\" \/>\n<meta property=\"og:locale\" content=\"en_US\" \/>\n<meta property=\"og:type\" content=\"article\" \/>\n<meta property=\"og:title\" content=\"Asaltos - PROYECTOR\" \/>\n<meta property=\"og:description\" content=\"Su trayectoria expositiva, iniciada en 2001, se ha desarrollado en espacios como el Centro Internacional de Arte Contempor\u00e1neo Espacio C\" \/>\n<meta property=\"og:url\" content=\"https:\/\/proyector.info\/en\/work\/asaltos\/\" \/>\n<meta property=\"og:site_name\" content=\"PROYECTOR\" \/>\n<meta property=\"article:publisher\" content=\"https:\/\/www.facebook.com\/proyectorvideoartfestival\/\" \/>\n<meta property=\"article:modified_time\" content=\"2025-12-08T11:59:02+00:00\" \/>\n<meta property=\"og:image\" content=\"https:\/\/proyector.info\/wp-content\/uploads\/2025\/12\/plataforma-de-videoarte2012-asaltos-majo-g-polanco.png\" \/>\n\t<meta property=\"og:image:width\" content=\"500\" \/>\n\t<meta property=\"og:image:height\" content=\"313\" \/>\n\t<meta property=\"og:image:type\" content=\"image\/png\" \/>\n<meta name=\"twitter:card\" content=\"summary_large_image\" \/>\n<meta name=\"twitter:site\" content=\"@PROYECTOR_fest\" \/>\n<meta name=\"twitter:label1\" content=\"Est. reading time\" \/>\n\t<meta name=\"twitter:data1\" content=\"2 minutes\" \/>\n<script type=\"application\/ld+json\" class=\"yoast-schema-graph\">{\"@context\":\"https:\\\/\\\/schema.org\",\"@graph\":[{\"@type\":\"WebPage\",\"@id\":\"https:\\\/\\\/proyector.info\\\/en\\\/work\\\/asaltos\\\/\",\"url\":\"https:\\\/\\\/proyector.info\\\/en\\\/work\\\/asaltos\\\/\",\"name\":\"Asaltos - PROYECTOR\",\"isPartOf\":{\"@id\":\"https:\\\/\\\/proyector.info\\\/en\\\/#website\"},\"primaryImageOfPage\":{\"@id\":\"https:\\\/\\\/proyector.info\\\/en\\\/work\\\/asaltos\\\/#primaryimage\"},\"image\":{\"@id\":\"https:\\\/\\\/proyector.info\\\/en\\\/work\\\/asaltos\\\/#primaryimage\"},\"thumbnailUrl\":\"https:\\\/\\\/proyector.info\\\/wp-content\\\/uploads\\\/2025\\\/12\\\/plataforma-de-videoarte2012-asaltos-majo-g-polanco.png\",\"datePublished\":\"2025-12-08T11:58:05+00:00\",\"dateModified\":\"2025-12-08T11:59:02+00:00\",\"breadcrumb\":{\"@id\":\"https:\\\/\\\/proyector.info\\\/en\\\/work\\\/asaltos\\\/#breadcrumb\"},\"inLanguage\":\"en-US\",\"potentialAction\":[{\"@type\":\"ReadAction\",\"target\":[\"https:\\\/\\\/proyector.info\\\/en\\\/work\\\/asaltos\\\/\"]}]},{\"@type\":\"ImageObject\",\"inLanguage\":\"en-US\",\"@id\":\"https:\\\/\\\/proyector.info\\\/en\\\/work\\\/asaltos\\\/#primaryimage\",\"url\":\"https:\\\/\\\/proyector.info\\\/wp-content\\\/uploads\\\/2025\\\/12\\\/plataforma-de-videoarte2012-asaltos-majo-g-polanco.png\",\"contentUrl\":\"https:\\\/\\\/proyector.info\\\/wp-content\\\/uploads\\\/2025\\\/12\\\/plataforma-de-videoarte2012-asaltos-majo-g-polanco.png\",\"width\":500,\"height\":313},{\"@type\":\"BreadcrumbList\",\"@id\":\"https:\\\/\\\/proyector.info\\\/en\\\/work\\\/asaltos\\\/#breadcrumb\",\"itemListElement\":[{\"@type\":\"ListItem\",\"position\":1,\"name\":\"Portada\",\"item\":\"https:\\\/\\\/proyector.info\\\/en\\\/\"},{\"@type\":\"ListItem\",\"position\":2,\"name\":\"Obras\",\"item\":\"https:\\\/\\\/proyector.info\\\/works\\\/\"},{\"@type\":\"ListItem\",\"position\":3,\"name\":\"Asaltos\"}]},{\"@type\":\"WebSite\",\"@id\":\"https:\\\/\\\/proyector.info\\\/en\\\/#website\",\"url\":\"https:\\\/\\\/proyector.info\\\/en\\\/\",\"name\":\"PROYECTOR\",\"description\":\"Plataforma de Imagen en Movimiento\",\"publisher\":{\"@id\":\"https:\\\/\\\/proyector.info\\\/en\\\/#organization\"},\"potentialAction\":[{\"@type\":\"SearchAction\",\"target\":{\"@type\":\"EntryPoint\",\"urlTemplate\":\"https:\\\/\\\/proyector.info\\\/en\\\/?s={search_term_string}\"},\"query-input\":{\"@type\":\"PropertyValueSpecification\",\"valueRequired\":true,\"valueName\":\"search_term_string\"}}],\"inLanguage\":\"en-US\"},{\"@type\":\"Organization\",\"@id\":\"https:\\\/\\\/proyector.info\\\/en\\\/#organization\",\"name\":\"PROYECTOR\",\"url\":\"https:\\\/\\\/proyector.info\\\/en\\\/\",\"logo\":{\"@type\":\"ImageObject\",\"inLanguage\":\"en-US\",\"@id\":\"https:\\\/\\\/proyector.info\\\/en\\\/#\\\/schema\\\/logo\\\/image\\\/\",\"url\":\"https:\\\/\\\/proyector.info\\\/wp-content\\\/uploads\\\/2025\\\/07\\\/cropped-proyector_icono.png\",\"contentUrl\":\"https:\\\/\\\/proyector.info\\\/wp-content\\\/uploads\\\/2025\\\/07\\\/cropped-proyector_icono.png\",\"width\":512,\"height\":512,\"caption\":\"PROYECTOR\"},\"image\":{\"@id\":\"https:\\\/\\\/proyector.info\\\/en\\\/#\\\/schema\\\/logo\\\/image\\\/\"},\"sameAs\":[\"https:\\\/\\\/www.facebook.com\\\/proyectorvideoartfestival\\\/\",\"https:\\\/\\\/x.com\\\/PROYECTOR_fest\",\"https:\\\/\\\/www.instagram.com\\\/proyector_videoartplatform\\\/\",\"https:\\\/\\\/www.tiktok.com\\\/@proyector_fest\",\"https:\\\/\\\/www.youtube.com\\\/user\\\/proyectorvideoart\",\"https:\\\/\\\/vimeo.com\\\/proyectorvideoart\",\"https:\\\/\\\/www.linkedin.com\\\/company\\\/proyector\\\/\"]}]}<\/script>\n<!-- \/ Yoast SEO plugin. -->","yoast_head_json":{"title":"Asaltos - PROYECTOR","robots":{"index":"index","follow":"follow","max-snippet":"max-snippet:-1","max-image-preview":"max-image-preview:large","max-video-preview":"max-video-preview:-1"},"canonical":"https:\/\/proyector.info\/en\/work\/asaltos\/","og_locale":"en_US","og_type":"article","og_title":"Asaltos - PROYECTOR","og_description":"Su trayectoria expositiva, iniciada en 2001, se ha desarrollado en espacios como el Centro Internacional de Arte Contempor\u00e1neo Espacio C","og_url":"https:\/\/proyector.info\/en\/work\/asaltos\/","og_site_name":"PROYECTOR","article_publisher":"https:\/\/www.facebook.com\/proyectorvideoartfestival\/","article_modified_time":"2025-12-08T11:59:02+00:00","og_image":[{"width":500,"height":313,"url":"https:\/\/proyector.info\/wp-content\/uploads\/2025\/12\/plataforma-de-videoarte2012-asaltos-majo-g-polanco.png","type":"image\/png"}],"twitter_card":"summary_large_image","twitter_site":"@PROYECTOR_fest","twitter_misc":{"Est. reading time":"2 minutes"},"schema":{"@context":"https:\/\/schema.org","@graph":[{"@type":"WebPage","@id":"https:\/\/proyector.info\/en\/work\/asaltos\/","url":"https:\/\/proyector.info\/en\/work\/asaltos\/","name":"Asaltos - PROYECTOR","isPartOf":{"@id":"https:\/\/proyector.info\/en\/#website"},"primaryImageOfPage":{"@id":"https:\/\/proyector.info\/en\/work\/asaltos\/#primaryimage"},"image":{"@id":"https:\/\/proyector.info\/en\/work\/asaltos\/#primaryimage"},"thumbnailUrl":"https:\/\/proyector.info\/wp-content\/uploads\/2025\/12\/plataforma-de-videoarte2012-asaltos-majo-g-polanco.png","datePublished":"2025-12-08T11:58:05+00:00","dateModified":"2025-12-08T11:59:02+00:00","breadcrumb":{"@id":"https:\/\/proyector.info\/en\/work\/asaltos\/#breadcrumb"},"inLanguage":"en-US","potentialAction":[{"@type":"ReadAction","target":["https:\/\/proyector.info\/en\/work\/asaltos\/"]}]},{"@type":"ImageObject","inLanguage":"en-US","@id":"https:\/\/proyector.info\/en\/work\/asaltos\/#primaryimage","url":"https:\/\/proyector.info\/wp-content\/uploads\/2025\/12\/plataforma-de-videoarte2012-asaltos-majo-g-polanco.png","contentUrl":"https:\/\/proyector.info\/wp-content\/uploads\/2025\/12\/plataforma-de-videoarte2012-asaltos-majo-g-polanco.png","width":500,"height":313},{"@type":"BreadcrumbList","@id":"https:\/\/proyector.info\/en\/work\/asaltos\/#breadcrumb","itemListElement":[{"@type":"ListItem","position":1,"name":"Portada","item":"https:\/\/proyector.info\/en\/"},{"@type":"ListItem","position":2,"name":"Obras","item":"https:\/\/proyector.info\/works\/"},{"@type":"ListItem","position":3,"name":"Asaltos"}]},{"@type":"WebSite","@id":"https:\/\/proyector.info\/en\/#website","url":"https:\/\/proyector.info\/en\/","name":"PROYECTOR","description":"Plataforma de Imagen en Movimiento","publisher":{"@id":"https:\/\/proyector.info\/en\/#organization"},"potentialAction":[{"@type":"SearchAction","target":{"@type":"EntryPoint","urlTemplate":"https:\/\/proyector.info\/en\/?s={search_term_string}"},"query-input":{"@type":"PropertyValueSpecification","valueRequired":true,"valueName":"search_term_string"}}],"inLanguage":"en-US"},{"@type":"Organization","@id":"https:\/\/proyector.info\/en\/#organization","name":"PROYECTOR","url":"https:\/\/proyector.info\/en\/","logo":{"@type":"ImageObject","inLanguage":"en-US","@id":"https:\/\/proyector.info\/en\/#\/schema\/logo\/image\/","url":"https:\/\/proyector.info\/wp-content\/uploads\/2025\/07\/cropped-proyector_icono.png","contentUrl":"https:\/\/proyector.info\/wp-content\/uploads\/2025\/07\/cropped-proyector_icono.png","width":512,"height":512,"caption":"PROYECTOR"},"image":{"@id":"https:\/\/proyector.info\/en\/#\/schema\/logo\/image\/"},"sameAs":["https:\/\/www.facebook.com\/proyectorvideoartfestival\/","https:\/\/x.com\/PROYECTOR_fest","https:\/\/www.instagram.com\/proyector_videoartplatform\/","https:\/\/www.tiktok.com\/@proyector_fest","https:\/\/www.youtube.com\/user\/proyectorvideoart","https:\/\/vimeo.com\/proyectorvideoart","https:\/\/www.linkedin.com\/company\/proyector\/"]}]}},"_links":{"self":[{"href":"https:\/\/proyector.info\/en\/wp-json\/wp\/v2\/movie\/19678","targetHints":{"allow":["GET"]}}],"collection":[{"href":"https:\/\/proyector.info\/en\/wp-json\/wp\/v2\/movie"}],"about":[{"href":"https:\/\/proyector.info\/en\/wp-json\/wp\/v2\/types\/movie"}],"author":[{"embeddable":true,"href":"https:\/\/proyector.info\/en\/wp-json\/wp\/v2\/users\/1"}],"wp:featuredmedia":[{"embeddable":true,"href":"https:\/\/proyector.info\/en\/wp-json\/wp\/v2\/media\/19676"}],"wp:attachment":[{"href":"https:\/\/proyector.info\/en\/wp-json\/wp\/v2\/media?parent=19678"}],"wp:term":[{"taxonomy":"movie_genre","embeddable":true,"href":"https:\/\/proyector.info\/en\/wp-json\/wp\/v2\/movie_genre?post=19678"},{"taxonomy":"movie_tag","embeddable":true,"href":"https:\/\/proyector.info\/en\/wp-json\/wp\/v2\/movie_tag?post=19678"}],"curies":[{"name":"wp","href":"https:\/\/api.w.org\/{rel}","templated":true}]}}

<p class="wp-block-paragraph">Su trayectoria expositiva, iniciada en 2001, se ha desarrollado en espacios como el Centro Internacional de Arte Contemporáneo Espacio C (Camargo, Cantabria, España), el Centro de Arte La Regenta de Las Palmas de Gran Canaria (Islas Canarias, España) o la Bienal de Arte Contemporáneo de Dakar (Senegal). En 2003 recibe el primer premio de fotogra- fía del Certamen Pancho Cossío de la Consejería de Cultura del Gobierno de Canta- bria. Su trabajo ha sido publicado en catálogos y revistas especializadas, y su obra forma parte de diversas colecciones públicas y privadas. Su vídeo ̈Asalto ̈ ha sido seleccionado en el II Premio de Videoarte Ayuntamiento de Astillero-El Almacén de las Artes, en el contexto del III Festival de Fotografía y Vídeo Foconorte.</p>



<p class="wp-block-paragraph"><em>Una mujer encerrada en el marco que delimita el vídeo salta constantemente intentando salir de él, sobrepasarlo, escapar… El ambiente recreado, onírico, con referencias al cine mudo nos plantea la duda entre la realidad y la ficción de los sueños. El audio acentúa la tensión, al escucharse los latidos del corazón desde la lejanía del interior del cuerpo humano. El vídeo se ha mostrado en la exposicion De mil amores en Espaciomenosuno de Madrid y en la muestra colectiva (IN)DEPENDENCIAS en el Centro Cultural La Vidriera de Camargo (Cantabria) en formato de videoinstalacion, acompañado de una almohada y un bastón. Ha sido asimismo seleccionado en el II Premio de Videoarte Ayuntamiento de Astillero-El Almacén de las Artes, en el contexto del III Festival de Fotografía y Vídeo Foconorte.</em></p>

<p>Su trayectoria expositiva, iniciada en 2001, se ha desarrollado en espacios como el Centro Internacional de Arte Contemporáneo Espacio C</p>

<!-- This site is optimized with the Yoast SEO plugin v27.4 - https://yoast.com/product/yoast-seo-wordpress/ -->
<title>Asaltos - PROYECTOR</title>
<meta name="robots" content="index, follow, max-snippet:-1, max-image-preview:large, max-video-preview:-1" />
<link rel="canonical" href="https://proyector.info/en/work/asaltos/" />
<meta property="og:locale" content="en_US" />
<meta property="og:type" content="article" />
<meta property="og:title" content="Asaltos - PROYECTOR" />
<meta property="og:description" content="Su trayectoria expositiva, iniciada en 2001, se ha desarrollado en espacios como el Centro Internacional de Arte Contemporáneo Espacio C" />
<meta property="og:url" content="https://proyector.info/en/work/asaltos/" />
<meta property="og:site_name" content="PROYECTOR" />
<meta property="article:publisher" content="https://www.facebook.com/proyectorvideoartfestival/" />
<meta property="article:modified_time" content="2025-12-08T11:59:02+00:00" />
<meta property="og:image" content="https://proyector.info/wp-content/uploads/2025/12/plataforma-de-videoarte2012-asaltos-majo-g-polanco.png" />
	<meta property="og:image:width" content="500" />
	<meta property="og:image:height" content="313" />
	<meta property="og:image:type" content="image/png" />
<meta name="twitter:card" content="summary_large_image" />
<meta name="twitter:site" content="@PROYECTOR_fest" />
<meta name="twitter:label1" content="Est. reading time" />
	<meta name="twitter:data1" content="2 minutes" />
<script type="application/ld+json" class="yoast-schema-graph">{"@context":"https:\/\/schema.org","@graph":[{"@type":"WebPage","@id":"https:\/\/proyector.info\/en\/work\/asaltos\/","url":"https:\/\/proyector.info\/en\/work\/asaltos\/","name":"Asaltos - PROYECTOR","isPartOf":{"@id":"https:\/\/proyector.info\/en\/#website"},"primaryImageOfPage":{"@id":"https:\/\/proyector.info\/en\/work\/asaltos\/#primaryimage"},"image":{"@id":"https:\/\/proyector.info\/en\/work\/asaltos\/#primaryimage"},"thumbnailUrl":"https:\/\/proyector.info\/wp-content\/uploads\/2025\/12\/plataforma-de-videoarte2012-asaltos-majo-g-polanco.png","datePublished":"2025-12-08T11:58:05+00:00","dateModified":"2025-12-08T11:59:02+00:00","breadcrumb":{"@id":"https:\/\/proyector.info\/en\/work\/asaltos\/#breadcrumb"},"inLanguage":"en-US","potentialAction":[{"@type":"ReadAction","target":["https:\/\/proyector.info\/en\/work\/asaltos\/"]}]},{"@type":"ImageObject","inLanguage":"en-US","@id":"https:\/\/proyector.info\/en\/work\/asaltos\/#primaryimage","url":"https:\/\/proyector.info\/wp-content\/uploads\/2025\/12\/plataforma-de-videoarte2012-asaltos-majo-g-polanco.png","contentUrl":"https:\/\/proyector.info\/wp-content\/uploads\/2025\/12\/plataforma-de-videoarte2012-asaltos-majo-g-polanco.png","width":500,"height":313},{"@type":"BreadcrumbList","@id":"https:\/\/proyector.info\/en\/work\/asaltos\/#breadcrumb","itemListElement":[{"@type":"ListItem","position":1,"name":"Portada","item":"https:\/\/proyector.info\/en\/"},{"@type":"ListItem","position":2,"name":"Obras","item":"https:\/\/proyector.info\/works\/"},{"@type":"ListItem","position":3,"name":"Asaltos"}]},{"@type":"WebSite","@id":"https:\/\/proyector.info\/en\/#website","url":"https:\/\/proyector.info\/en\/","name":"PROYECTOR","description":"Plataforma de Imagen en Movimiento","publisher":{"@id":"https:\/\/proyector.info\/en\/#organization"},"potentialAction":[{"@type":"SearchAction","target":{"@type":"EntryPoint","urlTemplate":"https:\/\/proyector.info\/en\/?s={search_term_string}"},"query-input":{"@type":"PropertyValueSpecification","valueRequired":true,"valueName":"search_term_string"}}],"inLanguage":"en-US"},{"@type":"Organization","@id":"https:\/\/proyector.info\/en\/#organization","name":"PROYECTOR","url":"https:\/\/proyector.info\/en\/","logo":{"@type":"ImageObject","inLanguage":"en-US","@id":"https:\/\/proyector.info\/en\/#\/schema\/logo\/image\/","url":"https:\/\/proyector.info\/wp-content\/uploads\/2025\/07\/cropped-proyector_icono.png","contentUrl":"https:\/\/proyector.info\/wp-content\/uploads\/2025\/07\/cropped-proyector_icono.png","width":512,"height":512,"caption":"PROYECTOR"},"image":{"@id":"https:\/\/proyector.info\/en\/#\/schema\/logo\/image\/"},"sameAs":["https:\/\/www.facebook.com\/proyectorvideoartfestival\/","https:\/\/x.com\/PROYECTOR_fest","https:\/\/www.instagram.com\/proyector_videoartplatform\/","https:\/\/www.tiktok.com\/@proyector_fest","https:\/\/www.youtube.com\/user\/proyectorvideoart","https:\/\/vimeo.com\/proyectorvideoart","https:\/\/www.linkedin.com\/company\/proyector\/"]}]}</script>
<!-- / Yoast SEO plugin. -->

Su trayectoria expositiva, iniciada en 2001, se ha desarrollado en espacios como el Centro Internacional de Arte Contemporáneo Espacio C
