{"id":16345,"date":"2025-11-24T19:12:31","date_gmt":"2025-11-24T18:12:31","guid":{"rendered":"https:\/\/proyector.info\/work\/compartir-pantalla\/"},"modified":"2025-11-27T23:23:08","modified_gmt":"2025-11-27T22:23:08","slug":"compartir-pantalla","status":"publish","type":"movie","link":"https:\/\/proyector.info\/en\/work\/compartir-pantalla\/","title":{"rendered":"Compartir pantalla"},"content":{"rendered":"\n<p class=\"wp-block-paragraph\">V\u00eddeoperformance para m\u00e1s de 6 ordenadores, conectados a trav\u00e9s de ZOOM. V\u00eddeo compartido y audio propios.<\/p>\n\n\n\n<p class=\"wp-block-paragraph\">Proyecto desarrollado dentro de LAV, 2021.<\/p>\n\n\n\n<p class=\"wp-block-paragraph\">Descripci\u00f3n de la obra:<br>XLII<br>El Tao engendra el Uno,<br>el Uno engendra el dos,<br>el dos engendra el tres.<br>El tres engendra todos los seres.<br>Todos los seres llevan la sombra a sus espaldas<br>y la luz en los brazos.<br>Y el aliento de la nada resuelve la armon\u00eda.<br>Aquello que el hombre aborrece,<br>la soledad, la pobreza, la indignidad,<br>es el t\u00edtulo requerido por los soberanos.<br>Porque lo que se disminuye crece<br>y lo que se engrandece es disminuido.<br>Yo ense\u00f1o lo que otros han ense\u00f1ado:<br>\u201cel hombre violento no tendr\u00e1 una muerte natural\u201d.<br>Esta es la gu\u00eda de mi ense\u00f1anza<br>Tao Te King<br>Lao Tse<br>(571-531 a. C.)<\/p>\n\n\n\n<p class=\"wp-block-paragraph\">COMPARTIR PANTALLA es una performance participativa a trav\u00e9s de la plataforma ZOOM.<\/p>\n\n\n\n<p class=\"wp-block-paragraph\">El ordenador del artista emite una pieza audiovisual hacia el resto de port\u00e1tiles participantes. La luz de las pantallas ilumina el cubo blanco de la galer\u00eda, que se ha llenado de oscuridad. El sonido se propaga desde cada ordenador, y cada ordenador recibe el sonido de otros cercanos y lo vuelve a emitir.<\/p>\n\n\n\n<p class=\"wp-block-paragraph\">Esta performance pretende explorar los l\u00edmites de la escucha y de la visi\u00f3n a trav\u00e9s de sus opuestos.<\/p>\n\n\n\n<p class=\"wp-block-paragraph\">Una experiencia individual que deviene colectiva a trav\u00e9s del espacio. La luz de la oscuridad; el sonido del silencio.<\/p>\n","protected":false},"excerpt":{"rendered":"<p>V\u00eddeoperformance para m\u00e1s de 6 ordenadores, conectados a trav\u00e9s de ZOOM. V\u00eddeo compartido y audio propios. Proyecto desarrollado dentro de<\/p>\n","protected":false},"author":1,"featured_media":14980,"template":"","meta":[],"movie_genre":[814],"movie_tag":[339,757,1087],"class_list":["post-16345","movie","type-movie","status-publish","has-post-thumbnail","hentry","movie_genre-videoperformance-en","movie_tag-339","movie_tag-festival-2022-en","movie_tag-festival-2027-en"],"yoast_head":"<!-- This site is optimized with the Yoast SEO plugin v27.4 - https:\/\/yoast.com\/product\/yoast-seo-wordpress\/ -->\n<title>Compartir pantalla - PROYECTOR<\/title>\n<meta name=\"robots\" content=\"index, follow, max-snippet:-1, max-image-preview:large, max-video-preview:-1\" \/>\n<link rel=\"canonical\" href=\"https:\/\/proyector.info\/en\/work\/compartir-pantalla\/\" \/>\n<meta property=\"og:locale\" content=\"en_US\" \/>\n<meta property=\"og:type\" content=\"article\" \/>\n<meta property=\"og:title\" content=\"Compartir pantalla - PROYECTOR\" \/>\n<meta property=\"og:description\" content=\"V\u00eddeoperformance para m\u00e1s de 6 ordenadores, conectados a trav\u00e9s de ZOOM. V\u00eddeo compartido y audio propios. Proyecto desarrollado dentro de\" \/>\n<meta property=\"og:url\" content=\"https:\/\/proyector.info\/en\/work\/compartir-pantalla\/\" \/>\n<meta property=\"og:site_name\" content=\"PROYECTOR\" \/>\n<meta property=\"article:publisher\" content=\"https:\/\/www.facebook.com\/proyectorvideoartfestival\/\" \/>\n<meta property=\"article:modified_time\" content=\"2025-11-27T22:23:08+00:00\" \/>\n<meta property=\"og:image\" content=\"https:\/\/proyector.info\/wp-content\/uploads\/2025\/11\/AdrianMAbellan.jpg\" \/>\n\t<meta property=\"og:image:width\" content=\"2000\" \/>\n\t<meta property=\"og:image:height\" content=\"1186\" \/>\n\t<meta property=\"og:image:type\" content=\"image\/jpeg\" \/>\n<meta name=\"twitter:card\" content=\"summary_large_image\" \/>\n<meta name=\"twitter:site\" content=\"@PROYECTOR_fest\" \/>\n<meta name=\"twitter:label1\" content=\"Est. reading time\" \/>\n\t<meta name=\"twitter:data1\" content=\"2 minutes\" \/>\n<script type=\"application\/ld+json\" class=\"yoast-schema-graph\">{\"@context\":\"https:\\\/\\\/schema.org\",\"@graph\":[{\"@type\":\"WebPage\",\"@id\":\"https:\\\/\\\/proyector.info\\\/en\\\/work\\\/compartir-pantalla\\\/\",\"url\":\"https:\\\/\\\/proyector.info\\\/en\\\/work\\\/compartir-pantalla\\\/\",\"name\":\"Compartir pantalla - PROYECTOR\",\"isPartOf\":{\"@id\":\"https:\\\/\\\/proyector.info\\\/en\\\/#website\"},\"primaryImageOfPage\":{\"@id\":\"https:\\\/\\\/proyector.info\\\/en\\\/work\\\/compartir-pantalla\\\/#primaryimage\"},\"image\":{\"@id\":\"https:\\\/\\\/proyector.info\\\/en\\\/work\\\/compartir-pantalla\\\/#primaryimage\"},\"thumbnailUrl\":\"https:\\\/\\\/proyector.info\\\/wp-content\\\/uploads\\\/2025\\\/11\\\/AdrianMAbellan.jpg\",\"datePublished\":\"2025-11-24T18:12:31+00:00\",\"dateModified\":\"2025-11-27T22:23:08+00:00\",\"breadcrumb\":{\"@id\":\"https:\\\/\\\/proyector.info\\\/en\\\/work\\\/compartir-pantalla\\\/#breadcrumb\"},\"inLanguage\":\"en-US\",\"potentialAction\":[{\"@type\":\"ReadAction\",\"target\":[\"https:\\\/\\\/proyector.info\\\/en\\\/work\\\/compartir-pantalla\\\/\"]}]},{\"@type\":\"ImageObject\",\"inLanguage\":\"en-US\",\"@id\":\"https:\\\/\\\/proyector.info\\\/en\\\/work\\\/compartir-pantalla\\\/#primaryimage\",\"url\":\"https:\\\/\\\/proyector.info\\\/wp-content\\\/uploads\\\/2025\\\/11\\\/AdrianMAbellan.jpg\",\"contentUrl\":\"https:\\\/\\\/proyector.info\\\/wp-content\\\/uploads\\\/2025\\\/11\\\/AdrianMAbellan.jpg\",\"width\":2000,\"height\":1186},{\"@type\":\"BreadcrumbList\",\"@id\":\"https:\\\/\\\/proyector.info\\\/en\\\/work\\\/compartir-pantalla\\\/#breadcrumb\",\"itemListElement\":[{\"@type\":\"ListItem\",\"position\":1,\"name\":\"Portada\",\"item\":\"https:\\\/\\\/proyector.info\\\/en\\\/\"},{\"@type\":\"ListItem\",\"position\":2,\"name\":\"Obras\",\"item\":\"https:\\\/\\\/proyector.info\\\/works\\\/\"},{\"@type\":\"ListItem\",\"position\":3,\"name\":\"Compartir pantalla\"}]},{\"@type\":\"WebSite\",\"@id\":\"https:\\\/\\\/proyector.info\\\/en\\\/#website\",\"url\":\"https:\\\/\\\/proyector.info\\\/en\\\/\",\"name\":\"PROYECTOR\",\"description\":\"Plataforma de Imagen en Movimiento\",\"publisher\":{\"@id\":\"https:\\\/\\\/proyector.info\\\/en\\\/#organization\"},\"potentialAction\":[{\"@type\":\"SearchAction\",\"target\":{\"@type\":\"EntryPoint\",\"urlTemplate\":\"https:\\\/\\\/proyector.info\\\/en\\\/?s={search_term_string}\"},\"query-input\":{\"@type\":\"PropertyValueSpecification\",\"valueRequired\":true,\"valueName\":\"search_term_string\"}}],\"inLanguage\":\"en-US\"},{\"@type\":\"Organization\",\"@id\":\"https:\\\/\\\/proyector.info\\\/en\\\/#organization\",\"name\":\"PROYECTOR\",\"url\":\"https:\\\/\\\/proyector.info\\\/en\\\/\",\"logo\":{\"@type\":\"ImageObject\",\"inLanguage\":\"en-US\",\"@id\":\"https:\\\/\\\/proyector.info\\\/en\\\/#\\\/schema\\\/logo\\\/image\\\/\",\"url\":\"https:\\\/\\\/proyector.info\\\/wp-content\\\/uploads\\\/2025\\\/07\\\/cropped-proyector_icono.png\",\"contentUrl\":\"https:\\\/\\\/proyector.info\\\/wp-content\\\/uploads\\\/2025\\\/07\\\/cropped-proyector_icono.png\",\"width\":512,\"height\":512,\"caption\":\"PROYECTOR\"},\"image\":{\"@id\":\"https:\\\/\\\/proyector.info\\\/en\\\/#\\\/schema\\\/logo\\\/image\\\/\"},\"sameAs\":[\"https:\\\/\\\/www.facebook.com\\\/proyectorvideoartfestival\\\/\",\"https:\\\/\\\/x.com\\\/PROYECTOR_fest\",\"https:\\\/\\\/www.instagram.com\\\/proyector_videoartplatform\\\/\",\"https:\\\/\\\/www.tiktok.com\\\/@proyector_fest\",\"https:\\\/\\\/www.youtube.com\\\/user\\\/proyectorvideoart\",\"https:\\\/\\\/vimeo.com\\\/proyectorvideoart\",\"https:\\\/\\\/www.linkedin.com\\\/company\\\/proyector\\\/\"]}]}<\/script>\n<!-- \/ Yoast SEO plugin. -->","yoast_head_json":{"title":"Compartir pantalla - PROYECTOR","robots":{"index":"index","follow":"follow","max-snippet":"max-snippet:-1","max-image-preview":"max-image-preview:large","max-video-preview":"max-video-preview:-1"},"canonical":"https:\/\/proyector.info\/en\/work\/compartir-pantalla\/","og_locale":"en_US","og_type":"article","og_title":"Compartir pantalla - PROYECTOR","og_description":"V\u00eddeoperformance para m\u00e1s de 6 ordenadores, conectados a trav\u00e9s de ZOOM. V\u00eddeo compartido y audio propios. Proyecto desarrollado dentro de","og_url":"https:\/\/proyector.info\/en\/work\/compartir-pantalla\/","og_site_name":"PROYECTOR","article_publisher":"https:\/\/www.facebook.com\/proyectorvideoartfestival\/","article_modified_time":"2025-11-27T22:23:08+00:00","og_image":[{"width":2000,"height":1186,"url":"https:\/\/proyector.info\/wp-content\/uploads\/2025\/11\/AdrianMAbellan.jpg","type":"image\/jpeg"}],"twitter_card":"summary_large_image","twitter_site":"@PROYECTOR_fest","twitter_misc":{"Est. reading time":"2 minutes"},"schema":{"@context":"https:\/\/schema.org","@graph":[{"@type":"WebPage","@id":"https:\/\/proyector.info\/en\/work\/compartir-pantalla\/","url":"https:\/\/proyector.info\/en\/work\/compartir-pantalla\/","name":"Compartir pantalla - PROYECTOR","isPartOf":{"@id":"https:\/\/proyector.info\/en\/#website"},"primaryImageOfPage":{"@id":"https:\/\/proyector.info\/en\/work\/compartir-pantalla\/#primaryimage"},"image":{"@id":"https:\/\/proyector.info\/en\/work\/compartir-pantalla\/#primaryimage"},"thumbnailUrl":"https:\/\/proyector.info\/wp-content\/uploads\/2025\/11\/AdrianMAbellan.jpg","datePublished":"2025-11-24T18:12:31+00:00","dateModified":"2025-11-27T22:23:08+00:00","breadcrumb":{"@id":"https:\/\/proyector.info\/en\/work\/compartir-pantalla\/#breadcrumb"},"inLanguage":"en-US","potentialAction":[{"@type":"ReadAction","target":["https:\/\/proyector.info\/en\/work\/compartir-pantalla\/"]}]},{"@type":"ImageObject","inLanguage":"en-US","@id":"https:\/\/proyector.info\/en\/work\/compartir-pantalla\/#primaryimage","url":"https:\/\/proyector.info\/wp-content\/uploads\/2025\/11\/AdrianMAbellan.jpg","contentUrl":"https:\/\/proyector.info\/wp-content\/uploads\/2025\/11\/AdrianMAbellan.jpg","width":2000,"height":1186},{"@type":"BreadcrumbList","@id":"https:\/\/proyector.info\/en\/work\/compartir-pantalla\/#breadcrumb","itemListElement":[{"@type":"ListItem","position":1,"name":"Portada","item":"https:\/\/proyector.info\/en\/"},{"@type":"ListItem","position":2,"name":"Obras","item":"https:\/\/proyector.info\/works\/"},{"@type":"ListItem","position":3,"name":"Compartir pantalla"}]},{"@type":"WebSite","@id":"https:\/\/proyector.info\/en\/#website","url":"https:\/\/proyector.info\/en\/","name":"PROYECTOR","description":"Plataforma de Imagen en Movimiento","publisher":{"@id":"https:\/\/proyector.info\/en\/#organization"},"potentialAction":[{"@type":"SearchAction","target":{"@type":"EntryPoint","urlTemplate":"https:\/\/proyector.info\/en\/?s={search_term_string}"},"query-input":{"@type":"PropertyValueSpecification","valueRequired":true,"valueName":"search_term_string"}}],"inLanguage":"en-US"},{"@type":"Organization","@id":"https:\/\/proyector.info\/en\/#organization","name":"PROYECTOR","url":"https:\/\/proyector.info\/en\/","logo":{"@type":"ImageObject","inLanguage":"en-US","@id":"https:\/\/proyector.info\/en\/#\/schema\/logo\/image\/","url":"https:\/\/proyector.info\/wp-content\/uploads\/2025\/07\/cropped-proyector_icono.png","contentUrl":"https:\/\/proyector.info\/wp-content\/uploads\/2025\/07\/cropped-proyector_icono.png","width":512,"height":512,"caption":"PROYECTOR"},"image":{"@id":"https:\/\/proyector.info\/en\/#\/schema\/logo\/image\/"},"sameAs":["https:\/\/www.facebook.com\/proyectorvideoartfestival\/","https:\/\/x.com\/PROYECTOR_fest","https:\/\/www.instagram.com\/proyector_videoartplatform\/","https:\/\/www.tiktok.com\/@proyector_fest","https:\/\/www.youtube.com\/user\/proyectorvideoart","https:\/\/vimeo.com\/proyectorvideoart","https:\/\/www.linkedin.com\/company\/proyector\/"]}]}},"_links":{"self":[{"href":"https:\/\/proyector.info\/en\/wp-json\/wp\/v2\/movie\/16345","targetHints":{"allow":["GET"]}}],"collection":[{"href":"https:\/\/proyector.info\/en\/wp-json\/wp\/v2\/movie"}],"about":[{"href":"https:\/\/proyector.info\/en\/wp-json\/wp\/v2\/types\/movie"}],"author":[{"embeddable":true,"href":"https:\/\/proyector.info\/en\/wp-json\/wp\/v2\/users\/1"}],"wp:featuredmedia":[{"embeddable":true,"href":"https:\/\/proyector.info\/en\/wp-json\/wp\/v2\/media\/14980"}],"wp:attachment":[{"href":"https:\/\/proyector.info\/en\/wp-json\/wp\/v2\/media?parent=16345"}],"wp:term":[{"taxonomy":"movie_genre","embeddable":true,"href":"https:\/\/proyector.info\/en\/wp-json\/wp\/v2\/movie_genre?post=16345"},{"taxonomy":"movie_tag","embeddable":true,"href":"https:\/\/proyector.info\/en\/wp-json\/wp\/v2\/movie_tag?post=16345"}],"curies":[{"name":"wp","href":"https:\/\/api.w.org\/{rel}","templated":true}]}}

<p class="wp-block-paragraph">Vídeoperformance para más de 6 ordenadores, conectados a través de ZOOM. Vídeo compartido y audio propios.</p>



<p class="wp-block-paragraph">Proyecto desarrollado dentro de LAV, 2021.</p>



<p class="wp-block-paragraph">Descripción de la obra:<br>XLII<br>El Tao engendra el Uno,<br>el Uno engendra el dos,<br>el dos engendra el tres.<br>El tres engendra todos los seres.<br>Todos los seres llevan la sombra a sus espaldas<br>y la luz en los brazos.<br>Y el aliento de la nada resuelve la armonía.<br>Aquello que el hombre aborrece,<br>la soledad, la pobreza, la indignidad,<br>es el título requerido por los soberanos.<br>Porque lo que se disminuye crece<br>y lo que se engrandece es disminuido.<br>Yo enseño lo que otros han enseñado:<br>“el hombre violento no tendrá una muerte natural”.<br>Esta es la guía de mi enseñanza<br>Tao Te King<br>Lao Tse<br>(571-531 a. C.)</p>



<p class="wp-block-paragraph">COMPARTIR PANTALLA es una performance participativa a través de la plataforma ZOOM.</p>



<p class="wp-block-paragraph">El ordenador del artista emite una pieza audiovisual hacia el resto de portátiles participantes. La luz de las pantallas ilumina el cubo blanco de la galería, que se ha llenado de oscuridad. El sonido se propaga desde cada ordenador, y cada ordenador recibe el sonido de otros cercanos y lo vuelve a emitir.</p>



<p class="wp-block-paragraph">Esta performance pretende explorar los límites de la escucha y de la visión a través de sus opuestos.</p>



<p class="wp-block-paragraph">Una experiencia individual que deviene colectiva a través del espacio. La luz de la oscuridad; el sonido del silencio.</p>

<p>Vídeoperformance para más de 6 ordenadores, conectados a través de ZOOM. Vídeo compartido y audio propios. Proyecto desarrollado dentro de</p>

<!-- This site is optimized with the Yoast SEO plugin v27.4 - https://yoast.com/product/yoast-seo-wordpress/ -->
<title>Compartir pantalla - PROYECTOR</title>
<meta name="robots" content="index, follow, max-snippet:-1, max-image-preview:large, max-video-preview:-1" />
<link rel="canonical" href="https://proyector.info/en/work/compartir-pantalla/" />
<meta property="og:locale" content="en_US" />
<meta property="og:type" content="article" />
<meta property="og:title" content="Compartir pantalla - PROYECTOR" />
<meta property="og:description" content="Vídeoperformance para más de 6 ordenadores, conectados a través de ZOOM. Vídeo compartido y audio propios. Proyecto desarrollado dentro de" />
<meta property="og:url" content="https://proyector.info/en/work/compartir-pantalla/" />
<meta property="og:site_name" content="PROYECTOR" />
<meta property="article:publisher" content="https://www.facebook.com/proyectorvideoartfestival/" />
<meta property="article:modified_time" content="2025-11-27T22:23:08+00:00" />
<meta property="og:image" content="https://proyector.info/wp-content/uploads/2025/11/AdrianMAbellan.jpg" />
	<meta property="og:image:width" content="2000" />
	<meta property="og:image:height" content="1186" />
	<meta property="og:image:type" content="image/jpeg" />
<meta name="twitter:card" content="summary_large_image" />
<meta name="twitter:site" content="@PROYECTOR_fest" />
<meta name="twitter:label1" content="Est. reading time" />
	<meta name="twitter:data1" content="2 minutes" />
<script type="application/ld+json" class="yoast-schema-graph">{"@context":"https:\/\/schema.org","@graph":[{"@type":"WebPage","@id":"https:\/\/proyector.info\/en\/work\/compartir-pantalla\/","url":"https:\/\/proyector.info\/en\/work\/compartir-pantalla\/","name":"Compartir pantalla - PROYECTOR","isPartOf":{"@id":"https:\/\/proyector.info\/en\/#website"},"primaryImageOfPage":{"@id":"https:\/\/proyector.info\/en\/work\/compartir-pantalla\/#primaryimage"},"image":{"@id":"https:\/\/proyector.info\/en\/work\/compartir-pantalla\/#primaryimage"},"thumbnailUrl":"https:\/\/proyector.info\/wp-content\/uploads\/2025\/11\/AdrianMAbellan.jpg","datePublished":"2025-11-24T18:12:31+00:00","dateModified":"2025-11-27T22:23:08+00:00","breadcrumb":{"@id":"https:\/\/proyector.info\/en\/work\/compartir-pantalla\/#breadcrumb"},"inLanguage":"en-US","potentialAction":[{"@type":"ReadAction","target":["https:\/\/proyector.info\/en\/work\/compartir-pantalla\/"]}]},{"@type":"ImageObject","inLanguage":"en-US","@id":"https:\/\/proyector.info\/en\/work\/compartir-pantalla\/#primaryimage","url":"https:\/\/proyector.info\/wp-content\/uploads\/2025\/11\/AdrianMAbellan.jpg","contentUrl":"https:\/\/proyector.info\/wp-content\/uploads\/2025\/11\/AdrianMAbellan.jpg","width":2000,"height":1186},{"@type":"BreadcrumbList","@id":"https:\/\/proyector.info\/en\/work\/compartir-pantalla\/#breadcrumb","itemListElement":[{"@type":"ListItem","position":1,"name":"Portada","item":"https:\/\/proyector.info\/en\/"},{"@type":"ListItem","position":2,"name":"Obras","item":"https:\/\/proyector.info\/works\/"},{"@type":"ListItem","position":3,"name":"Compartir pantalla"}]},{"@type":"WebSite","@id":"https:\/\/proyector.info\/en\/#website","url":"https:\/\/proyector.info\/en\/","name":"PROYECTOR","description":"Plataforma de Imagen en Movimiento","publisher":{"@id":"https:\/\/proyector.info\/en\/#organization"},"potentialAction":[{"@type":"SearchAction","target":{"@type":"EntryPoint","urlTemplate":"https:\/\/proyector.info\/en\/?s={search_term_string}"},"query-input":{"@type":"PropertyValueSpecification","valueRequired":true,"valueName":"search_term_string"}}],"inLanguage":"en-US"},{"@type":"Organization","@id":"https:\/\/proyector.info\/en\/#organization","name":"PROYECTOR","url":"https:\/\/proyector.info\/en\/","logo":{"@type":"ImageObject","inLanguage":"en-US","@id":"https:\/\/proyector.info\/en\/#\/schema\/logo\/image\/","url":"https:\/\/proyector.info\/wp-content\/uploads\/2025\/07\/cropped-proyector_icono.png","contentUrl":"https:\/\/proyector.info\/wp-content\/uploads\/2025\/07\/cropped-proyector_icono.png","width":512,"height":512,"caption":"PROYECTOR"},"image":{"@id":"https:\/\/proyector.info\/en\/#\/schema\/logo\/image\/"},"sameAs":["https:\/\/www.facebook.com\/proyectorvideoartfestival\/","https:\/\/x.com\/PROYECTOR_fest","https:\/\/www.instagram.com\/proyector_videoartplatform\/","https:\/\/www.tiktok.com\/@proyector_fest","https:\/\/www.youtube.com\/user\/proyectorvideoart","https:\/\/vimeo.com\/proyectorvideoart","https:\/\/www.linkedin.com\/company\/proyector\/"]}]}</script>
<!-- / Yoast SEO plugin. -->

Vídeoperformance para más de 6 ordenadores, conectados a través de ZOOM. Vídeo compartido y audio propios. Proyecto desarrollado dentro de
